This is the mail archive of the gcc-testresults@gcc.gnu.org mailing list for the GCC project.


Index Nav: [Date Index] [Subject Index] [Author Index] [Thread Index]
Message Nav: [Date Prev] [Date Next] [Thread Prev] [Thread Next]
Other format: [Raw text]

Results for 3.4 20030519 (experimental) testsuite on hppa1.1-hp-hpux10.20


LAST_UPDATED: Mon May 19 17:59:25 UTC 2003

Native configuration is hppa1.1-hp-hpux10.20

		=== g++ tests ===


Running target unix
FAIL: g++.dg/compat/break/bitfield7 cp_compat_x_tst.o compile
UNRESOLVED: g++.dg/compat/break/bitfield7 cp_compat_x_tst.o-cp_compat_y_tst.o link 
UNRESOLVED: g++.dg/compat/break/bitfield7 cp_compat_x_tst.o-cp_compat_y_tst.o execute 
WARNING: program timed out.
FAIL: g++.dg/eh/cleanup1.C (test for excess errors)
FAIL: g++.dg/ext/pretty1.C scan-assembler top level
FAIL: g++.dg/ext/pretty2.C (test for excess errors)
WARNING: g++.dg/ext/pretty2.C compilation failed to produce executable
FAIL: g++.dg/parse/attr-ctor1.C (test for excess errors)
FAIL: g++.dg/warn/weak1.C (test for excess errors)
FAIL: g++.old-deja/g++.ext/attrib5.C (test for excess errors)
WARNING: g++.old-deja/g++.ext/attrib5.C compilation failed to produce executable
WARNING: g++.old-deja/g++.mike/p10769a.C compilation failed to produce executable
FAIL: g++.old-deja/g++.oliva/template1.C (test for excess errors)
FAIL: g++.old-deja/g++.other/comdat3.C (test for excess errors)
WARNING: g++.old-deja/g++.other/comdat3.C compilation failed to produce executable
WARNING: g++.old-deja/g++.other/enum5.C compilation failed to produce executable
FAIL: g++.old-deja/g++.other/mangle3.C (test for excess errors)
WARNING: g++.old-deja/g++.pt/friend44.C compilation failed to produce executable
FAIL: g++.old-deja/g++.pt/static3.C (test for excess errors)
WARNING: g++.old-deja/g++.pt/static3.C compilation failed to produce executable
FAIL: g++.old-deja/g++.pt/static6.C (test for excess errors)

		=== g++ Summary ===

# of expected passes		8366
# of unexpected failures	12
# of expected failures		70
# of unresolved testcases	2
# of unsupported tests		44
/xxx/gnu/gcc-3.3/objdir/gcc/testsuite/../g++ version 3.4 20030519 (experimental)

		=== g77 tests ===


Running target unix
FAIL: g77.f-torture/execute/980520-1.f compilation,  -O0 

		=== g77 Summary ===

# of expected passes		1722
# of unexpected failures	1
# of untested testcases		1
# of unsupported tests		6
/xxx/gnu/gcc-3.3/objdir/gcc/testsuite/../g77 version 3.4 20030519 (experimental)

		=== gcc tests ===


Running target unix
WARNING: program timed out.
FAIL: gcc.c-torture/compile/20001226-1.c,  -O2  
WARNING: program timed out.
FAIL: gcc.c-torture/compile/20001226-1.c,  -O3 -fomit-frame-pointer  
WARNING: program timed out.
FAIL: gcc.c-torture/compile/20001226-1.c,  -O3 -g  
WARNING: program timed out.
FAIL: gcc.c-torture/compile/20001226-1.c,  -Os  
FAIL: gcc.c-torture/execute/builtins/string-4.c compilation,  -O1 
UNRESOLVED: gcc.c-torture/execute/builtins/string-4.c execution,  -O1 
FAIL: gcc.c-torture/execute/builtins/string-4.c compilation,  -O2 
UNRESOLVED: gcc.c-torture/execute/builtins/string-4.c execution,  -O2 
FAIL: gcc.c-torture/execute/builtins/string-4.c compilation,  -O3 -fomit-frame-pointer 
UNRESOLVED: gcc.c-torture/execute/builtins/string-4.c execution,  -O3 -fomit-frame-pointer 
FAIL: gcc.c-torture/execute/builtins/string-4.c compilation,  -O3 -g 
UNRESOLVED: gcc.c-torture/execute/builtins/string-4.c execution,  -O3 -g 
FAIL: gcc.c-torture/execute/builtins/string-4.c compilation,  -Os 
UNRESOLVED: gcc.c-torture/execute/builtins/string-4.c execution,  -Os 
FAIL: gcc.c-torture/execute/builtins/string-4.c compilation,  -O1 
UNRESOLVED: gcc.c-torture/execute/builtins/string-4.c execution,  -O1 
FAIL: gcc.c-torture/execute/builtins/string-4.c compilation,  -O2 
UNRESOLVED: gcc.c-torture/execute/builtins/string-4.c execution,  -O2 
FAIL: gcc.c-torture/execute/builtins/string-4.c compilation,  -O3 -fomit-frame-pointer 
UNRESOLVED: gcc.c-torture/execute/builtins/string-4.c execution,  -O3 -fomit-frame-pointer 
FAIL: gcc.c-torture/execute/builtins/string-4.c compilation,  -O3 -g 
UNRESOLVED: gcc.c-torture/execute/builtins/string-4.c execution,  -O3 -g 
FAIL: gcc.c-torture/execute/builtins/string-4.c compilation,  -Os 
UNRESOLVED: gcc.c-torture/execute/builtins/string-4.c execution,  -Os 
FAIL: gcc.c-torture/execute/20010119-1.c compilation,  -O2 
UNRESOLVED: gcc.c-torture/execute/20010119-1.c execution,  -O2 
FAIL: gcc.c-torture/execute/20010119-1.c compilation,  -O3 -fomit-frame-pointer 
UNRESOLVED: gcc.c-torture/execute/20010119-1.c execution,  -O3 -fomit-frame-pointer 
FAIL: gcc.c-torture/execute/20010119-1.c compilation,  -O3 -fomit-frame-pointer -funroll-loops 
UNRESOLVED: gcc.c-torture/execute/20010119-1.c execution,  -O3 -fomit-frame-pointer -funroll-loops 
FAIL: gcc.c-torture/execute/20010119-1.c compilation,  -O3 -fomit-frame-pointer -funroll-all-loops -finline-functions 
UNRESOLVED: gcc.c-torture/execute/20010119-1.c execution,  -O3 -fomit-frame-pointer -funroll-all-loops -finline-functions 
FAIL: gcc.c-torture/execute/20010119-1.c compilation,  -O3 -g 
UNRESOLVED: gcc.c-torture/execute/20010119-1.c execution,  -O3 -g 
FAIL: gcc.c-torture/execute/20010119-1.c compilation,  -Os 
UNRESOLVED: gcc.c-torture/execute/20010119-1.c execution,  -Os 
FAIL: gcc.dg/debug/debug-1.c scan-assembler xyzzy
FAIL: gcc.dg/debug/debug-1.c scan-assembler xyzzy
FAIL: gcc.dg/debug/debug-1.c scan-assembler xyzzy
FAIL: gcc.dg/debug/debug-1.c scan-assembler xyzzy
FAIL: gcc.dg/debug/debug-2.c scan-assembler xyzzy
FAIL: gcc.dg/debug/debug-2.c scan-assembler xyzzy
FAIL: gcc.dg/debug/debug-2.c scan-assembler xyzzy
FAIL: gcc.dg/debug/debug-2.c scan-assembler xyzzy
FAIL: gcc.dg/builtins-10.c (test for excess errors)
FAIL: gcc.dg/duff-2.c (test for excess errors)
FAIL: gcc.dg/uninit-C.c (test for excess errors)
FAIL: gcc.dg/pch/static-1.c -O0 -g assembly comparison
FAIL: gcc.dg/pch/static-2.c -O0 -g assembly comparison
FAIL: gcc.dg/pch/static-3.c -O0 -g assembly comparison
UNRESOLVED: weak-1.c
UNRESOLVED: weak-2.c
UNRESOLVED: wkali-1.c
UNRESOLVED: wkali-2.c
UNRESOLVED: gcc.dg/weak

		=== gcc Summary ===

# of expected passes		22284
# of unexpected failures	34
# of expected failures		85
# of unresolved testcases	21
# of unsupported tests		219
/xxx/gnu/gcc-3.3/objdir/gcc/xgcc version 3.4 20030519 (experimental)

		=== objc tests ===


Running target unix

		=== objc Summary ===

# of expected passes		1156
/xxx/gnu/gcc-3.3/objdir/gcc/xgcc version 3.4 20030519 (experimental)

		=== libstdc++-v3 tests ===


Running target unix
FAIL: 27_io/basic_ostream/inserters_arithmetic/char/9555-oa.cc execution test

		=== libstdc++-v3 Summary ===

# of expected passes		1372
# of unexpected failures	1
# of unsupported tests		7

Compiler version: 3.4 20030519 (experimental) 
Platform: hppa1.1-hp-hpux10.20
configure flags: --with-gnu-as --with-as=/usr/local/bin/as --enable-shared --prefix=/usr/local --enable-debug=no


Index Nav: [Date Index] [Subject Index] [Author Index] [Thread Index]
Message Nav: [Date Prev] [Date Next] [Thread Prev] [Thread Next]