This is the mail archive of the gcc-testresults@gcc.gnu.org mailing list for the GCC project.


Index Nav: [Date Index] [Subject Index] [Author Index] [Thread Index]
Message Nav: [Date Prev] [Date Next] [Thread Prev] [Thread Next]
Other format: [Raw text]

Results for 3.3 (Debian) testsuite on m68k-unknown-linux-gnu


LAST_UPDATED: 
Native configuration is m68k-unknown-linux-gnu

		=== g++ tests ===


Running target unix
FAIL: g++.dg/abi/bitfield4.C execution test
FAIL: g++.dg/abi/empty6.C  (test for warnings, line 6)
FAIL: g++.eh/spec3.C  Execution test
FAIL: g++.eh/spec4.C  Execution test
XPASS: g++.other/init5.C  Execution test

		=== g++ Summary ===

# of expected passes		7920
# of unexpected failures	4
# of unexpected successes	1
# of expected failures		96
# of untested testcases		23
# of unsupported tests		18
/build/buildd/gcc-3.3-3.3ds9/build/gcc/testsuite/../g++ version 3.3 (Debian)

		=== g77 tests ===


Running target unix
FAIL: g77.f-torture/execute/20010430.f execution,  -O2 
FAIL: g77.f-torture/execute/20010430.f execution,  -O3 -fomit-frame-pointer 
FAIL: g77.f-torture/execute/20010430.f execution,  -O3 -fomit-frame-pointer -funroll-loops 
FAIL: g77.f-torture/execute/20010430.f execution,  -O3 -fomit-frame-pointer -funroll-all-loops -finline-functions 
FAIL: g77.f-torture/execute/20010430.f execution,  -O3 -g 

		=== g77 Summary ===

# of expected passes		1681
# of unexpected failures	5
# of unsupported tests		8
/build/buildd/gcc-3.3-3.3ds9/build/gcc/testsuite/../g77 version 3.3 (Debian)

		=== gcc tests ===


Running target unix
WARNING: program timed out.
FAIL: gcc.c-torture/compile/20001226-1.c,  -O1  
WARNING: program timed out.
FAIL: gcc.c-torture/compile/20001226-1.c,  -O2  
WARNING: program timed out.
FAIL: gcc.c-torture/compile/20001226-1.c,  -O3 -fomit-frame-pointer  
WARNING: program timed out.
FAIL: gcc.c-torture/compile/20001226-1.c,  -Os  
FAIL: gcc.c-torture/execute/20020418-1.c execution,  -O2 
FAIL: gcc.c-torture/execute/20020418-1.c execution,  -Os 
FAIL: gcc.c-torture/execute/loop-2f.c execution,  -O0 
FAIL: gcc.c-torture/execute/loop-2f.c execution,  -O1 
FAIL: gcc.c-torture/execute/loop-2f.c execution,  -O2 
FAIL: gcc.c-torture/execute/loop-2f.c execution,  -O3 -fomit-frame-pointer 
FAIL: gcc.c-torture/execute/loop-2f.c execution,  -O3 -fomit-frame-pointer -funroll-loops 
FAIL: gcc.c-torture/execute/loop-2f.c execution,  -O3 -fomit-frame-pointer -funroll-all-loops -finline-functions 
FAIL: gcc.c-torture/execute/loop-2f.c execution,  -O3 -g 
FAIL: gcc.c-torture/execute/loop-2f.c execution,  -Os 
FAIL: gcc.c-torture/execute/loop-2g.c execution,  -O0 
FAIL: gcc.c-torture/execute/loop-2g.c execution,  -O1 
FAIL: gcc.c-torture/execute/loop-2g.c execution,  -O2 
FAIL: gcc.c-torture/execute/loop-2g.c execution,  -O3 -fomit-frame-pointer 
FAIL: gcc.c-torture/execute/loop-2g.c execution,  -O3 -fomit-frame-pointer -funroll-loops 
FAIL: gcc.c-torture/execute/loop-2g.c execution,  -O3 -fomit-frame-pointer -funroll-all-loops -finline-functions 
FAIL: gcc.c-torture/execute/loop-2g.c execution,  -O3 -g 
FAIL: gcc.c-torture/execute/loop-2g.c execution,  -Os 
FAIL: gcc.c-torture/execute/string-opt-10.c execution,  -O0 
FAIL: gcc.c-torture/execute/string-opt-17.c execution,  -O1 
FAIL: gcc.c-torture/execute/string-opt-17.c execution,  -O2 
FAIL: gcc.c-torture/execute/string-opt-17.c execution,  -O3 -fomit-frame-pointer 
FAIL: gcc.c-torture/execute/string-opt-17.c execution,  -O3 -g 
FAIL: gcc.c-torture/execute/string-opt-17.c execution,  -Os 
FAIL: gcc.c-torture/execute/string-opt-9.c execution,  -O0 
FAIL: gcc.dg/20020312-2.c (test for excess errors)
WARNING: gcc.dg/20020312-2.c compilation failed to produce executable
FAIL: gcc.dg/bitfld-3.c execution test
FAIL: gcc.dg/bitfld-4.c execution test
XPASS: gcc.dg/c99-flex-array-4.c sizeof != offsetof (test for bogus messages, line 24)
FAIL: gcc.dg/duff-2.c (test for excess errors)
FAIL: gcc.dg/pack-test-1.c (test for excess errors)
FAIL: gcc.dg/uninit-A.c uninitialized variable warning (test for bogus messages, line 52)
FAIL: gcc.dg/uninit-A.c uninitialized variable warning (test for bogus messages, line 53)
FAIL: gcc.dg/uninit-C.c (test for excess errors)
FAIL: gcc.dg/special/gcsec-1.c (test for excess errors)
WARNING: gcc.dg/special/gcsec-1.c compilation failed to produce executable
FAIL: gcc.dg/weak/typeof-2.c scan-assembler baz3.*baz3.*baz3.*baz3.*baz3.*baz3

		=== gcc Summary ===

# of expected passes		21161
# of unexpected failures	39
# of unexpected successes	1
# of expected failures		68
# of unsupported tests		171
/build/buildd/gcc-3.3-3.3ds9/build/gcc/xgcc version 3.3 (Debian)

		=== objc tests ===


Running target unix

		=== objc Summary ===

# of expected passes		1153
/build/buildd/gcc-3.3-3.3ds9/build/gcc/xgcc version 3.3 (Debian)

		=== treelang tests ===


Running target unix

		=== treelang Summary ===

# of expected passes		1
		=== libjava tests ===


Running target unix
WARNING: program timed out.
FAIL: SyncTest execution - bytecode->native test
WARNING: program timed out.
FAIL: SyncTest -O execution - bytecode->native test
FAIL: TestProxy execution - source compiled test
FAIL: TestProxy execution - bytecode->native test
FAIL: TestProxy -O execution - source compiled test
FAIL: TestProxy -O execution - bytecode->native test
FAIL: initexc execution - source compiled test
FAIL: initexc execution - bytecode->native test
FAIL: initexc -O execution - source compiled test
FAIL: initexc -O execution - bytecode->native test
FAIL: invokethrow output - source compiled test
FAIL: invokethrow output - bytecode->native test
FAIL: invokethrow -O output - source compiled test
FAIL: invokethrow -O output - bytecode->native test
FAIL: /build/buildd/gcc-3.3-3.3ds9/build/m68k-linux/libjava/testsuite/TestEarlyGC.exe execution - /build/buildd/gcc-3.3-3.3ds9/build/m68k-linux/libjava/testsuite/TestEarlyGC.exe
FAIL: /build/buildd/gcc-3.3-3.3ds9/build/m68k-linux/libjava/testsuite/TestLeak.exe execution - /build/buildd/gcc-3.3-3.3ds9/build/m68k-linux/libjava/testsuite/TestLeak.exe
FAIL: /build/buildd/gcc-3.3-3.3ds9/build/m68k-linux/libjava/testsuite/TestMultiple.exe execution - /build/buildd/gcc-3.3-3.3ds9/build/m68k-linux/libjava/testsuite/TestMultiple.exe
FAIL: /build/buildd/gcc-3.3-3.3ds9/build/m68k-linux/libjava/testsuite/TestParent.exe execution - /build/buildd/gcc-3.3-3.3ds9/build/m68k-linux/libjava/testsuite/TestParent.exe

		=== libjava Summary ===

# of expected passes		2419
# of unexpected failures	18
# of expected failures		16
# of untested testcases		26
		=== libstdc++-v3 tests ===


Running target unix
XPASS: 22_locale/collate_byname.cc execution test
XPASS: 22_locale/collate_members_char.cc execution test
XPASS: 22_locale/collate_members_wchar_t.cc execution test
XPASS: 22_locale/ctype_is_char.cc execution test
XPASS: 22_locale/ctype_is_wchar_t.cc execution test
XPASS: 22_locale/members.cc execution test
XPASS: 22_locale/messages_byname.cc execution test
XPASS: 22_locale/messages_members_char.cc execution test
XPASS: 22_locale/moneypunct_byname.cc execution test
XPASS: 22_locale/moneypunct_members_char.cc execution test
XPASS: 22_locale/moneypunct_members_wchar_t.cc execution test
XPASS: 22_locale/numpunct_byname.cc execution test
XPASS: 22_locale/numpunct_members_char.cc execution test
XPASS: 22_locale/numpunct_members_wchar_t.cc execution test
FAIL: 27_io/ios_base_storage.cc execution test
WARNING: program timed out.
FAIL: thread/pthread2.cc execution test
WARNING: program timed out.
FAIL: thread/pthread4.cc execution test
WARNING: program timed out.
FAIL: thread/pthread5.cc execution test
WARNING: program timed out.
FAIL: thread/pthread6.cc execution test

		=== libstdc++-v3 Summary ===

# of expected passes		448
# of unexpected failures	5
# of unexpected successes	14
# of expected failures		14

Compiler version: 3.3 (Debian) 
Platform: m68k-unknown-linux-gnu
configure flags: --host=m68k-linux -v --enable-languages=c,c++,java,f77,objc,treelang --prefix=/usr --mandir=/usr/share/man --infodir=/usr/share/info --with-gxx-include-dir=/usr/include/c++/3.3 --enable-shared --with-system-zlib --enable-nls --without-included-gettext --enable-__cxa_atexit --enable-sjlj-exceptions --enable-clocale=gnu --enable-debug --enable-java-gc=boehm --enable-java-awt=xlib --enable-objc-gc
BOOT_CFLAGS=-g -O2 


Build Dependencies:
Desired=Unknown/Install/Remove/Purge/Hold
| Status=Not/Installed/Config-files/Unpacked/Failed-config/Half-installed
|/ Err?=(none)/Hold/Reinst-required/X=both-problems (Status,Err: uppercase=bad)
||/ Name           Version        Description
+++-==============-==============-============================================
ii  binutils       2.14.90.0.1-0. The GNU assembler, linker and binary utiliti
ii  libc6-dev      2.3.1-17       GNU C Library: Development Libraries and Hea


Patches that Debian applied in this version:

gcc-names:
  versioned gcc names

gcc-version:
  Add "(Debian)" to the gcc version string

libstdc++-pic:
  Build and install libstdc++_pic.a library.

libstdc++-doclink:
  link local libstdc++ documentation to local source-level documentation 

gccbug:
  Use sensible-editor instead of vi as fallback editor

gccbug-manpage:
  add gccbug(1) manpage

libtool-rpath:
  2003-03-10  Andreas Schwab  <schwab at suse dot de>
  With the introduction of multi-os-directory the libdir specification in
  *.la files have /. appended to \$(libdir).  This confuses libtool when it
  tries to find out whether to add -rpath, because it only matches literally
  against sys_lib_dlsearch_path members.  Tested on i386-linux.

new-bison-syntax:
  reflect change of bison-1.875 in error message in the testsuite

gcj-debian-policy:
  add /usr/share/java/repository to the classpath.

gcj-names:
  versioned gcj info names

gcj-without-rpath:
  don't define runtime link path for java binaries and libraries

libffi-install:
  Allows libffi to be installed

libffi-no-debug:
  Do not build libffi with debug information, although configuring
  with --enable-debug

deb-protoize:
  build protoize/unprotoize by default

libobjc:
  Find gc.h header in /usr/include/gc for --enable-objc-gc enabled builds.

g77-names:
  versioned g77 names

treelang-names:
  Install treelang info pages under versioned name

m68k-loop:
  Add workaround for wrong code generation on m68k (leading to
  miscompilation of bash and coreutils at -O1 or -O2).

m68k-subreg:
  2003-04-07  Roman Zippel  <zippel@linux-m68k.org>
  
  * gcc/final.c (alter_subreg): Adjust stack offset for a paradoxical
  	SUBREG, when it's pushed on the stack.

reporting:
  <compiler> --help gives hint to /usr/share/doc/debian/bug-reporting.txt

autoreconf:
  autoreconf several directories for proper mipsen libtool support

Counting all warnings,
there are 289 warnings in stage3 of this bootstrap.

Number of warnings per file:
    225	SYSCALLS.c
     11	gcc/treelang/lex.c
      6	gcc/config/m68k/m68k.md
      5	gcc/treelang/parse.c
      4	./intdoc.texi
      3	gcc/unwind-sjlj.c
      3	gcc/tlink.c
      3	gcc/reload1.c
      3	gcc/libgcc2.c
      3	gcc/config/m68k/m68k.c
      3	/usr/share/bison/bison.simple
      2	gcc/gcc.c
      2	gcc/f/sta.c
      1	gcc/unwind.inc
      1	gcc/unwind-pe.h
      1	gcc/reload.c
      1	gcc/regmove.c
      1	gcc/ra-rewrite.c
      1	gcc/ra-colorize.c
      1	gcc/objc/lang-specs.h
      1	gcc/loop.c
      1	gcc/java/jvspec.c
      1	gcc/function.c
      1	gcc/f/data.c
      1	gcc/expmed.c
      1	gcc/emit-rtl.c
      1	gcc/cp/typeck.c
      1	gcc/combine.c
      1	gcc/collect2.c

Number of warning types:
    224	function declaration isn't a prototype
     11	no previous prototype for `???'
      8	comparison between signed and unsigned
      7	`???' might be used uninitialized in this function
      4	string length `???' is greater than the length `???' ISO C89 compilers are required to support
      4	source missing a mode?
      4	comparison of unsigned expression < 0 is always false
      3	unused parameter `???'
      3	label `???' defined but not used
      3	assignment makes pointer from integer without a cast
      3	`???' defined but not used
      2	unlikely character ) in @var.
      2	unlikely character ( in @var.
      2	operand 1 missing mode?
      2	dereferencing type-punned pointer will break strict-aliasing rules
      2	conflicting types for built-in function `???'
      1	signed and unsigned type in conditional expression
      1	return makes integer from pointer without a cast
      1	initialization makes pointer from integer without a cast
      1	implicit declaration of function `???'
      1	`return' with a value, in function returning void


Index Nav: [Date Index] [Subject Index] [Author Index] [Thread Index]
Message Nav: [Date Prev] [Date Next] [Thread Prev] [Thread Next]