This is the mail archive of the gcc-testresults@gcc.gnu.org mailing list for the GCC project.


Index Nav: [Date Index] [Subject Index] [Author Index] [Thread Index]
Message Nav: [Date Prev] [Date Next] [Thread Prev] [Thread Next]
Other format: [Raw text]

Results for 3.3 testsuite on sparc-sun-solaris2.8


LAST_UPDATED: 
Native configuration is sparc-sun-solaris2.8

		=== g++ tests ===


Running target unix

		=== g++ Summary ===

# of expected passes		7927
# of expected failures		100
# of untested testcases		21
# of unsupported tests		16
/u/shelton2/software/build/SunOS-5.8/gcc-3.3/gcc/testsuite/../g++ version 3.3

		=== gcc tests ===


Running target unix
WARNING: program timed out.
FAIL: gcc.c-torture/compile/20001226-1.c,  -O3 -g  
WARNING: gcc.dg/20021014-1.c compilation failed to produce executable
FAIL: gcc.dg/duff-2.c (test for excess errors)

		=== gcc Summary ===

# of expected passes		21216
# of unexpected failures	2
# of expected failures		67
# of unsupported tests		162
/u/shelton2/software/build/SunOS-5.8/gcc-3.3/gcc/xgcc version 3.3

		=== libstdc++-v3 tests ===


Running target unix
WARNING: program timed out.
FAIL: thread/pthread4.cc execution test

		=== libstdc++-v3 Summary ===

# of expected passes		428
# of unexpected failures	1
# of expected failures		18

Compiler version: 3.3 
Platform: sparc-sun-solaris2.8
configure flags: --host=sparc-sun-solaris2.8 --prefix=/u/shelton2/software/SunOS-5.8/gcc-3.3 --with-local_prefix= --disable-nls


Index Nav: [Date Index] [Subject Index] [Author Index] [Thread Index]
Message Nav: [Date Prev] [Date Next] [Thread Prev] [Thread Next]