This is the mail archive of the gcc-testresults@gcc.gnu.org mailing list for the GCC project.


Index Nav: [Date Index] [Subject Index] [Author Index] [Thread Index]
Message Nav: [Date Prev] [Date Next] [Thread Prev] [Thread Next]
Other format: [Raw text]

Results for 3.3 testsuite on sparc-sun-solaris2.6


LAST_UPDATED: 
Native configuration is sparc-sun-solaris2.6

		=== g++ tests ===


Running target unix
XPASS: g++.dg/special/conpr-2.C execution test
XPASS: g++.dg/special/initp1.C execution test

		=== g++ Summary ===

# of expected passes		7927
# of unexpected successes	2
# of expected failures		98
# of untested testcases		21
# of unsupported tests		16
/opt/build_shop/build-gcc-3.3-sparc-sun-solaris2.6/gcc/testsuite/../g++ version 3.3

		=== g77 tests ===


Running target unix

		=== g77 Summary ===

# of expected passes		1686
# of unsupported tests		8
/opt/build_shop/build-gcc-3.3-sparc-sun-solaris2.6/gcc/testsuite/../g77 version 3.3

		=== gcc tests ===


Running target unix
WARNING: gcc.dg/20021014-1.c compilation failed to produce executable
FAIL: gcc.dg/duff-2.c (test for excess errors)
FAIL: gcc.dg/uninit-C.c (test for excess errors)

		=== gcc Summary ===

# of expected passes		20777
# of unexpected failures	2
# of expected failures		67
# of unsupported tests		160
/opt/build_shop/build-gcc-3.3-sparc-sun-solaris2.6/gcc/xgcc version 3.3

		=== objc tests ===


Running target unix

		=== objc Summary ===

# of expected passes		1153
/opt/build_shop/build-gcc-3.3-sparc-sun-solaris2.6/gcc/xgcc version 3.3

		=== libstdc++-v3 tests ===


Running target unix
FAIL: 22_locale/codecvt_members_char_char.cc (test for excess errors)
WARNING: 22_locale/codecvt_members_char_char.cc compilation failed to produce executable
FAIL: 22_locale/facet.cc (test for excess errors)
WARNING: 22_locale/facet.cc compilation failed to produce executable
FAIL: 22_locale/global_templates.cc (test for excess errors)
WARNING: 22_locale/global_templates.cc compilation failed to produce executable
FAIL: 22_locale/operators.cc (test for excess errors)
WARNING: 22_locale/operators.cc compilation failed to produce executable
FAIL: 22_locale/static_members.cc (test for excess errors)
WARNING: 22_locale/static_members.cc compilation failed to produce executable
FAIL: 27_io/filebuf_virtuals.cc (test for excess errors)
WARNING: 27_io/filebuf_virtuals.cc compilation failed to produce executable
FAIL: 27_io/istream_unformatted.cc execution test
FAIL: thread/pthread1.cc (test for excess errors)
WARNING: thread/pthread1.cc compilation failed to produce executable
FAIL: thread/pthread2.cc (test for excess errors)
WARNING: thread/pthread2.cc compilation failed to produce executable
FAIL: thread/pthread3.cc (test for excess errors)
WARNING: thread/pthread3.cc compilation failed to produce executable
FAIL: thread/pthread4.cc (test for excess errors)
WARNING: thread/pthread4.cc compilation failed to produce executable
FAIL: thread/pthread5.cc (test for excess errors)
WARNING: thread/pthread5.cc compilation failed to produce executable
FAIL: thread/pthread6.cc (test for excess errors)
WARNING: thread/pthread6.cc compilation failed to produce executable

		=== libstdc++-v3 Summary ===

# of expected passes		404
# of unexpected failures	13
# of expected failures		18

Compiler version: 3.3 
Platform: sparc-sun-solaris2.6
configure flags: --host=sparc-sun-solaris2.6 --prefix=/export/shop/stow/gcc-3.3/sparc-sun-solaris2.6 --infodir=/export/shop/stow/gcc-3.3/info --mandir=/export/shop/stow/gcc-3.3/man --datadir=/export/shop/stow/gcc-3.3/share --enable-threads=posix --enable-long-long --enable-namespaces --enable-multilib --with-as=/export/shop/stow/binutils-2.13.1/sparc-sun-solaris2.6/bin/as --with-ld=/export/shop/stow/binutils-2.13.1/sparc-sun-solaris2.6/bin/ld --enable-nls --with-included-gettext


Index Nav: [Date Index] [Subject Index] [Author Index] [Thread Index]
Message Nav: [Date Prev] [Date Next] [Thread Prev] [Thread Next]