This is the mail archive of the gcc-testresults@gcc.gnu.org mailing list for the GCC project.


Index Nav: [Date Index] [Subject Index] [Author Index] [Thread Index]
Message Nav: [Date Prev] [Date Next] [Thread Prev] [Thread Next]
Other format: [Raw text]

Results for 3.3 testsuite on sparc-sun-solaris2.5.1


LAST_UPDATED: 
Native configuration is sparc-sun-solaris2.5.1

		=== g++ tests ===


Running target unix

		=== g++ Summary ===

# of expected passes		7819
# of expected failures		100
# of untested testcases		21
# of unsupported tests		16
/u/shelton2/software/build/SunOS-5.5/gcc-3.3/gcc/testsuite/../g++ version 3.3

		=== gcc tests ===


Running target unix
WARNING: program timed out.
FAIL: gcc.c-torture/compile/20001226-1.c,  -O2  
WARNING: program timed out.
FAIL: gcc.c-torture/compile/20001226-1.c,  -O3 -fomit-frame-pointer  
WARNING: program timed out.
FAIL: gcc.c-torture/compile/20001226-1.c,  -O3 -g  
WARNING: program timed out.
FAIL: gcc.c-torture/compile/20001226-1.c,  -Os  
WARNING: gcc.dg/20021014-1.c compilation failed to produce executable
FAIL: gcc.dg/duff-2.c (test for excess errors)
FAIL: gcc.dg/uninit-C.c (test for excess errors)

		=== gcc Summary ===

# of expected passes		21041
# of unexpected failures	6
# of expected failures		67
# of unsupported tests		162
/u/shelton2/software/build/SunOS-5.5/gcc-3.3/gcc/xgcc version 3.3

		=== libstdc++-v3 tests ===


Running target unix
FAIL: 23_containers/vector_resize.cc execution test
FAIL: 27_io/ios_base_storage.cc execution test
FAIL: 27_io/istream_unformatted.cc execution test
FAIL: thread/pthread1.cc (test for excess errors)
WARNING: thread/pthread1.cc compilation failed to produce executable
FAIL: thread/pthread2.cc (test for excess errors)
WARNING: thread/pthread2.cc compilation failed to produce executable
FAIL: thread/pthread3.cc (test for excess errors)
WARNING: thread/pthread3.cc compilation failed to produce executable
FAIL: thread/pthread4.cc (test for excess errors)
WARNING: thread/pthread4.cc compilation failed to produce executable
FAIL: thread/pthread5.cc (test for excess errors)
WARNING: thread/pthread5.cc compilation failed to produce executable
FAIL: thread/pthread6.cc (test for excess errors)
WARNING: thread/pthread6.cc compilation failed to produce executable

		=== libstdc++-v3 Summary ===

# of expected passes		414
# of unexpected failures	9
# of expected failures		18

Compiler version: 3.3 
Platform: sparc-sun-solaris2.5.1
configure flags: --host=sparc-sun-solaris2.5.1 --prefix=/u/shelton2/software/SunOS-5.5/gcc-3.3 --with-local_prefix= --disable-nls


Index Nav: [Date Index] [Subject Index] [Author Index] [Thread Index]
Message Nav: [Date Prev] [Date Next] [Thread Prev] [Thread Next]