This is the mail archive of the
gcc-testresults@gcc.gnu.org
mailing list for the GCC project.
Results for 3.3.1 20030519 (prerelease) testsuite on sparc-sun-solaris2.9
- From: Gerald Pfeifer <pfeifer at dbai dot tuwien dot ac dot at>
- To: gcc-testresults at gcc dot gnu dot org
- Date: Mon, 19 May 2003 21:37:23 +0200 (CEST)
- Subject: Results for 3.3.1 20030519 (prerelease) testsuite on sparc-sun-solaris2.9
LAST_UPDATED: Fri Apr 18 19:54:34 GMT 2003
Native configuration is sparc-sun-solaris2.9
=== g++ tests ===
Running target unix
=== g++ Summary ===
# of expected passes 7927
# of expected failures 100
# of untested testcases 21
# of unsupported tests 16
/files/pfeifer/OBJ-0519-1735/gcc/testsuite/../g++ version 3.3.1 20030519 (prerelease)
=== gcc tests ===
Running target unix
FAIL: gcc.dg/cpp/include3.c (test for excess errors)
WARNING: gcc.dg/20021014-1.c compilation failed to produce executable
FAIL: gcc.dg/duff-2.c (test for excess errors)
=== gcc Summary ===
# of expected passes 20775
# of unexpected failures 2
# of expected failures 67
# of unsupported tests 161
/files/pfeifer/OBJ-0519-1735/gcc/xgcc version 3.3.1 20030519 (prerelease)
=== libstdc++-v3 tests ===
Running target unix
WARNING: program timed out.
FAIL: thread/pthread4.cc execution test
=== libstdc++-v3 Summary ===
# of expected passes 407
# of unexpected failures 1
# of expected failures 17
Compiler version: 3.3.1 20030519 (prerelease)
Platform: sparc-sun-solaris2.9
configure flags: --host=sparc-sun-solaris2.9 --prefix=/sw/gcc-current --enable-languages=c,c++