This is the mail archive of the gcc-testresults@gcc.gnu.org mailing list for the GCC project.


Index Nav: [Date Index] [Subject Index] [Author Index] [Thread Index]
Message Nav: [Date Prev] [Date Next] [Thread Prev] [Thread Next]
Other format: [Raw text]

Results for 3.3.1 20030518 (prerelease) testsuite on sparc-sun-solaris2.8


LAST_UPDATED: Sun May 18 22:33:24 UTC 2003

Native configuration is sparc-sun-solaris2.8

		=== g++ tests ===


Running target unix

		=== g++ Summary ===

# of expected passes		7927
# of expected failures		100
# of untested testcases		21
# of unsupported tests		16
/export/gccbuild/gcc/testsuite/../g++ version 3.3.1 20030518 (prerelease)

		=== g77 tests ===


Running target unix

		=== g77 Summary ===

# of expected passes		1686
# of unsupported tests		8
/export/gccbuild/gcc/testsuite/../g77 version 3.3.1 20030518 (prerelease)

		=== gcc tests ===


Running target unix
WARNING: gcc.dg/20021014-1.c compilation failed to produce executable
FAIL: gcc.dg/duff-2.c (test for excess errors)

		=== gcc Summary ===

# of expected passes		20776
# of unexpected failures	1
# of expected failures		67
# of unsupported tests		161
/export/gccbuild/gcc/xgcc version 3.3.1 20030518 (prerelease)

		=== objc tests ===


Running target unix

		=== objc Summary ===

# of expected passes		1153
/export/gccbuild/gcc/xgcc version 3.3.1 20030518 (prerelease)

		=== libstdc++-v3 tests ===


Running target unix

		=== libstdc++-v3 Summary ===

# of expected passes		429
# of expected failures		18

Compiler version: 3.3.1 20030518 (prerelease) 
Platform: sparc-sun-solaris2.8
configure flags: --host=sparc-sun-solaris2.8 --enable-threads=posix --prefix=/opt/Pkg/SunOS/gcc331 --enable-languages=c,c++,f77,objc --disable-libgcj --with-gxx-include-dir=/opt/Pkg/SunOS/gcc331/include/g++ --with-system-zlib --enable-shared


Index Nav: [Date Index] [Subject Index] [Author Index] [Thread Index]
Message Nav: [Date Prev] [Date Next] [Thread Prev] [Thread Next]