This is the mail archive of the gcc-testresults@gcc.gnu.org mailing list for the GCC project.


Index Nav: [Date Index] [Subject Index] [Author Index] [Thread Index]
Message Nav: [Date Prev] [Date Next] [Thread Prev] [Thread Next]
Other format: [Raw text]

Results for 3.3 testsuite on i686-pc-cygwin


-- Native configuration is i686-pc-cygwin

                === g++ tests ===


Running target unix
FAIL: g++.dg/abi/bitfield3.C execution test
FAIL: g++.dg/abi/rtti1.C scan-assembler-dem-not \\ntypeinfo for A[: \\t\\n]
FAIL: g++.dg/ext/dllimport1.C (test for excess errors)
FAIL: g++.dg/ext/instantiate3.C scan-assembler-not
FAIL: g++.dg/opt/vt1.C scan-assembler-not section[^
FAIL: g++.dg/special/initp1.C execution test
FAIL: g++.eh/badalloc1.C  Execution test
XPASS: g++.ext/attrib5.C  Execution test
XPASS: g++.jason/template18.C  Execution test

                === g++ Summary ===

# of expected passes            7960
# of unexpected failures        7
# of unexpected successes       2
# of expected failures          97
# of untested testcases         15
# of unsupported tests          3
/cygdrive/c/gnu/gcc-3.2.3/w2k/gcc/testsuite/../g++ version 3.3

                === g77 tests ===


Running target unix

                === g77 Summary ===

# of expected passes            1702
/cygdrive/c/gnu/gcc-3.2.3/w2k/gcc/testsuite/../g77 version 3.3

                === gcc tests ===


Running target unix
FAIL: gcc.c-torture/execute/20010904-1.c execution,  -O0
FAIL: gcc.c-torture/execute/20010904-1.c execution,  -O1
FAIL: gcc.c-torture/execute/20010904-1.c execution,  -O2
FAIL: gcc.c-torture/execute/20010904-1.c execution,  -O3 -fomit-frame-pointer
FAIL: gcc.c-torture/execute/20010904-1.c execution,  -O3 -g
FAIL: gcc.c-torture/execute/20010904-1.c execution,  -Os
FAIL: gcc.c-torture/execute/20010904-2.c execution,  -O0
FAIL: gcc.c-torture/execute/20010904-2.c execution,  -O1
FAIL: gcc.c-torture/execute/20010904-2.c execution,  -O2
FAIL: gcc.c-torture/execute/20010904-2.c execution,  -O3 -fomit-frame-pointer
FAIL: gcc.c-torture/execute/20010904-2.c execution,  -O3 -g
FAIL: gcc.c-torture/execute/20010904-2.c execution,  -Os
FAIL: gcc.dg/duff-2.c (test for excess errors)
FAIL: gcc.dg/i386-bitfield1.c execution test
FAIL: gcc.dg/uninit-C.c (test for excess errors)

                === gcc Summary ===

# of expected passes            21337
# of unexpected failures        15
# of expected failures          68
# of unsupported tests          89
/cygdrive/c/gnu/gcc-3.2.3/w2k/gcc/xgcc version 3.3

                === objc tests ===


Running target unix

                === objc Summary ===

# of expected passes            1153
/cygdrive/c/gnu/gcc-3.2.3/w2k/gcc/xgcc version 3.3

                === libstdc++-v3 tests ===


Running target unix
FAIL: 26_numerics/c99_classification_macros_c.cc (test for excess errors)
FAIL: 27_io/filebuf_members.cc execution test
FAIL: 27_io/filebuf_virtuals.cc execution test
FAIL: 27_io/istream_extractor_arith/12.cc execution test

                === libstdc++-v3 Summary ===

# of expected passes            426
# of unexpected failures        4
# of expected failures          17

Compiler version: 3.3
Platform: i686-pc-cygwin
configure flags: --host=i686-pc-cygwin --enable-threads=posix 
--disable-shared --enable-sjlj-exceptions
E
Tim Prince


Index Nav: [Date Index] [Subject Index] [Author Index] [Thread Index]
Message Nav: [Date Prev] [Date Next] [Thread Prev] [Thread Next]