This is the mail archive of the gcc-testresults@gcc.gnu.org mailing list for the GCC project.


Index Nav: [Date Index] [Subject Index] [Author Index] [Thread Index]
Message Nav: [Date Prev] [Date Next] [Thread Prev] [Thread Next]
Other format: [Raw text]

Results for 3.4 20030516 (experimental) testsuite on powerpc-unknown-linux-gnu


Debian GNU/Linux 3.0
Linux 2.4.18-powerpc
binutils Version: 2.12.90.0.15-1
glibc Version: 2.2.5-15

Test results for libjava include the results of the Mauve testsuite
(see http://sources.redhat.com/mauve/)

LAST_UPDATED: Fri May 16 19:36:19 UTC 2003

Native configuration is powerpc-unknown-linux-gnu

		=== g++ tests ===


Running target unix
XPASS: g++.dg/other/packed1.C execution test
WARNING: g++.old-deja/g++.mike/p10769a.C compilation failed to produce executable
FAIL: g++.old-deja/g++.oliva/template1.C (test for excess errors)
WARNING: g++.old-deja/g++.other/enum5.C compilation failed to produce executable
WARNING: g++.old-deja/g++.pt/friend44.C compilation failed to produce executable
FAIL: g++.old-deja/g++.robertl/eb42.C (test for excess errors)

		=== g++ Summary ===

# of expected passes		8495
# of unexpected failures	2
# of unexpected successes	1
# of expected failures		69
# of unsupported tests		43
/home/mark/src/gcc34/obj/gcc/testsuite/../g++ version 3.4 20030516 (experimental)

		=== gcc tests ===


Running target unix
WARNING: program timed out.
FAIL: gcc.c-torture/compile/20001226-1.c,  -O2  
WARNING: program timed out.
FAIL: gcc.c-torture/compile/20001226-1.c,  -O3 -fomit-frame-pointer  
WARNING: program timed out.
FAIL: gcc.c-torture/compile/20001226-1.c,  -O3 -g  
WARNING: program timed out.
FAIL: gcc.c-torture/compile/20001226-1.c,  -Os  
FAIL: gcc.c-torture/execute/20030125-1.c execution,  -O1 
FAIL: gcc.c-torture/execute/20030125-1.c execution,  -O2 
FAIL: gcc.c-torture/execute/20030125-1.c execution,  -O3 -fomit-frame-pointer 
FAIL: gcc.c-torture/execute/20030125-1.c execution,  -O3 -g 
FAIL: gcc.c-torture/execute/20030125-1.c execution,  -Os 
FAIL: gcc.dg/20020103-1.c scan-assembler-not LC
FAIL: gcc.dg/20020118-1.c execution test
FAIL: gcc.dg/altivec-5.c (test for excess errors)
FAIL: gcc.dg/builtins-10.c (test for excess errors)
FAIL: gcc.dg/duff-2.c (test for excess errors)
FAIL: gcc.dg/ppc-sdata-1.c scan-assembler sdat@sdarel\\(13\\)
FAIL: gcc.dg/ppc-sdata-1.c scan-assembler sdat2@sda21\\(2\\)
FAIL: gcc.dg/pch/system-1.c -O0 -g assembly comparison
FAIL: gcc.dg/pch/system-1.c  -O3 -g  assembly comparison

		=== gcc Summary ===

# of expected passes		21977
# of unexpected failures	18
# of expected failures		73
# of unsupported tests		185
/home/mark/src/gcc34/obj/gcc/xgcc version 3.4 20030516 (experimental)

		=== libjava tests ===


Running target unix
FAIL: 5.1.3-dtl-1
FAIL: 5.1.3-dtl-2
FAIL: 5.1.3-ftl-1
FAIL: 5.1.3-ftl-2
XPASS: 3.10.2-round-6
XPASS: 14.19.2-runtime-try-1
FAIL: Array_3 -O execution - source compiled test
WARNING: program timed out.
FAIL: SyncTest execution - gij test
WARNING: program timed out.
FAIL: SyncTest execution - gij test
FAIL: gnu.testlet.java.io.ObjectInputOutput.InputTest: gnu.testlet.java.io.ObjectInputOutput.Test\$GetPutField (number 1)
FAIL: gnu.testlet.java.io.ObjectInputOutput.OutputTest: Serializable: gnu.testlet.java.io.ObjectInputOutput.Test\$Extern () (number 2)
FAIL: gnu.testlet.java.io.ObjectInputOutput.OutputTest: Serializable: test(str=null, x=0) (number 2)
FAIL: gnu.testlet.java.lang.Double.DoubleTest: Error: test_longValue returned wrong results CYGNUS: Float to int conversions - 1 (number 1)
FAIL: gnu.testlet.java.lang.Double.DoubleTest: Error: test_shortbyteValue failed - 5 (number 1)
FAIL: gnu.testlet.java.lang.Float.FloatTest: Error: test_shortbyteValue failed - 5 (number 1)
FAIL: gnu.testlet.java.lang.String.surrogate: uncaught exception at  number 1: java.lang.ArrayIndexOutOfBoundsException: 2
FAIL: gnu.testlet.java.net.DatagramSocket.DatagramSocketTest2: Expected IOException (number 1)
FAIL: gnu.testlet.java.net.DatagramSocket.DatagramSocketTest2: uncaught exception at "invalid_send_data" number 4: java.lang.IllegalArgumentException: Invalid length: -1
FAIL: gnu.testlet.java.net.Socket.SocketTest: Error : test_params failed - 1 get port did not return proper values (number 1)
FAIL: gnu.testlet.java.net.Socket.jdk13: unexpected error: Success (number 1)
FAIL: gnu.testlet.java.security.SecureRandom.Instance: uncaught exception at  number 1: java.lang.InternalError: no SHA implementation found
FAIL: gnu.testlet.java.security.SecureRandom.SHA1PRNG: found implementation (number 1)
FAIL: gnu.testlet.java.security.SecureRandom.SHA1PRNG: no implementation found (number 1)
FAIL: gnu.testlet.java.security.Security.property: uncaught exception at  number 1: java.lang.NullPointerException

		=== libjava Summary ===

# of expected passes		15275
# of unexpected failures	22
# of unexpected successes	2
# of expected failures		913
# of untested testcases		15
		=== libstdc++-v3 tests ===


Running target unix
FAIL: 22_locale/codecvt/encoding/wchar_t/wrapped_locale.cc execution test
FAIL: 22_locale/codecvt/max_length/wchar_t/wrapped_locale.cc execution test
FAIL: 22_locale/ctype/widen/wchar_t/2.cc execution test
XPASS: 26_numerics/c99_classification_macros_c.cc (test for excess errors)
FAIL: 26_numerics/valarray_name_lookup.cc (test for excess errors)
FAIL: 27_io/basic_filebuf/underflow/wchar_t/9520.cc execution test

		=== libstdc++-v3 Summary ===

# of expected passes		1845
# of unexpected failures	5
# of unexpected successes	1

Compiler version: 3.4 20030516 (experimental) 
Platform: powerpc-unknown-linux-gnu
configure flags: --enable-clocale=gnu --enable-shared --enable-threads=posix --enable-languages=c++,java --disable-multilib --prefix /usr/local/gcc34

time make bootstrap
real 25048.94
user 21069.37
sys 3138.17

time check
Command exited with non-zero status 2
real 23647.03
user 14655.65
sys 5341.33


Index Nav: [Date Index] [Subject Index] [Author Index] [Thread Index]
Message Nav: [Date Prev] [Date Next] [Thread Prev] [Thread Next]