This is the mail archive of the gcc-testresults@gcc.gnu.org mailing list for the GCC project.


Index Nav: [Date Index] [Subject Index] [Author Index] [Thread Index]
Message Nav: [Date Prev] [Date Next] [Thread Prev] [Thread Next]
Other format: [Raw text]

Results for 3.3 testsuite on i686-pc-linux-gnu


LAST_UPDATED: 
Native configuration is i686-pc-linux-gnu

		=== g++ tests ===


Running target unix
FAIL: g++.dg/tls/init-2.C (test for excess errors)

		=== g++ Summary ===

# of expected passes		7997
# of unexpected failures	1
# of expected failures		97
# of untested testcases		9
# of unsupported tests		4
/max/src/gnu/build-gcc/gcc/testsuite/../g++ version 3.3

		=== g77 tests ===


Running target unix

		=== g77 Summary ===

# of expected passes		1702
/max/src/gnu/build-gcc/gcc/testsuite/../g77 version 3.3

		=== gcc tests ===


Running target unix
FAIL: gcc.dg/duff-2.c (test for excess errors)
FAIL: gcc.dg/uninit-C.c (test for excess errors)

		=== gcc Summary ===

# of expected passes		21469
# of unexpected failures	2
# of expected failures		69
# of unsupported tests		83
/max/src/gnu/build-gcc/gcc/xgcc version 3.3

		=== objc tests ===


Running target unix

		=== objc Summary ===

# of expected passes		1153
/max/src/gnu/build-gcc/gcc/xgcc version 3.3

		=== libjava tests ===


Running target unix
FAIL: cxxtest run
FAIL: ArrayStore execution - gij test
FAIL: ArrayStore execution - gij test
FAIL: ArrayStore2 execution - gij test
FAIL: ArrayStore2 execution - gij test
FAIL: Array_1 execution - gij test
FAIL: Array_1 execution - gij test
FAIL: Array_2 execution - gij test
FAIL: Array_2 execution - gij test
FAIL: Array_3 execution - gij test
FAIL: Array_3 execution - gij test
FAIL: Class_1 execution - gij test
FAIL: Class_1 execution - gij test
FAIL: Divide_1 execution - gij test
FAIL: Divide_1 execution - gij test
FAIL: EvaluationOrder execution - gij test
FAIL: EvaluationOrder execution - gij test
FAIL: FileHandleGcTest execution - gij test
FAIL: FileHandleGcTest execution - gij test
FAIL: Final execution - gij test
FAIL: Final execution - gij test
FAIL: Float_1 execution - gij test
FAIL: Float_1 execution - gij test
FAIL: G19990301_01 execution - gij test
FAIL: G19990301_01 execution - gij test
FAIL: G19990302_02 execution - gij test
FAIL: G19990302_02 execution - gij test
FAIL: G19990303_01 execution - gij test
FAIL: G19990303_01 execution - gij test
FAIL: G19990303_02 execution - gij test
FAIL: G19990303_02 execution - gij test
FAIL: G19990304_01 execution - gij test
FAIL: G19990304_01 execution - gij test
FAIL: G19990310_01 execution - gij test
FAIL: G19990310_01 execution - gij test
FAIL: II execution - gij test
FAIL: II execution - gij test
FAIL: InterfaceDispatch execution - gij test
FAIL: InterfaceDispatch execution - gij test
FAIL: InvokeReturn execution - gij test
FAIL: InvokeReturn execution - gij test
FAIL: Invoke_1 execution - gij test
FAIL: Invoke_1 execution - gij test
FAIL: Invoke_2 execution - gij test
FAIL: Invoke_2 execution - gij test
FAIL: KeepInline execution - gij test
FAIL: KeepInline execution - gij test
FAIL: Matrix4f execution - gij test
FAIL: Matrix4f execution - gij test
FAIL: N19990310_02 execution - gij test
FAIL: N19990310_02 execution - gij test
FAIL: N19990310_3 execution - gij test
FAIL: N19990310_3 execution - gij test
FAIL: N19990310_4 execution - gij test
FAIL: N19990310_4 execution - gij test
FAIL: N19990310_5 execution - gij test
FAIL: N19990310_5 execution - gij test
FAIL: PR141 execution - gij test
FAIL: PR141 execution - gij test
FAIL: PR160 execution - gij test
FAIL: PR160 execution - gij test
FAIL: PR162 execution - gij test
FAIL: PR162 execution - gij test
FAIL: PR218 execution - gij test
FAIL: PR218 execution - gij test
FAIL: PR242 execution - gij test
FAIL: PR242 execution - gij test
FAIL: PR260 execution - gij test
FAIL: PR260 execution - gij test
FAIL: PR3096 execution - gij test
FAIL: PR3096 execution - gij test
FAIL: PR3731 execution - gij test
FAIL: PR3731 execution - gij test
FAIL: PR5057 execution - gij test
FAIL: PR5057 execution - gij test
FAIL: PR5057_2 execution - gij test
FAIL: PR5057_2 execution - gij test
FAIL: PR55 execution - gij test
FAIL: PR55 execution - gij test
FAIL: PR56 execution - gij test
FAIL: PR56 execution - gij test
FAIL: PR6085 execution - gij test
FAIL: PR6085 execution - gij test
FAIL: PR6204 execution - gij test
FAIL: PR6204 execution - gij test
FAIL: PR6729 execution - gij test
FAIL: PR6729 execution - gij test
FAIL: PR6820 execution - gij test
FAIL: PR6820 execution - gij test
FAIL: Shazam execution - gij test
FAIL: Shazam execution - gij test
FAIL: StaticConstructor execution - gij test
FAIL: StaticConstructor execution - gij test
FAIL: StringBuffer_1 execution - gij test
FAIL: StringBuffer_1 execution - gij test
FAIL: SyncGlobal execution - gij test
FAIL: SyncGlobal execution - gij test
FAIL: SyncTest execution - gij test
FAIL: SyncTest execution - gij test
FAIL: Synch execution - gij test
FAIL: Synch execution - gij test
FAIL: TLtest execution - gij test
FAIL: TLtest execution - gij test
FAIL: TestProxy execution - gij test
FAIL: TestProxy execution - gij test
FAIL: Thread_Alive execution - gij test
FAIL: Thread_Alive execution - gij test
FAIL: Thread_Interrupt execution - gij test
FAIL: Thread_Interrupt execution - gij test
FAIL: Thread_Join execution - gij test
FAIL: Thread_Join execution - gij test
FAIL: Thread_Monitor execution - gij test
FAIL: Thread_Monitor execution - gij test
FAIL: Thread_Sleep execution - gij test
FAIL: Thread_Sleep execution - gij test
FAIL: Thread_Wait execution - gij test
FAIL: Thread_Wait execution - gij test
FAIL: Thread_Wait_2 execution - gij test
FAIL: Thread_Wait_2 execution - gij test
FAIL: Thread_Wait_Interrupt execution - gij test
FAIL: Thread_Wait_Interrupt execution - gij test
FAIL: Throw_1 execution - gij test
FAIL: Throw_1 execution - gij test
FAIL: Throw_2 execution - gij test
FAIL: Throw_2 execution - gij test
FAIL: anfi execution - gij test
FAIL: anfi execution - gij test
FAIL: anon execution - gij test
FAIL: anon execution - gij test
FAIL: anon2 execution - gij test
FAIL: anon2 execution - gij test
FAIL: anon3 execution - gij test
FAIL: anon3 execution - gij test
FAIL: anon4 execution - gij test
FAIL: anon4 execution - gij test
FAIL: anon_ctor_itf_arg execution - gij test
FAIL: anon_ctor_itf_arg execution - gij test
FAIL: anonarray execution - gij test
FAIL: anonarray execution - gij test
FAIL: anonarray2 execution - gij test
FAIL: anonarray2 execution - gij test
FAIL: anonarray3 execution - gij test
FAIL: anonarray3 execution - gij test
FAIL: assign execution - gij test
FAIL: assign execution - gij test
FAIL: direct_read execution - gij test
FAIL: direct_read execution - gij test
FAIL: direct_write execution - gij test
FAIL: direct_write execution - gij test
FAIL: emptystring execution - gij test
FAIL: emptystring execution - gij test
FAIL: err1 execution - gij test
FAIL: err1 execution - gij test
FAIL: err10 execution - gij test
FAIL: err10 execution - gij test
FAIL: err11 execution - gij test
FAIL: err11 execution - gij test
FAIL: err12 execution - gij test
FAIL: err12 execution - gij test
FAIL: err13 execution - gij test
FAIL: err13 execution - gij test
FAIL: err2 execution - gij test
FAIL: err2 execution - gij test
FAIL: err3 execution - gij test
FAIL: err3 execution - gij test
FAIL: err4 execution - gij test
FAIL: err4 execution - gij test
FAIL: err5 execution - gij test
FAIL: err5 execution - gij test
FAIL: err6 execution - gij test
FAIL: err6 execution - gij test
FAIL: err7 execution - gij test
FAIL: err7 execution - gij test
FAIL: err8 execution - gij test
FAIL: err8 execution - gij test
FAIL: err9 execution - gij test
FAIL: err9 execution - gij test
FAIL: final_inner execution - gij test
FAIL: final_inner execution - gij test
FAIL: final_int execution - gij test
FAIL: final_int execution - gij test
FAIL: final_static_and_friend execution - gij test
FAIL: final_static_and_friend execution - gij test
FAIL: indirect execution - gij test
FAIL: indirect execution - gij test
FAIL: indirect_read execution - gij test
FAIL: indirect_read execution - gij test
FAIL: indirect_write execution - gij test
FAIL: indirect_write execution - gij test
FAIL: initexc execution - gij test
FAIL: initexc execution - gij test
FAIL: initfield execution - gij test
FAIL: initfield execution - gij test
FAIL: inline execution - gij test
FAIL: inline execution - gij test
FAIL: inner1 execution - gij test
FAIL: inner1 execution - gij test
FAIL: inner2 execution - gij test
FAIL: inner2 execution - gij test
FAIL: inner3 execution - gij test
FAIL: inner3 execution - gij test
FAIL: inner4 execution - gij test
FAIL: inner4 execution - gij test
FAIL: inner_array execution - gij test
FAIL: inner_array execution - gij test
FAIL: inner_interface execution - gij test
FAIL: inner_interface execution - gij test
FAIL: instance execution - gij test
FAIL: instance execution - gij test
FAIL: instinit execution - gij test
FAIL: instinit execution - gij test
FAIL: instinit2 execution - gij test
FAIL: instinit2 execution - gij test
FAIL: invoke_from_inner execution - gij test
FAIL: invoke_from_inner execution - gij test
FAIL: invokethrow execution - gij test
FAIL: invokethrow execution - gij test
FAIL: klass execution - gij test
FAIL: klass execution - gij test
FAIL: multiple_finit execution - gij test
FAIL: multiple_finit execution - gij test
FAIL: negzero execution - gij test
FAIL: negzero execution - gij test
FAIL: nested_with_ctor execution - gij test
FAIL: nested_with_ctor execution - gij test
FAIL: override execution - gij test
FAIL: override execution - gij test
FAIL: pr109 execution - gij test
FAIL: pr109 execution - gij test
FAIL: pr133 execution - gij test
FAIL: pr133 execution - gij test
FAIL: pr179 execution - gij test
FAIL: pr179 execution - gij test
FAIL: pr184 execution - gij test
FAIL: pr184 execution - gij test
FAIL: pr6388 execution - gij test
FAIL: pr6388 execution - gij test
FAIL: pr83 execution - gij test
FAIL: pr83 execution - gij test
FAIL: pr8415 execution - gij test
FAIL: pr8415 execution - gij test
FAIL: pr8676 execution - gij test
FAIL: pr8676 execution - gij test
FAIL: pr8823 execution - gij test
FAIL: pr8823 execution - gij test
FAIL: pr8945 execution - gij test
FAIL: pr8945 execution - gij test
FAIL: private_direct_read execution - gij test
FAIL: private_direct_read execution - gij test
FAIL: search_outer execution - gij test
FAIL: search_outer execution - gij test
FAIL: stringconst execution - gij test
FAIL: stringconst execution - gij test
FAIL: stringconst2 execution - gij test
FAIL: stringconst2 execution - gij test
FAIL: stub execution - gij test
FAIL: stub execution - gij test
FAIL: test_long execution - gij test
FAIL: test_long execution - gij test
FAIL: tmi execution - gij test
FAIL: tmi execution - gij test
FAIL: tp execution - gij test
FAIL: tp execution - gij test
FAIL: update_outer execution - gij test
FAIL: update_outer execution - gij test
FAIL: utf8concat execution - gij test
FAIL: utf8concat execution - gij test
FAIL: utilTest execution - gij test
FAIL: utilTest execution - gij test
FAIL: verify execution - gij test
FAIL: verify execution - gij test

		=== libjava Summary ===

# of expected passes		2450
# of unexpected failures	271
# of expected failures		16
# of untested testcases		283
		=== libstdc++-v3 tests ===


Running target unix
XPASS: 22_locale/ctype_is_wchar_t.cc execution test

		=== libstdc++-v3 Summary ===

# of expected passes		453
# of unexpected successes	1
# of expected failures		27

Compiler version: 3.3 
Platform: i686-pc-linux-gnu
configure flags: --host=i686-pc-linux-gnu --prefix=/usr --disable-nls


Index Nav: [Date Index] [Subject Index] [Author Index] [Thread Index]
Message Nav: [Date Prev] [Date Next] [Thread Prev] [Thread Next]