This is the mail archive of the gcc-testresults@gcc.gnu.org mailing list for the GCC project.


Index Nav: [Date Index] [Subject Index] [Author Index] [Thread Index]
Message Nav: [Date Prev] [Date Next] [Thread Prev] [Thread Next]
Other format: [Raw text]

Results for 3.3 testsuite on i686-pc-linux-gnu


LAST_UPDATED: 
Native configuration is i686-pc-linux-gnu

		=== g++ tests ===


Running target unix/-fPIC
FAIL: g++.pt/asm1.C (test for excess errors)
FAIL: g++.pt/asm2.C (test for excess errors)

		=== g++ Summary for unix/-fPIC ===

# of expected passes		7974
# of unexpected failures	2
# of expected failures		97
# of untested testcases		9
# of unsupported tests		4

Running target unix/-fpic
FAIL: g++.pt/asm1.C (test for excess errors)
FAIL: g++.pt/asm2.C (test for excess errors)

		=== g++ Summary for unix/-fpic ===

# of expected passes		7974
# of unexpected failures	2
# of expected failures		97
# of untested testcases		9
# of unsupported tests		4

Running target unix

		=== g++ Summary for unix ===

# of expected passes		7976
# of expected failures		97
# of untested testcases		9
# of unsupported tests		4

		=== g++ Summary ===

# of expected passes		23924
# of unexpected failures	4
# of expected failures		291
# of untested testcases		27
# of unsupported tests		12
/teal/caip5/ghazi/gcc-testing/x86/build/gcc/testsuite/../g++ version 3.3

		=== g77 tests ===


Running target unix/-fPIC

		=== g77 Summary for unix/-fPIC ===

# of expected passes		1702

Running target unix/-fpic

		=== g77 Summary for unix/-fpic ===

# of expected passes		1702

Running target unix

		=== g77 Summary for unix ===

# of expected passes		1702

		=== g77 Summary ===

# of expected passes		5106
/teal/caip5/ghazi/gcc-testing/x86/build/gcc/testsuite/../g77 version 3.3

		=== gcc tests ===


Running target unix/-fPIC
FAIL: gcc.c-torture/compile/20000804-1.c,  -O0  
FAIL: gcc.c-torture/execute/20020720-1.c compilation,  -O1 
UNRESOLVED: gcc.c-torture/execute/20020720-1.c execution,  -O1 
FAIL: gcc.c-torture/execute/20020720-1.c compilation,  -O2 
UNRESOLVED: gcc.c-torture/execute/20020720-1.c execution,  -O2 
FAIL: gcc.c-torture/execute/20020720-1.c compilation,  -O3 -fomit-frame-pointer 
UNRESOLVED: gcc.c-torture/execute/20020720-1.c execution,  -O3 -fomit-frame-pointer 
FAIL: gcc.c-torture/execute/20020720-1.c compilation,  -O3 -g 
UNRESOLVED: gcc.c-torture/execute/20020720-1.c execution,  -O3 -g 
FAIL: gcc.c-torture/execute/20020720-1.c compilation,  -Os 
UNRESOLVED: gcc.c-torture/execute/20020720-1.c execution,  -Os 
FAIL: gcc.dg/20011119-1.c (test for excess errors)
WARNING: gcc.dg/20011119-1.c compilation failed to produce executable
WARNING: program timed out.
FAIL: gcc.dg/20020616-1.c execution test
FAIL: gcc.dg/asm-names.c (test for excess errors)
FAIL: gcc.dg/duff-2.c (test for excess errors)
FAIL: gcc.dg/uninit-C.c (test for excess errors)

		=== gcc Summary for unix/-fPIC ===

# of expected passes		21418
# of unexpected failures	11
# of expected failures		68
# of unresolved testcases	5
# of unsupported tests		83

Running target unix/-fpic
FAIL: gcc.c-torture/compile/20000804-1.c,  -O0  
FAIL: gcc.c-torture/execute/20020720-1.c compilation,  -O1 
UNRESOLVED: gcc.c-torture/execute/20020720-1.c execution,  -O1 
FAIL: gcc.c-torture/execute/20020720-1.c compilation,  -O2 
UNRESOLVED: gcc.c-torture/execute/20020720-1.c execution,  -O2 
FAIL: gcc.c-torture/execute/20020720-1.c compilation,  -O3 -fomit-frame-pointer 
UNRESOLVED: gcc.c-torture/execute/20020720-1.c execution,  -O3 -fomit-frame-pointer 
FAIL: gcc.c-torture/execute/20020720-1.c compilation,  -O3 -g 
UNRESOLVED: gcc.c-torture/execute/20020720-1.c execution,  -O3 -g 
FAIL: gcc.c-torture/execute/20020720-1.c compilation,  -Os 
UNRESOLVED: gcc.c-torture/execute/20020720-1.c execution,  -Os 
FAIL: gcc.dg/20011119-1.c (test for excess errors)
WARNING: gcc.dg/20011119-1.c compilation failed to produce executable
WARNING: program timed out.
FAIL: gcc.dg/20020616-1.c execution test
FAIL: gcc.dg/asm-names.c (test for excess errors)
FAIL: gcc.dg/duff-2.c (test for excess errors)
FAIL: gcc.dg/uninit-C.c (test for excess errors)

		=== gcc Summary for unix/-fpic ===

# of expected passes		21418
# of unexpected failures	11
# of expected failures		68
# of unresolved testcases	5
# of unsupported tests		83

Running target unix
FAIL: gcc.dg/duff-2.c (test for excess errors)
FAIL: gcc.dg/uninit-C.c (test for excess errors)

		=== gcc Summary for unix ===

# of expected passes		21433
# of unexpected failures	2
# of expected failures		68
# of unsupported tests		83

		=== gcc Summary ===

# of expected passes		64269
# of unexpected failures	24
# of expected failures		204
# of unresolved testcases	10
# of unsupported tests		249
/teal/caip5/ghazi/gcc-testing/x86/build/gcc/xgcc version 3.3

		=== objc tests ===


Running target unix/-fPIC

		=== objc Summary for unix/-fPIC ===

# of expected passes		1153

Running target unix/-fpic

		=== objc Summary for unix/-fpic ===

# of expected passes		1153

Running target unix

		=== objc Summary for unix ===

# of expected passes		1153

		=== objc Summary ===

# of expected passes		3459
/teal/caip5/ghazi/gcc-testing/x86/build/gcc/xgcc version 3.3

		=== libjava tests ===


Running target unix/-fPIC
WARNING: program timed out.
FAIL: SyncTest execution - gij test
WARNING: program timed out.
FAIL: SyncTest execution - gij test

		=== libjava Summary for unix/-fPIC ===

# of expected passes		2987
# of unexpected failures	2
# of expected failures		16
# of untested testcases		14

Running target unix/-fpic
WARNING: program timed out.
FAIL: SyncTest execution - gij test
WARNING: program timed out.
FAIL: SyncTest execution - gij test

		=== libjava Summary for unix/-fpic ===

# of expected passes		2987
# of unexpected failures	2
# of expected failures		16
# of untested testcases		14

Running target unix
WARNING: program timed out.
FAIL: SyncTest execution - gij test
WARNING: program timed out.
FAIL: SyncTest execution - gij test

		=== libjava Summary for unix ===

# of expected passes		2987
# of unexpected failures	2
# of expected failures		16
# of untested testcases		14

		=== libjava Summary ===

# of expected passes		8961
# of unexpected failures	6
# of expected failures		48
# of untested testcases		42
		=== libstdc++-v3 tests ===


Running target unix/-fPIC
XPASS: 22_locale/ctype_is_wchar_t.cc execution test

		=== libstdc++-v3 Summary for unix/-fPIC ===

# of expected passes		453
# of unexpected successes	1
# of expected failures		27

Running target unix/-fpic
XPASS: 22_locale/ctype_is_wchar_t.cc execution test

		=== libstdc++-v3 Summary for unix/-fpic ===

# of expected passes		453
# of unexpected successes	1
# of expected failures		27

Running target unix
XPASS: 22_locale/ctype_is_wchar_t.cc execution test

		=== libstdc++-v3 Summary for unix ===

# of expected passes		453
# of unexpected successes	1
# of expected failures		27

		=== libstdc++-v3 Summary ===

# of expected passes		1359
# of unexpected successes	3
# of expected failures		81

Compiler version: 3.3 
Platform: i686-pc-linux-gnu
configure flags: --host=i686-pc-linux-gnu --verbose --enable-languages=c,objc,c++,f77,java


Index Nav: [Date Index] [Subject Index] [Author Index] [Thread Index]
Message Nav: [Date Prev] [Date Next] [Thread Prev] [Thread Next]