This is the mail archive of the
gcc-testresults@gcc.gnu.org
mailing list for the GCC project.
Results for 3.4 20030515 (experimental) testsuite on i686-pc-linux-gnu
- From: hjl at gnu-d dot sc dot intel dot com (H.J. Lu)
- To: gcc-testresults at gcc dot gnu dot org
- Date: Thu, 15 May 2003 10:41:55 -0700 (PDT)
- Subject: Results for 3.4 20030515 (experimental) testsuite on i686-pc-linux-gnu
LAST_UPDATED: Thu May 15 15:26:28 UTC 2003
Native configuration is i686-pc-linux-gnu
=== g77 tests ===
Running target unix
FAIL: g77.dg/gcov/gcov-1.f gcov failed: gcov-1.f.gcov does not exist
FAIL: g77.f-torture/execute/980520-1.f compilation, -O0
=== g77 Summary ===
# of expected passes 1723
# of unexpected failures 2
# of untested testcases 1
/export/build/gnu/gcc/build-i686-linux/gcc/testsuite/../g77 version 3.4 20030515 (experimental)
=== gcc tests ===
Running target unix
FAIL: gcc.dg/duff-2.c (test for excess errors)
FAIL: gcc.dg/uninit-C.c (test for excess errors)
=== gcc Summary ===
# of expected passes 22255
# of unexpected failures 2
# of expected failures 75
# of unsupported tests 99
/export/build/gnu/gcc/build-i686-linux/gcc/xgcc version 3.4 20030515 (experimental)
=== g++ tests ===
Running target unix
FAIL: g++.dg/eh/simd-2.C (test for excess errors)
WARNING: g++.dg/eh/simd-2.C compilation failed to produce executable
WARNING: g++.old-deja/g++.mike/p10769a.C compilation failed to produce executable
WARNING: g++.old-deja/g++.other/enum5.C compilation failed to produce executable
WARNING: g++.old-deja/g++.pt/friend44.C compilation failed to produce executable
=== g++ Summary ===
# of expected passes 8572
# of unexpected failures 1
# of expected failures 69
# of unsupported tests 13
/export/build/gnu/gcc/build-i686-linux/gcc/testsuite/../g++ version 3.4 20030515 (experimental)
=== objc tests ===
Running target unix
=== objc Summary ===
# of expected passes 1156
/export/build/gnu/gcc/build-i686-linux/gcc/xgcc version 3.4 20030515 (experimental)
=== libjava tests ===
Running target unix
WARNING: program timed out.
FAIL: SyncTest execution - gij test
WARNING: program timed out.
FAIL: SyncTest execution - gij test
=== libjava Summary ===
# of expected passes 3015
# of unexpected failures 2
# of expected failures 16
# of untested testcases 14
=== libstdc++-v3 tests ===
Running target unix
XPASS: 26_numerics/c99_classification_macros_c.cc (test for excess errors)
=== libstdc++-v3 Summary ===
# of expected passes 1850
# of unexpected successes 1
Compiler version: 3.4 20030515 (experimental)
Platform: i686-pc-linux-gnu
configure flags: --enable-clocale=gnu --with-system-zlib --enable-shared --enable-threads=posix --enable-haifa --disable-checking --prefix=/usr/gcc-3.4 --with-local-prefix=/usr/local