This is the mail archive of the gcc-testresults@gcc.gnu.org mailing list for the GCC project.


Index Nav: [Date Index] [Subject Index] [Author Index] [Thread Index]
Message Nav: [Date Prev] [Date Next] [Thread Prev] [Thread Next]
Other format: [Raw text]

Results for 3.4 20030514 (experimental) testsuite on powerpc-unknown-linux-gnu


LAST_UPDATED: Wed May 14 17:03:51 UTC 2003

Native configuration is powerpc-unknown-linux-gnu

		=== gcc tests ===


Running target unix
WARNING: program timed out.
FAIL: gcc.c-torture/compile/20001226-1.c,  -O2  
WARNING: program timed out.
FAIL: gcc.c-torture/compile/20001226-1.c,  -O3 -fomit-frame-pointer  
WARNING: program timed out.
FAIL: gcc.c-torture/compile/20001226-1.c,  -O3 -g  
WARNING: program timed out.
FAIL: gcc.c-torture/compile/20001226-1.c,  -Os  
FAIL: gcc.c-torture/execute/20030125-1.c execution,  -O1 
FAIL: gcc.c-torture/execute/20030125-1.c execution,  -O2 
FAIL: gcc.c-torture/execute/20030125-1.c execution,  -O3 -fomit-frame-pointer 
FAIL: gcc.c-torture/execute/20030125-1.c execution,  -O3 -g 
FAIL: gcc.c-torture/execute/20030125-1.c execution,  -Os 
FAIL: gcc.dg/20020103-1.c scan-assembler-not LC
FAIL: gcc.dg/20020118-1.c execution test
FAIL: gcc.dg/altivec-5.c (test for excess errors)
FAIL: gcc.dg/builtins-10.c (test for excess errors)
FAIL: gcc.dg/duff-2.c (test for excess errors)
FAIL: gcc.dg/ppc-sdata-1.c scan-assembler sdat@sdarel\\(13\\)
FAIL: gcc.dg/ppc-sdata-1.c scan-assembler sdat2@sda21\\(2\\)
FAIL: gcc.dg/pch/system-1.c -O0 -g assembly comparison
FAIL: gcc.dg/pch/system-1.c  -O3 -g  assembly comparison

		=== gcc Summary ===

# of expected passes		21976
# of unexpected failures	18
# of expected failures		73
# of unsupported tests		185
/mnt/cvs/gcc-trunk/objdir/gcc/xgcc version 3.4 20030514 (experimental)

		=== g++ tests ===


Running target unix
XPASS: g++.dg/other/packed1.C execution test
WARNING: g++.old-deja/g++.mike/p10769a.C compilation failed to produce executable
FAIL: g++.old-deja/g++.oliva/template1.C (test for excess errors)
WARNING: g++.old-deja/g++.other/enum5.C compilation failed to produce executable
WARNING: g++.old-deja/g++.pt/friend44.C compilation failed to produce executable

		=== g++ Summary ===

# of expected passes		8494
# of unexpected failures	1
# of unexpected successes	1
# of expected failures		69
# of unsupported tests		43
/mnt/cvs/gcc-trunk/objdir/gcc/testsuite/../g++ version 3.4 20030514 (experimental)

		=== libjava tests ===


Running target unix
FAIL: Array_3 -O execution - source compiled test
WARNING: program timed out.
FAIL: SyncTest execution - gij test
WARNING: program timed out.
FAIL: SyncTest execution - gij test

		=== libjava Summary ===

# of expected passes		3013
# of unexpected failures	3
# of expected failures		16
# of untested testcases		15
		=== libstdc++-v3 tests ===


Running target unix
FAIL: 22_locale/codecvt/encoding/wchar_t/wrapped_locale.cc execution test
FAIL: 22_locale/codecvt/max_length/wchar_t/wrapped_locale.cc execution test
FAIL: 22_locale/ctype/widen/wchar_t/2.cc execution test
XPASS: 26_numerics/c99_classification_macros_c.cc (test for excess errors)
FAIL: 27_io/basic_filebuf/underflow/wchar_t/9520.cc execution test

		=== libstdc++-v3 Summary ===

# of expected passes		1846
# of unexpected failures	4
# of unexpected successes	1

Compiler version: 3.4 20030514 (experimental) 
Platform: powerpc-unknown-linux-gnu
configure flags: --prefix=/var/tmp --enable-languages=c,c++,java --enable-shared --enable-threads=posix --disable-multilib

Index Nav: [Date Index] [Subject Index] [Author Index] [Thread Index]
Message Nav: [Date Prev] [Date Next] [Thread Prev] [Thread Next]