This is the mail archive of the gcc-testresults@gcc.gnu.org mailing list for the GCC project.


Index Nav: [Date Index] [Subject Index] [Author Index] [Thread Index]
Message Nav: [Date Prev] [Date Next] [Thread Prev] [Thread Next]
Other format: [Raw text]

Results for 3.3 testsuite on sparc-sun-solaris2.9


LAST_UPDATED: Wed May 14 18:02:31 UTC 2003

Native configuration is sparc-sun-solaris2.9

		=== g77 tests ===


Running target unix/-fPIC

		=== g77 Summary for unix/-fPIC ===

# of expected passes		1686
# of unsupported tests		8

Running target unix/-fpic

		=== g77 Summary for unix/-fpic ===

# of expected passes		1686
# of unsupported tests		8

Running target unix/-m64

		=== g77 Summary for unix/-m64 ===

# of expected passes		1686
# of unsupported tests		8

Running target unix

		=== g77 Summary for unix ===

# of expected passes		1686
# of unsupported tests		8

		=== g77 Summary ===

# of expected passes		6744
# of unsupported tests		32
/opt/gcc/gcc-branch/objdir/gcc/testsuite/../g77 version 3.3

		=== gcc tests ===


Running target unix/-fPIC
FAIL: gcc.dg/20020312-2.c (test for excess errors)
WARNING: gcc.dg/20020312-2.c compilation failed to produce executable
WARNING: gcc.dg/20021014-1.c compilation failed to produce executable
FAIL: gcc.dg/duff-2.c (test for excess errors)

		=== gcc Summary for unix/-fPIC ===

# of expected passes		21214
# of unexpected failures	2
# of expected failures		67
# of unsupported tests		162

Running target unix/-fpic
FAIL: gcc.dg/20020312-2.c (test for excess errors)
WARNING: gcc.dg/20020312-2.c compilation failed to produce executable
WARNING: gcc.dg/20021014-1.c compilation failed to produce executable
FAIL: gcc.dg/duff-2.c (test for excess errors)

		=== gcc Summary for unix/-fpic ===

# of expected passes		21214
# of unexpected failures	2
# of expected failures		67
# of unsupported tests		162

Running target unix/-m64
FAIL: gcc.c-torture/compile/simd-5.c,  -O0  
FAIL: gcc.c-torture/compile/simd-5.c,  -O1  
FAIL: gcc.c-torture/compile/simd-5.c,  -O2  
FAIL: gcc.c-torture/compile/simd-5.c,  -O3 -fomit-frame-pointer  
FAIL: gcc.c-torture/compile/simd-5.c,  -O3 -g  
FAIL: gcc.c-torture/compile/simd-5.c,  -Os  
WARNING: gcc.dg/20021014-1.c compilation failed to produce executable
FAIL: gcc.dg/duff-2.c (test for excess errors)
FAIL: gcc.dg/sparc-ret.c (test for excess errors)
ERROR: gcc.dg/sparc-ret.c: error executing dg-final: couldn't open "sparc-ret.s": no such file or directory
UNRESOLVED: gcc.dg/sparc-ret.c: error executing dg-final: couldn't open "sparc-ret.s": no such file or directory

		=== gcc Summary for unix/-m64 ===

# of expected passes		21203
# of unexpected failures	8
# of expected failures		71
# of unresolved testcases	1
# of unsupported tests		162

Running target unix
WARNING: gcc.dg/20021014-1.c compilation failed to produce executable
FAIL: gcc.dg/duff-2.c (test for excess errors)

		=== gcc Summary for unix ===

# of expected passes		21216
# of unexpected failures	1
# of expected failures		67
# of unsupported tests		162

		=== gcc Summary ===

# of expected passes		84847
# of unexpected failures	13
# of expected failures		272
# of unresolved testcases	1
# of unsupported tests		648
/opt/gcc/gcc-branch/objdir/gcc/xgcc version 3.3

		=== g++ tests ===


Running target unix/-fPIC
FAIL: g++.dg/parse/crash2.C  (test for errors, line 5)
FAIL: g++.dg/parse/crash2.C (test for excess errors)

		=== g++ Summary for unix/-fPIC ===

# of expected passes		7925
# of unexpected failures	2
# of expected failures		100
# of untested testcases		21
# of unsupported tests		16

Running target unix/-fpic
FAIL: g++.dg/parse/crash2.C  (test for errors, line 5)
FAIL: g++.dg/parse/crash2.C (test for excess errors)

		=== g++ Summary for unix/-fpic ===

# of expected passes		7925
# of unexpected failures	2
# of expected failures		100
# of untested testcases		21
# of unsupported tests		16

Running target unix/-m64
FAIL: g++.dg/parse/crash2.C  (test for errors, line 5)
FAIL: g++.dg/parse/crash2.C (test for excess errors)

		=== g++ Summary for unix/-m64 ===

# of expected passes		7924
# of unexpected failures	2
# of expected failures		101
# of untested testcases		21
# of unsupported tests		16

Running target unix
FAIL: g++.dg/parse/crash2.C  (test for errors, line 5)
FAIL: g++.dg/parse/crash2.C (test for excess errors)

		=== g++ Summary for unix ===

# of expected passes		7925
# of unexpected failures	2
# of expected failures		100
# of untested testcases		21
# of unsupported tests		16

		=== g++ Summary ===

# of expected passes		31699
# of unexpected failures	8
# of expected failures		401
# of untested testcases		84
# of unsupported tests		64
/opt/gcc/gcc-branch/objdir/gcc/testsuite/../g++ version 3.3

		=== objc tests ===


Running target unix/-fPIC
FAIL: objc.dg/naming-1.m  (test for errors, line 20)
FAIL: objc.dg/naming-1.m (test for excess errors)
FAIL: objc.dg/naming-2.m  (test for errors, line 7)
FAIL: objc.dg/naming-2.m (test for excess errors)

		=== objc Summary for unix/-fPIC ===

# of expected passes		1149
# of unexpected failures	4

Running target unix/-fpic
FAIL: objc.dg/naming-1.m  (test for errors, line 20)
FAIL: objc.dg/naming-1.m (test for excess errors)
FAIL: objc.dg/naming-2.m  (test for errors, line 7)
FAIL: objc.dg/naming-2.m (test for excess errors)

		=== objc Summary for unix/-fpic ===

# of expected passes		1149
# of unexpected failures	4

Running target unix/-m64
FAIL: objc.dg/naming-1.m  (test for errors, line 20)
FAIL: objc.dg/naming-1.m (test for excess errors)
FAIL: objc.dg/naming-2.m  (test for errors, line 7)
FAIL: objc.dg/naming-2.m (test for excess errors)

		=== objc Summary for unix/-m64 ===

# of expected passes		1149
# of unexpected failures	4

Running target unix
FAIL: objc.dg/naming-1.m  (test for errors, line 20)
FAIL: objc.dg/naming-1.m (test for excess errors)
FAIL: objc.dg/naming-2.m  (test for errors, line 7)
FAIL: objc.dg/naming-2.m (test for excess errors)

		=== objc Summary for unix ===

# of expected passes		1149
# of unexpected failures	4

		=== objc Summary ===

# of expected passes		4596
# of unexpected failures	16
/opt/gcc/gcc-branch/objdir/gcc/xgcc version 3.3

		=== libjava tests ===


Running target unix/-fPIC
FAIL: Array_3 execution - gij test
FAIL: Array_3 execution - gij test
FAIL: FileHandleGcTest execution - source compiled test
FAIL: FileHandleGcTest execution - bytecode->native test
FAIL: FileHandleGcTest -O execution - source compiled test
FAIL: FileHandleGcTest -O execution - bytecode->native test
WARNING: program timed out.
FAIL: SyncTest execution - gij test
WARNING: program timed out.
FAIL: SyncTest execution - bytecode->native test
WARNING: program timed out.
FAIL: SyncTest execution - gij test
WARNING: program timed out.
FAIL: SyncTest -O execution - bytecode->native test
FAIL: Thread_Monitor execution - gij test
FAIL: Thread_Monitor execution - gij test
FAIL: Thread_Wait_Interrupt execution - gij test
FAIL: Thread_Wait_Interrupt execution - gij test
FAIL: Throw_2 execution - source compiled test
FAIL: Throw_2 execution - gij test
FAIL: Throw_2 execution - bytecode->native test
FAIL: Throw_2 -O execution - source compiled test
FAIL: Throw_2 execution - gij test
FAIL: Throw_2 -O execution - bytecode->native test
ERROR: No \`main' given in program inner4
UNRESOLVED: inner_array compilation from source

		=== libjava Summary for unix/-fPIC ===

# of expected passes		2945
# of unexpected failures	20
# of expected failures		16
# of unresolved testcases	1
# of untested testcases		32

Running target unix/-fpic
FAIL: Array_3 execution - gij test
FAIL: Array_3 execution - gij test
FAIL: FileHandleGcTest execution - source compiled test
FAIL: FileHandleGcTest execution - bytecode->native test
FAIL: FileHandleGcTest -O execution - source compiled test
FAIL: FileHandleGcTest -O execution - bytecode->native test
FAIL: SyncTest execution - gij test
WARNING: program timed out.
FAIL: SyncTest execution - bytecode->native test
WARNING: program timed out.
FAIL: SyncTest execution - gij test
WARNING: program timed out.
FAIL: SyncTest -O execution - bytecode->native test
FAIL: Thread_Monitor execution - gij test
FAIL: Thread_Monitor execution - gij test
FAIL: Thread_Wait_Interrupt execution - gij test
FAIL: Thread_Wait_Interrupt execution - gij test
FAIL: Throw_2 execution - source compiled test
FAIL: Throw_2 execution - gij test
FAIL: Throw_2 execution - bytecode->native test
FAIL: Throw_2 -O execution - source compiled test
FAIL: Throw_2 execution - gij test
FAIL: Throw_2 -O execution - bytecode->native test
FAIL: err5 compilation from bytecode
FAIL: inner1 compilation from bytecode
FAIL: inner_array compilation from bytecode
FAIL: stub -O compilation from bytecode

		=== libjava Summary for unix/-fpic ===

# of expected passes		2939
# of unexpected failures	24
# of expected failures		16
# of untested testcases		40

Running target unix/-m64
FAIL: Array_3 execution - gij test
FAIL: Array_3 execution - gij test
FAIL: FileHandleGcTest execution - source compiled test
FAIL: FileHandleGcTest execution - gij test
FAIL: FileHandleGcTest execution - bytecode->native test
FAIL: FileHandleGcTest -O execution - source compiled test
FAIL: FileHandleGcTest execution - gij test
FAIL: FileHandleGcTest -O execution - bytecode->native test
FAIL: PR141 execution - gij test
FAIL: PR141 execution - gij test
WARNING: program timed out.
FAIL: SyncTest execution - gij test
WARNING: program timed out.
FAIL: SyncTest execution - bytecode->native test
WARNING: program timed out.
FAIL: SyncTest execution - gij test
WARNING: program timed out.
FAIL: SyncTest -O execution - bytecode->native test
FAIL: Thread_Wait_Interrupt execution - gij test
FAIL: Thread_Wait_Interrupt execution - gij test
FAIL: final_inner compilation from bytecode
FAIL: stub compilation from bytecode

		=== libjava Summary for unix/-m64 ===

# of expected passes		2953
# of unexpected failures	18
# of expected failures		16
# of untested testcases		32

Running target unix
FAIL: Array_3 execution - gij test
FAIL: Array_3 execution - gij test
FAIL: FileHandleGcTest execution - source compiled test
FAIL: FileHandleGcTest execution - bytecode->native test
FAIL: FileHandleGcTest -O execution - source compiled test
FAIL: FileHandleGcTest -O execution - bytecode->native test
FAIL: SyncTest execution - gij test
WARNING: program timed out.
FAIL: SyncTest execution - bytecode->native test
WARNING: program timed out.
FAIL: SyncTest execution - gij test
WARNING: program timed out.
FAIL: SyncTest -O execution - bytecode->native test
FAIL: Thread_Monitor execution - gij test
FAIL: Thread_Monitor execution - gij test
FAIL: Thread_Wait_Interrupt execution - gij test
FAIL: Thread_Wait_Interrupt execution - gij test
FAIL: Throw_2 execution - source compiled test
FAIL: Throw_2 execution - gij test
FAIL: Throw_2 execution - bytecode->native test
FAIL: Throw_2 -O execution - source compiled test
FAIL: Throw_2 execution - gij test
FAIL: Throw_2 -O execution - bytecode->native test

		=== libjava Summary for unix ===

# of expected passes		2951
# of unexpected failures	20
# of expected failures		16
# of untested testcases		32

		=== libjava Summary ===

# of expected passes		11788
# of unexpected failures	82
# of expected failures		64
# of unresolved testcases	1
# of untested testcases		136
		=== libstdc++-v3 tests ===


Running target unix/-fPIC

		=== libstdc++-v3 Summary for unix/-fPIC ===

# of expected passes		429
# of expected failures		18

Running target unix/-fpic

		=== libstdc++-v3 Summary for unix/-fpic ===

# of expected passes		429
# of expected failures		18

Running target unix/-m64

		=== libstdc++-v3 Summary for unix/-m64 ===

# of expected passes		429
# of expected failures		18

Running target unix

		=== libstdc++-v3 Summary for unix ===

# of expected passes		429
# of expected failures		18

		=== libstdc++-v3 Summary ===

# of expected passes		1716
# of expected failures		72

Compiler version: 3.3 
Platform: sparc-sun-solaris2.9
configure flags: --host=sparc-sun-solaris2.9 --prefix=/var/tmp

Index Nav: [Date Index] [Subject Index] [Author Index] [Thread Index]
Message Nav: [Date Prev] [Date Next] [Thread Prev] [Thread Next]