This is the mail archive of the gcc-testresults@gcc.gnu.org mailing list for the GCC project.


Index Nav: [Date Index] [Subject Index] [Author Index] [Thread Index]
Message Nav: [Date Prev] [Date Next] [Thread Prev] [Thread Next]
Other format: [Raw text]

Results for 3.4 20030515 (experimental) testsuite on alphaev6-unknown-linux-gnu


LAST_UPDATED: Thu May 15 01:42:37 UTC 2003

Native configuration is alphaev6-unknown-linux-gnu

		=== libjava tests ===


Running target unix
WARNING: program timed out.
FAIL: SyncTest execution - gij test
WARNING: program timed out.
FAIL: SyncTest execution - bytecode->native test
WARNING: program timed out.
FAIL: SyncTest execution - gij test
WARNING: program timed out.
FAIL: SyncTest -O execution - bytecode->native test
FAIL: initexc execution - gij test
FAIL: initexc execution - gij test

		=== libjava Summary ===

# of expected passes		3007
# of unexpected failures	6
# of expected failures		16
# of untested testcases		18
		=== libstdc++-v3 tests ===


Running target unix
FAIL: 22_locale/codecvt/encoding/wchar_t/wrapped_locale.cc execution test
FAIL: 22_locale/codecvt/max_length/wchar_t/wrapped_locale.cc execution test
FAIL: 22_locale/collate/transform/char/2.cc execution test
FAIL: 22_locale/collate/transform/char/3.cc execution test
FAIL: 22_locale/collate/transform/char/wrapped_env.cc execution test
FAIL: 22_locale/collate/transform/char/wrapped_locale.cc execution test
FAIL: 22_locale/collate/transform/wchar_t/2.cc execution test
FAIL: 22_locale/collate/transform/wchar_t/3.cc execution test
FAIL: 22_locale/collate/transform/wchar_t/wrapped_env.cc execution test
FAIL: 22_locale/collate/transform/wchar_t/wrapped_locale.cc execution test
FAIL: 22_locale/collate_byname/1.cc execution test
FAIL: 22_locale/ctype/widen/wchar_t/2.cc execution test
FAIL: 26_numerics/fabs_inline.cc (test for excess errors)
WARNING: 26_numerics/fabs_inline.cc compilation failed to produce executable
FAIL: 27_io/basic_filebuf/underflow/wchar_t/9520.cc execution test

		=== libstdc++-v3 Summary ===

# of expected passes		1835
# of unexpected failures	14
# of expected failures		1
		=== g77 tests ===


Running target unix
FAIL: g77.f-torture/execute/980520-1.f compilation,  -O0 

		=== g77 Summary ===

# of expected passes		1708
# of unexpected failures	1
# of untested testcases		1
# of unsupported tests		8
/.amd_mnt/banach/export/mdd0/users/lucier/programs/gcc/gcc-3.4/objdir-alpha/gcc/testsuite/../g77 version 3.4 20030515 (experimental)

		=== gcc tests ===


Running target unix
WARNING: program timed out.
FAIL: gcc.c-torture/compile/20001226-1.c,  -O2  
WARNING: program timed out.
FAIL: gcc.c-torture/compile/20001226-1.c,  -O3 -fomit-frame-pointer  
WARNING: program timed out.
FAIL: gcc.c-torture/compile/20001226-1.c,  -O3 -g  
WARNING: program timed out.
FAIL: gcc.c-torture/compile/20001226-1.c,  -Os  
FAIL: gcc.dg/compat/struct-by-value-5 c_compat_x_tst.o-c_compat_y_tst.o execute 
FAIL: gcc.dg/builtins-10.c (test for excess errors)
FAIL: gcc.dg/duff-2.c (test for excess errors)
FAIL: gcc.dg/typespec-1.c unsigned long long int long (test for errors, line 932)
FAIL: gcc.dg/typespec-1.c unsigned long long int float (test for errors, line 933)
FAIL: gcc.dg/typespec-1.c unsigned long long int double (test for errors, line 934)
FAIL: gcc.dg/typespec-1.c unsigned long long int signed (test for errors, line 935)
FAIL: gcc.dg/typespec-1.c unsigned long long int unsigned (test for errors, line 936)
FAIL: gcc.dg/typespec-1.c unsigned long long int _Bool (test for errors, line 937)
FAIL: gcc.dg/typespec-1.c (test for excess errors)
FAIL: gcc.dg/uninit-A.c uninitialized variable warning (test for bogus messages, line 52)
FAIL: gcc.dg/uninit-A.c uninitialized variable warning (test for bogus messages, line 53)
FAIL: gcc.dg/pch/system-1.c -O0 -g assembly comparison
FAIL: gcc.dg/pch/system-1.c  -O3 -g  assembly comparison

		=== gcc Summary ===

# of expected passes		22522
# of unexpected failures	18
# of expected failures		83
# of unsupported tests		199
/.amd_mnt/banach/export/mdd0/users/lucier/programs/gcc/gcc-3.4/objdir-alpha/gcc/xgcc version 3.4 20030515 (experimental)

		=== g++ tests ===


Running target unix
WARNING: program timed out.
FAIL: system-1.H (test for excess errors)
WARNING: program timed out.
FAIL: system-1.H (test for excess errors)
WARNING: program timed out.
FAIL: system-1.H (test for excess errors)
WARNING: program timed out.
FAIL: system-2.H (test for excess errors)
WARNING: program timed out.
FAIL: system-2.H (test for excess errors)
WARNING: program timed out.
FAIL: system-2.H (test for excess errors)
WARNING: program timed out.
FAIL: uninst.H (test for excess errors)
WARNING: program timed out.
FAIL: uninst.H (test for excess errors)
WARNING: program timed out.
FAIL: uninst.H (test for excess errors)
WARNING: g++.old-deja/g++.mike/p10769a.C compilation failed to produce executable
FAIL: g++.old-deja/g++.oliva/template1.C (test for excess errors)
WARNING: g++.old-deja/g++.other/enum5.C compilation failed to produce executable
WARNING: g++.old-deja/g++.pt/friend44.C compilation failed to produce executable

		=== g++ Summary ===

# of expected passes		8463
# of unexpected failures	10
# of expected failures		69
# of untested testcases		18
# of unsupported tests		41
/.amd_mnt/banach/export/mdd0/users/lucier/programs/gcc/gcc-3.4/objdir-alpha/gcc/testsuite/../g++ version 3.4 20030515 (experimental)

		=== objc tests ===


Running target unix

		=== objc Summary ===

# of expected passes		1156
/.amd_mnt/banach/export/mdd0/users/lucier/programs/gcc/gcc-3.4/objdir-alpha/gcc/xgcc version 3.4 20030515 (experimental)


Compiler version: 3.4 20030515 (experimental) 
Platform: alphaev6-unknown-linux-gnu
configure flags: none
Counting all warnings,
there are 27 warnings in stage3 of this bootstrap.

Number of warnings per file:
      6	gcc/gthr-gnat.c
      6	gcc/crtstuff.c
      4	gcc/varasm.c
      2	/pkgs/gnu/share/bison.simple
      2	gcc/objc/lang-specs.h
      2	gcc/gthr-gnat.h
      2	gcc/f/sta.c
      1	insn-conditions.c
      1	gcc/java/jvspec.c
      1	gcc/gcc.c

Number of warning types:
      6	passing arg ??? of \`???' discards qualifiers from pointer target type
      6	function declaration isn't a prototype
      5	string length \`???' is greater than the length \`???' ISO C89 compilers are required to support
      5	comparison between signed and unsigned
      2	no previous prototype for \`???'
      2	dereferencing type-punned pointer will break strict-aliasing rules
      1	??? format, ??? arg (arg ???)


Index Nav: [Date Index] [Subject Index] [Author Index] [Thread Index]
Message Nav: [Date Prev] [Date Next] [Thread Prev] [Thread Next]