This is the mail archive of the gcc-testresults@gcc.gnu.org mailing list for the GCC project.


Index Nav: [Date Index] [Subject Index] [Author Index] [Thread Index]
Message Nav: [Date Prev] [Date Next] [Thread Prev] [Thread Next]
Other format: [Raw text]

Results for 3.4 20030514 (experimental) testsuite on hppa-unknown-linux-gnu


LAST_UPDATED: Thu May 15 00:05:57 UTC 2003

Native configuration is hppa-unknown-linux-gnu

		=== g++ tests ===


Running target unix
FAIL: g++.dg/compat/break/bitfield7 cp_compat_x_tst.o compile
UNRESOLVED: g++.dg/compat/break/bitfield7 cp_compat_x_tst.o-cp_compat_y_tst.o link 
UNRESOLVED: g++.dg/compat/break/bitfield7 cp_compat_x_tst.o-cp_compat_y_tst.o execute 
XPASS: g++.dg/other/packed1.C execution test
FAIL: g++.old-deja/g++.bugs/900210_01.C  (test for errors, line 110)
FAIL: g++.old-deja/g++.bugs/900210_01.C (test for excess errors)
WARNING: g++.old-deja/g++.mike/p10769a.C compilation failed to produce executable
FAIL: g++.old-deja/g++.oliva/template1.C (test for excess errors)
WARNING: g++.old-deja/g++.other/enum5.C compilation failed to produce executable
XPASS: g++.old-deja/g++.other/init5.C execution test
WARNING: g++.old-deja/g++.pt/friend44.C compilation failed to produce executable

		=== g++ Summary ===

# of expected passes		8489
# of unexpected failures	4
# of unexpected successes	2
# of expected failures		68
# of unresolved testcases	2
# of unsupported tests		43
/home/dave/gcc-3.4/objdir/gcc/testsuite/../g++ version 3.4 20030514 (experimental)

		=== g77 tests ===


Running target unix
FAIL: g77.f-torture/execute/980520-1.f compilation,  -O0 

		=== g77 Summary ===

# of expected passes		1708
# of unexpected failures	1
# of untested testcases		1
# of unsupported tests		8
/home/dave/gcc-3.4/objdir/gcc/testsuite/../g77 version 3.4 20030514 (experimental)

		=== gcc tests ===


Running target unix
FAIL: gcc.c-torture/execute/20010119-1.c compilation,  -O2 
UNRESOLVED: gcc.c-torture/execute/20010119-1.c execution,  -O2 
FAIL: gcc.c-torture/execute/20010119-1.c compilation,  -O3 -fomit-frame-pointer 
UNRESOLVED: gcc.c-torture/execute/20010119-1.c execution,  -O3 -fomit-frame-pointer 
FAIL: gcc.c-torture/execute/20010119-1.c compilation,  -O3 -fomit-frame-pointer -funroll-loops 
UNRESOLVED: gcc.c-torture/execute/20010119-1.c execution,  -O3 -fomit-frame-pointer -funroll-loops 
FAIL: gcc.c-torture/execute/20010119-1.c compilation,  -O3 -fomit-frame-pointer -funroll-all-loops -finline-functions 
UNRESOLVED: gcc.c-torture/execute/20010119-1.c execution,  -O3 -fomit-frame-pointer -funroll-all-loops -finline-functions 
FAIL: gcc.c-torture/execute/20010119-1.c compilation,  -O3 -g 
UNRESOLVED: gcc.c-torture/execute/20010119-1.c execution,  -O3 -g 
FAIL: gcc.c-torture/execute/20010119-1.c compilation,  -Os 
UNRESOLVED: gcc.c-torture/execute/20010119-1.c execution,  -Os 
FAIL: gcc.dg/debug/debug-1.c scan-assembler xyzzy
FAIL: gcc.dg/debug/debug-1.c scan-assembler xyzzy
FAIL: gcc.dg/debug/debug-1.c scan-assembler xyzzy
FAIL: gcc.dg/debug/debug-1.c scan-assembler xyzzy
FAIL: gcc.dg/debug/debug-1.c scan-assembler xyzzy
FAIL: gcc.dg/debug/debug-1.c scan-assembler xyzzy
FAIL: gcc.dg/debug/debug-2.c scan-assembler xyzzy
FAIL: gcc.dg/debug/debug-2.c scan-assembler xyzzy
FAIL: gcc.dg/debug/debug-2.c scan-assembler xyzzy
FAIL: gcc.dg/debug/debug-2.c scan-assembler xyzzy
FAIL: gcc.dg/debug/debug-2.c scan-assembler xyzzy
FAIL: gcc.dg/debug/debug-2.c scan-assembler xyzzy
FAIL: gcc.dg/builtins-10.c (test for excess errors)
FAIL: gcc.dg/const-elim-1.c scan-assembler-not LC[^A-Z]
FAIL: gcc.dg/duff-2.c (test for excess errors)
FAIL: gcc.dg/typespec-1.c unsigned long long int double (test for errors, line 934)
FAIL: gcc.dg/typespec-1.c unsigned long long int signed (test for errors, line 935)
FAIL: gcc.dg/typespec-1.c unsigned long long int unsigned (test for errors, line 936)
FAIL: gcc.dg/typespec-1.c unsigned long long int _Bool (test for errors, line 937)
FAIL: gcc.dg/uninit-C.c (test for excess errors)
FAIL: gcc.dg/format/c90-printf-1.c %s with NULL (test for warnings, line 236)
FAIL: gcc.dg/format/c90-printf-1.c (test for excess errors)
FAIL: gcc.dg/format/c90-printf-1.c %s with NULL (test for warnings, line 236)
FAIL: gcc.dg/format/c90-printf-1.c (test for excess errors)

		=== gcc Summary ===

# of expected passes		21900
# of unexpected failures	30
# of expected failures		73
# of unresolved testcases	6
# of unsupported tests		208
/home/dave/gcc-3.4/objdir/gcc/xgcc version 3.4 20030514 (experimental)

		=== objc tests ===


Running target unix

		=== objc Summary ===

# of expected passes		1156
/home/dave/gcc-3.4/objdir/gcc/xgcc version 3.4 20030514 (experimental)

		=== libstdc++-v3 tests ===


Running target unix
FAIL: 22_locale/ctype/is/wchar_t/1.cc execution test
FAIL: 22_locale/messages/members/char/1.cc execution test
FAIL: 22_locale/messages/members/char/2.cc execution test
FAIL: 22_locale/messages/members/char/wrapped_env.cc execution test
FAIL: 22_locale/messages/members/char/wrapped_locale.cc execution test
FAIL: 22_locale/messages_byname/1.cc execution test
XPASS: 26_numerics/c99_classification_macros_c.cc (test for excess errors)

		=== libstdc++-v3 Summary ===

# of expected passes		1844
# of unexpected failures	6
# of unexpected successes	1

Compiler version: 3.4 20030514 (experimental) 
Platform: hppa-unknown-linux-gnu
configure flags: --with-gnu-as --with-as=/home/dave/opt/gnu/bin/as --with-gnu-ld --with-ld=/home/dave/opt/gnu/bin/ld --enable-shared --disable-nls --prefix=/home/dave/opt/gnu --with-local-prefix=/home/dave/opt/gnu --enable-threads=posix --enable-__cxa_atexit --host=hppa-linux


Index Nav: [Date Index] [Subject Index] [Author Index] [Thread Index]
Message Nav: [Date Prev] [Date Next] [Thread Prev] [Thread Next]