This is the mail archive of the gcc-testresults@gcc.gnu.org mailing list for the GCC project.


Index Nav: [Date Index] [Subject Index] [Author Index] [Thread Index]
Message Nav: [Date Prev] [Date Next] [Thread Prev] [Thread Next]
Other format: [Raw text]

Results for 3.3 testsuite on hppa2.0w-hp-hpux11.00


LAST_UPDATED: Thu May 15 04:25:22 UTC 2003

Native configuration is hppa2.0w-hp-hpux11.00

		=== g++ tests ===


Running target unix
FAIL: g++.dg/compat/break/bitfield7 x_tst.o compile
UNRESOLVED: g++.dg/compat/break/bitfield7 x_tst.o-y_tst.o link 
UNRESOLVED: g++.dg/compat/break/bitfield7 x_tst.o-y_tst.o execute 
FAIL: g++.ext/attrib5.C (test for excess errors)
XPASS: g++.pt/static3.C (test for excess errors)
XPASS: g++.pt/static3.C  Execution test
XPASS: g++.pt/static6.C (test for excess errors)

		=== g++ Summary ===

# of expected passes		7806
# of unexpected failures	2
# of unexpected successes	3
# of expected failures		99
# of unresolved testcases	2
# of untested testcases		23
# of unsupported tests		18
/xxx/gnu/gcc-3.3/objdir/gcc/testsuite/../g++ version 3.3

		=== g77 tests ===


Running target unix

		=== g77 Summary ===

# of expected passes		1686
# of unsupported tests		8
/xxx/gnu/gcc-3.3/objdir/gcc/testsuite/../g77 version 3.3

		=== gcc tests ===


Running target unix
FAIL: gcc.dg/duff-2.c (test for excess errors)
FAIL: gcc.dg/uninit-C.c (test for excess errors)
UNRESOLVED: weak-1.c
UNRESOLVED: weak-2.c
UNRESOLVED: wkali-1.c
UNRESOLVED: wkali-2.c
UNRESOLVED: gcc.dg/weak

		=== gcc Summary ===

# of expected passes		20491
# of unexpected failures	2
# of expected failures		67
# of unresolved testcases	5
# of unsupported tests		176
/xxx/gnu/gcc-3.3/objdir/gcc/xgcc version 3.3

		=== objc tests ===


Running target unix

		=== objc Summary ===

# of expected passes		1153
/xxx/gnu/gcc-3.3/objdir/gcc/xgcc version 3.3

		=== libstdc++-v3 tests ===


Running target unix
FAIL: 26_numerics/c99_classification_macros_c.cc (test for excess errors)

		=== libstdc++-v3 Summary ===

# of expected passes		417
# of unexpected failures	1
# of expected failures		17
# of unsupported tests		6

Compiler version: 3.3 
Platform: hppa2.0w-hp-hpux11.00
configure flags: --host=hppa2.0w-hp-hpux11.00 --with-gnu-as --with-as=/opt/gnu/bin/as --enable-shared --with-local-prefix=/opt/gnu --prefix=/opt/gnu --enable-debug=no


Index Nav: [Date Index] [Subject Index] [Author Index] [Thread Index]
Message Nav: [Date Prev] [Date Next] [Thread Prev] [Thread Next]