This is the mail archive of the gcc-testresults@gcc.gnu.org mailing list for the GCC project.


Index Nav: [Date Index] [Subject Index] [Author Index] [Thread Index]
Message Nav: [Date Prev] [Date Next] [Thread Prev] [Thread Next]
Other format: [Raw text]

Results for 3.5-tree-ssa 20030513 (merged 20030511) testsuite on hppa-unknown-linux-gnu


LAST_UPDATED: Tue May 13 19:59:19 UTC 2003

Native configuration is hppa-unknown-linux-gnu

		=== g++ tests ===


Running target unix
FAIL: g++.dg/bprob/g++-bprob-1.C execution,    -g  -fprofile-arcs
UNRESOLVED: g++.dg/bprob/g++-bprob-1.C compilation,  -g  -fbranch-probabilities
UNRESOLVED: g++.dg/bprob/g++-bprob-1.C execution,    -g  -fbranch-probabilities
FAIL: g++.dg/bprob/g++-bprob-1.C execution,    -O0  -fprofile-arcs
UNRESOLVED: g++.dg/bprob/g++-bprob-1.C compilation,  -O0  -fbranch-probabilities
UNRESOLVED: g++.dg/bprob/g++-bprob-1.C execution,    -O0  -fbranch-probabilities
FAIL: g++.dg/bprob/g++-bprob-1.C execution,    -O1  -fprofile-arcs
UNRESOLVED: g++.dg/bprob/g++-bprob-1.C compilation,  -O1  -fbranch-probabilities
UNRESOLVED: g++.dg/bprob/g++-bprob-1.C execution,    -O1  -fbranch-probabilities
FAIL: g++.dg/bprob/g++-bprob-1.C execution,    -O2  -fprofile-arcs
UNRESOLVED: g++.dg/bprob/g++-bprob-1.C compilation,  -O2  -fbranch-probabilities
UNRESOLVED: g++.dg/bprob/g++-bprob-1.C execution,    -O2  -fbranch-probabilities
FAIL: g++.dg/bprob/g++-bprob-1.C execution,    -O3  -fprofile-arcs
UNRESOLVED: g++.dg/bprob/g++-bprob-1.C compilation,  -O3  -fbranch-probabilities
UNRESOLVED: g++.dg/bprob/g++-bprob-1.C execution,    -O3  -fbranch-probabilities
FAIL: g++.dg/bprob/g++-bprob-1.C execution,    -O3 -g  -fprofile-arcs
UNRESOLVED: g++.dg/bprob/g++-bprob-1.C compilation,  -O3 -g  -fbranch-probabilities
UNRESOLVED: g++.dg/bprob/g++-bprob-1.C execution,    -O3 -g  -fbranch-probabilities
FAIL: g++.dg/bprob/g++-bprob-1.C execution,    -Os  -fprofile-arcs
UNRESOLVED: g++.dg/bprob/g++-bprob-1.C compilation,  -Os  -fbranch-probabilities
UNRESOLVED: g++.dg/bprob/g++-bprob-1.C execution,    -Os  -fbranch-probabilities
FAIL: g++.dg/compat/abi/bitfield1 cp_compat_x_tst.o-cp_compat_y_tst.o execute 
FAIL: g++.dg/compat/abi/bitfield2 cp_compat_x_tst.o-cp_compat_y_tst.o execute 
FAIL: g++.dg/compat/abi/vbase8-10 cp_compat_x_tst.o-cp_compat_y_tst.o execute 
FAIL: g++.dg/compat/abi/vbase8-21 cp_compat_x_tst.o-cp_compat_y_tst.o execute 
FAIL: g++.dg/compat/abi/vbase8-22 cp_compat_x_tst.o-cp_compat_y_tst.o execute 
FAIL: g++.dg/compat/abi/vbase8-4 cp_compat_x_tst.o-cp_compat_y_tst.o execute 
FAIL: g++.dg/compat/break/bitfield5 cp_compat_x_tst.o-cp_compat_y_tst.o execute 
FAIL: g++.dg/compat/break/bitfield7 cp_compat_x_tst.o compile
UNRESOLVED: g++.dg/compat/break/bitfield7 cp_compat_x_tst.o-cp_compat_y_tst.o link 
UNRESOLVED: g++.dg/compat/break/bitfield7 cp_compat_x_tst.o-cp_compat_y_tst.o execute 
FAIL: g++.dg/compat/break/empty6 cp_compat_x_tst.o-cp_compat_y_tst.o execute 
FAIL: g++.dg/compat/break/vbase10 cp_compat_x_tst.o-cp_compat_y_tst.o execute 
FAIL: g++.dg/compat/break/vbase11 cp_compat_x_tst.o-cp_compat_y_tst.o execute 
FAIL: g++.dg/compat/eh/ctor1 cp_compat_x_tst.o-cp_compat_y_tst.o execute 
FAIL: g++.dg/compat/eh/ctor2 cp_compat_x_tst.o-cp_compat_y_tst.o execute 
FAIL: g++.dg/compat/eh/dtor1 cp_compat_x_tst.o-cp_compat_y_tst.o execute 
FAIL: g++.dg/compat/eh/filter1 cp_compat_x_tst.o-cp_compat_y_tst.o execute 
FAIL: g++.dg/compat/eh/filter2 cp_compat_x_tst.o-cp_compat_y_tst.o execute 
FAIL: g++.dg/compat/eh/new1 cp_compat_x_tst.o-cp_compat_y_tst.o execute 
FAIL: g++.dg/compat/eh/nrv1 cp_compat_x_tst.o-cp_compat_y_tst.o execute 
FAIL: g++.dg/compat/eh/spec3 cp_compat_x_tst.o-cp_compat_y_tst.o execute 
FAIL: g++.dg/compat/eh/template1 cp_compat_x_tst.o-cp_compat_y_tst.o execute 
FAIL: g++.dg/compat/eh/unexpected1 cp_compat_x_tst.o-cp_compat_y_tst.o execute 
FAIL: g++.dg/compat/init/array5 cp_compat_x_tst.o-cp_compat_y_tst.o execute 
FAIL: g++.dg/compat/init/byval1 cp_compat_x_tst.o-cp_compat_y_tst.o execute 
FAIL: g++.dg/compat/init/dtor1 cp_compat_x_tst.o-cp_compat_y_tst.o execute 
FAIL: g++.dg/compat/init/elide1 cp_compat_x_tst.o-cp_compat_y_tst.o execute 
FAIL: g++.dg/compat/init/init-ref2 cp_compat_x_tst.o-cp_compat_y_tst.o execute 
FAIL: g++.dg/debug/trivial.C execution test
FAIL: g++.dg/debug/trivial.C execution test
FAIL: g++.dg/debug/trivial.C execution test
FAIL: g++.dg/debug/trivial.C execution test
FAIL: g++.dg/debug/trivial.C execution test
FAIL: g++.dg/debug/trivial.C execution test
FAIL: g++.dg/debug/trivial.C execution test
FAIL: g++.dg/debug/trivial.C execution test
FAIL: g++.dg/debug/trivial.C execution test
FAIL: g++.dg/debug/trivial.C execution test
FAIL: g++.dg/debug/trivial.C execution test
FAIL: g++.dg/debug/trivial.C execution test
FAIL: g++.dg/debug/trivial.C execution test
FAIL: g++.dg/debug/trivial.C execution test
FAIL: g++.dg/debug/trivial.C execution test
FAIL: g++.dg/debug/trivial.C execution test
FAIL: g++.dg/debug/trivial.C execution test
FAIL: g++.dg/debug/trivial.C execution test
FAIL: g++.dg/debug/trivial.C execution test
FAIL: g++.dg/debug/trivial.C execution test
FAIL: g++.dg/debug/trivial.C execution test
FAIL: g++.dg/debug/trivial.C execution test
FAIL: g++.dg/debug/trivial.C execution test
FAIL: g++.dg/debug/trivial.C execution test
FAIL: g++.dg/debug/trivial.C execution test
FAIL: g++.dg/debug/trivial.C execution test
FAIL: g++.dg/debug/trivial.C execution test
FAIL: g++.dg/abi/bitfield1.C execution test
FAIL: g++.dg/abi/bitfield2.C execution test
FAIL: g++.dg/abi/bitfield4.C execution test
FAIL: g++.dg/abi/bitfield6.C execution test
FAIL: g++.dg/abi/empty11.C execution test
FAIL: g++.dg/abi/empty4.C execution test
FAIL: g++.dg/abi/empty8.C execution test
FAIL: g++.dg/abi/enum1.C execution test
FAIL: g++.dg/abi/layout1.C execution test
FAIL: g++.dg/abi/layout2.C execution test
FAIL: g++.dg/abi/mangle2.C execution test
FAIL: g++.dg/abi/offsetof.C execution test
FAIL: g++.dg/abi/param1.C execution test
FAIL: g++.dg/abi/rtti2.C execution test
FAIL: g++.dg/abi/vbase12.C execution test
FAIL: g++.dg/abi/vbase13.C execution test
FAIL: g++.dg/abi/vbase8-10.C execution test
FAIL: g++.dg/abi/vbase8-21.C execution test
FAIL: g++.dg/abi/vbase8-22.C execution test
FAIL: g++.dg/abi/vbase8-4.C execution test
FAIL: g++.dg/abi/vcall1.C execution test
FAIL: g++.dg/eh/cond1.C execution test
FAIL: g++.dg/eh/ctor1.C execution test
FAIL: g++.dg/eh/ctor2.C execution test
FAIL: g++.dg/eh/dtor1.C execution test
FAIL: g++.dg/eh/filter1.C execution test
FAIL: g++.dg/eh/filter2.C execution test
FAIL: g++.dg/eh/forced1.C execution test
FAIL: g++.dg/eh/forced2.C execution test
FAIL: g++.dg/eh/forced3.C execution test
FAIL: g++.dg/eh/forced4.C execution test
FAIL: g++.dg/eh/loop1.C execution test
FAIL: g++.dg/eh/loop2.C execution test
FAIL: g++.dg/eh/new1.C execution test
FAIL: g++.dg/eh/omit-frame-pointer.C execution test
FAIL: g++.dg/eh/omit-frame-pointer2.C execution test
FAIL: g++.dg/eh/registers1.C execution test
FAIL: g++.dg/eh/simd-1.C execution test
FAIL: g++.dg/eh/simd-2.C execution test
FAIL: g++.dg/eh/spec3.C execution test
FAIL: g++.dg/eh/spec5.C execution test
FAIL: g++.dg/eh/template1.C execution test
FAIL: g++.dg/eh/unexpected1.C execution test
FAIL: g++.dg/expr/cond1.C execution test
FAIL: g++.dg/ext/alignof1.C execution test
FAIL: g++.dg/ext/attrib3.C execution test
FAIL: g++.dg/ext/oper1.C execution test
FAIL: g++.dg/inherit/covariant1.C execution test
FAIL: g++.dg/inherit/covariant2.C execution test
FAIL: g++.dg/inherit/covariant3.C execution test
FAIL: g++.dg/inherit/covariant4.C execution test
FAIL: g++.dg/inherit/null1.C execution test
FAIL: g++.dg/inherit/operator1.C execution test
FAIL: g++.dg/inherit/using2.C execution test
FAIL: g++.dg/init/addr-const1.C execution test
FAIL: g++.dg/init/array1.C execution test
FAIL: g++.dg/init/array5.C execution test
FAIL: g++.dg/init/attrib1.C execution test
FAIL: g++.dg/init/byval1.C execution test
FAIL: g++.dg/init/copy3.C execution test
FAIL: g++.dg/init/ctor1.C execution test
FAIL: g++.dg/init/ctor2.C execution test
FAIL: g++.dg/init/dtor1.C execution test
FAIL: g++.dg/init/dtor2.C execution test
FAIL: g++.dg/init/elide1.C execution test
FAIL: g++.dg/init/elide2.C execution test
FAIL: g++.dg/init/elide3.C execution test
FAIL: g++.dg/init/empty1.C execution test
FAIL: g++.dg/init/init-ref1.C execution test
FAIL: g++.dg/init/init-ref2.C execution test
FAIL: g++.dg/init/new4.C (test for excess errors)
FAIL: g++.dg/init/new5.C execution test
FAIL: g++.dg/init/pm1.C execution test
FAIL: g++.dg/init/ref4.C execution test
FAIL: g++.dg/lookup/anon1.C execution test
FAIL: g++.dg/lookup/template1.C execution test
FAIL: g++.dg/lookup/two-stage1.C execution test
FAIL: g++.dg/opt/alias1.C execution test
FAIL: g++.dg/opt/alias2.C execution test
FAIL: g++.dg/opt/cleanup1.C execution test
FAIL: g++.dg/opt/const1.C execution test
FAIL: g++.dg/opt/const2.C execution test
FAIL: g++.dg/opt/dtor1.C execution test
FAIL: g++.dg/opt/nrv1.C execution test
FAIL: g++.dg/opt/nrv2.C execution test
FAIL: g++.dg/opt/nrv3.C execution test
FAIL: g++.dg/opt/nrv4.C execution test
FAIL: g++.dg/opt/nrv5.C execution test
FAIL: g++.dg/opt/nrv6.C execution test
FAIL: g++.dg/opt/pr6713.C execution test
FAIL: g++.dg/opt/preinc1.C execution test
FAIL: g++.dg/opt/ptrintsum1.C execution test
FAIL: g++.dg/opt/reg-stack.C execution test
FAIL: g++.dg/opt/rtti1.C execution test
FAIL: g++.dg/opt/thunk1.C execution test
FAIL: g++.dg/other/copy1.C execution test
FAIL: g++.dg/other/copy2.C execution test
FAIL: g++.dg/other/init2.C execution test
FAIL: g++.dg/other/offsetof2.C execution test
FAIL: g++.dg/other/ptrmem1.C execution test
FAIL: g++.dg/other/ptrmem3.C execution test
FAIL: g++.dg/other/stdarg1.C execution test
FAIL: g++.dg/overload/member2.C execution test
FAIL: g++.dg/parse/stack1.C (test for excess errors)
FAIL: g++.dg/rtti/cv1.C execution test
FAIL: g++.dg/template/conv2.C execution test
FAIL: g++.dg/template/conv3.C execution test
FAIL: g++.dg/template/ctor2.C execution test
FAIL: g++.dg/template/deduce1.C execution test
FAIL: g++.dg/template/friend10.C execution test
FAIL: g++.dg/template/friend18.C execution test
FAIL: g++.dg/template/partial1.C execution test
FAIL: g++.dg/template/pretty1.C execution test
FAIL: g++.dg/template/qual2.C execution test
FAIL: g++.dg/template/qualttp16.C execution test
FAIL: g++.dg/template/union1.C execution test
FAIL: g++.dg/template/vtable1.C execution test
FAIL: g++.dg/gcov/gcov-1.C execution test
FAIL: g++.dg/gcov/gcov-1.C gcov failed: gcov-1.C.gcov does not exist
FAIL: g++.dg/gcov/gcov-2.C execution test
FAIL: g++.dg/gcov/gcov-2.C gcov failed: gcov-2.C.gcov does not exist
FAIL: g++.dg/gcov/gcov-3.C execution test
FAIL: g++.dg/gcov/gcov-3.C gcov failed: gcov-3.C.gcov does not exist
FAIL: g++.dg/special/conpr-1.C execution test
FAIL: g++.dg/special/conpr-2.C execution test
FAIL: g++.dg/special/conpr-3.C execution test
FAIL: g++.dg/special/conpr-3.C execution test
FAIL: g++.dg/special/initp1.C execution test
FAIL: g++.old-deja/g++.abi/arraynew.C execution test
FAIL: g++.old-deja/g++.abi/cxa_vec.C execution test
FAIL: g++.old-deja/g++.abi/empty.C execution test
FAIL: g++.old-deja/g++.abi/layout1.C execution test
FAIL: g++.old-deja/g++.abi/primary.C execution test
FAIL: g++.old-deja/g++.abi/primary2.C execution test
FAIL: g++.old-deja/g++.abi/primary3.C execution test
FAIL: g++.old-deja/g++.abi/primary4.C execution test
FAIL: g++.old-deja/g++.abi/primary5.C execution test
FAIL: g++.old-deja/g++.abi/ptrflags.C execution test
FAIL: g++.old-deja/g++.abi/ptrmem.C execution test
FAIL: g++.old-deja/g++.abi/vbase1.C execution test
FAIL: g++.old-deja/g++.abi/vbase2.C execution test
FAIL: g++.old-deja/g++.abi/vbase3.C execution test
FAIL: g++.old-deja/g++.abi/vbase4.C execution test
FAIL: g++.old-deja/g++.abi/vbase7.C execution test
FAIL: g++.old-deja/g++.abi/vbase8-5.C execution test
FAIL: g++.old-deja/g++.abi/vbase8-9.C execution test
FAIL: g++.old-deja/g++.abi/vmihint.C execution test
FAIL: g++.old-deja/g++.abi/vtable.C execution test
FAIL: g++.old-deja/g++.abi/vtable2.C execution test
FAIL: g++.old-deja/g++.abi/vtable3a.C execution test
FAIL: g++.old-deja/g++.abi/vtable3b.C execution test
FAIL: g++.old-deja/g++.abi/vtable3c.C execution test
FAIL: g++.old-deja/g++.abi/vtable3d.C execution test
FAIL: g++.old-deja/g++.abi/vtable3e.C execution test
FAIL: g++.old-deja/g++.abi/vtable3f.C execution test
FAIL: g++.old-deja/g++.abi/vtable3g.C execution test
FAIL: g++.old-deja/g++.abi/vtable3h.C execution test
FAIL: g++.old-deja/g++.abi/vtable3i.C execution test
FAIL: g++.old-deja/g++.abi/vtable3j.C execution test
FAIL: g++.old-deja/g++.benjamin/14687.C execution test
FAIL: g++.old-deja/g++.benjamin/15071.C execution test
FAIL: g++.old-deja/g++.benjamin/15351-1.C execution test
FAIL: g++.old-deja/g++.benjamin/15351-2.C execution test
FAIL: g++.old-deja/g++.benjamin/15822.C execution test
FAIL: g++.old-deja/g++.benjamin/bool01.C execution test
FAIL: g++.old-deja/g++.benjamin/bool02.C execution test
FAIL: g++.old-deja/g++.benjamin/tem06.C execution test
FAIL: g++.old-deja/g++.benjamin/tem07.C execution test
FAIL: g++.old-deja/g++.benjamin/typeid01.C execution test
FAIL: g++.old-deja/g++.bob/delete1.C execution test
FAIL: g++.old-deja/g++.bob/packed1.C execution test
FAIL: g++.old-deja/g++.bob/template4.C execution test
FAIL: g++.old-deja/g++.brendan/code-gen1.C execution test
FAIL: g++.old-deja/g++.brendan/code-gen2.C execution test
FAIL: g++.old-deja/g++.brendan/code-gen3.C execution test
FAIL: g++.old-deja/g++.brendan/code-gen4.C execution test
FAIL: g++.old-deja/g++.brendan/code-gen6.C execution test
FAIL: g++.old-deja/g++.brendan/complex1.C execution test
FAIL: g++.old-deja/g++.brendan/copy1.C execution test
FAIL: g++.old-deja/g++.brendan/copy2.C execution test
FAIL: g++.old-deja/g++.brendan/copy3.C execution test
FAIL: g++.old-deja/g++.brendan/copy4.C execution test
FAIL: g++.old-deja/g++.brendan/copy5.C execution test
FAIL: g++.old-deja/g++.brendan/copy6.C execution test
FAIL: g++.old-deja/g++.brendan/copy7.C execution test
FAIL: g++.old-deja/g++.brendan/copy8.C execution test
FAIL: g++.old-deja/g++.brendan/copy9.C execution test
FAIL: g++.old-deja/g++.brendan/ctors1.C execution test
FAIL: g++.old-deja/g++.brendan/ctors2.C execution test
FAIL: g++.old-deja/g++.brendan/delete2.C execution test
FAIL: g++.old-deja/g++.brendan/dtors1.C execution test
FAIL: g++.old-deja/g++.brendan/dtors2.C execution test
FAIL: g++.old-deja/g++.brendan/dtors3.C execution test
FAIL: g++.old-deja/g++.brendan/eh1.C execution test
FAIL: g++.old-deja/g++.brendan/groff1.C execution test
FAIL: g++.old-deja/g++.brendan/init3.C execution test
FAIL: g++.old-deja/g++.brendan/misc7.C execution test
FAIL: g++.old-deja/g++.brendan/nest21.C execution test
FAIL: g++.old-deja/g++.brendan/new2.C execution test
FAIL: g++.old-deja/g++.brendan/new3.C execution test
FAIL: g++.old-deja/g++.brendan/operators5.C execution test
FAIL: g++.old-deja/g++.brendan/overload2.C execution test
FAIL: g++.old-deja/g++.brendan/overload7.C execution test
FAIL: g++.old-deja/g++.brendan/parse3.C (test for excess errors)
FAIL: g++.old-deja/g++.brendan/ptolemy2.C execution test
FAIL: g++.old-deja/g++.brendan/redecl2.C execution test
FAIL: g++.old-deja/g++.brendan/reference1.C execution test
FAIL: g++.old-deja/g++.brendan/sizeof5.C execution test
FAIL: g++.old-deja/g++.brendan/template22.C execution test
FAIL: g++.old-deja/g++.brendan/template24.C execution test
FAIL: g++.old-deja/g++.brendan/template3.C execution test
FAIL: g++.old-deja/g++.brendan/union1.C execution test
FAIL: g++.old-deja/g++.brendan/vtables1.C execution test
FAIL: g++.old-deja/g++.bugs/891230_01.C execution test
FAIL: g++.old-deja/g++.bugs/900107_01.C execution test
FAIL: g++.old-deja/g++.bugs/900207_03.C execution test
FAIL: g++.old-deja/g++.bugs/900208_02.C execution test
FAIL: g++.old-deja/g++.bugs/900212_03.C execution test
FAIL: g++.old-deja/g++.bugs/900220_01.C execution test
FAIL: g++.old-deja/g++.bugs/900220_02.C execution test
FAIL: g++.old-deja/g++.bugs/900220_03.C execution test
FAIL: g++.old-deja/g++.bugs/900321_02.C execution test
FAIL: g++.old-deja/g++.bugs/900321_04.C execution test
FAIL: g++.old-deja/g++.bugs/900321_05.C execution test
FAIL: g++.old-deja/g++.bugs/900324_03.C execution test
FAIL: g++.old-deja/g++.bugs/900324_06.C execution test
FAIL: g++.old-deja/g++.bugs/900331_02.C execution test
FAIL: g++.old-deja/g++.bugs/900331_03.C execution test
FAIL: g++.old-deja/g++.bugs/900331_04.C execution test
FAIL: g++.old-deja/g++.bugs/900406_02.C execution test
FAIL: g++.old-deja/g++.bugs/900511_01.C execution test
FAIL: g++.old-deja/g++.bugs/900519_04.C execution test
FAIL: g++.old-deja/g++.bugs/900519_05.C execution test
FAIL: g++.old-deja/g++.bugs/900520_04.C execution test
FAIL: g++.old-deja/g++.bugs/900520_05.C execution test
FAIL: g++.old-deja/g++.bugs/900520_06.C execution test
FAIL: g++.old-deja/g++.eh/badalloc1.C execution test
FAIL: g++.old-deja/g++.eh/catch11.C execution test
FAIL: g++.old-deja/g++.eh/catch12.C execution test
FAIL: g++.old-deja/g++.eh/catch3.C execution test
FAIL: g++.old-deja/g++.eh/catch3p.C execution test
FAIL: g++.old-deja/g++.eh/catch4.C execution test
FAIL: g++.old-deja/g++.eh/catch4p.C execution test
FAIL: g++.old-deja/g++.eh/catch5.C execution test
FAIL: g++.old-deja/g++.eh/catch5p.C execution test
FAIL: g++.old-deja/g++.eh/catch6.C execution test
FAIL: g++.old-deja/g++.eh/catch6p.C execution test
FAIL: g++.old-deja/g++.eh/catch7.C execution test
FAIL: g++.old-deja/g++.eh/catch7p.C execution test
FAIL: g++.old-deja/g++.eh/catch8.C execution test
FAIL: g++.old-deja/g++.eh/catch8p.C execution test
FAIL: g++.old-deja/g++.eh/catch9.C execution test
FAIL: g++.old-deja/g++.eh/catch9p.C execution test
FAIL: g++.old-deja/g++.eh/catchptr1.C execution test
FAIL: g++.old-deja/g++.eh/cleanup1.C execution test
FAIL: g++.old-deja/g++.eh/cleanup2.C execution test
FAIL: g++.old-deja/g++.eh/flow1.C execution test
FAIL: g++.old-deja/g++.eh/fntry1.C execution test
FAIL: g++.old-deja/g++.eh/ia64-1.C execution test
FAIL: g++.old-deja/g++.eh/inline2.C execution test
FAIL: g++.old-deja/g++.eh/new1.C execution test
FAIL: g++.old-deja/g++.eh/new2.C execution test
FAIL: g++.old-deja/g++.eh/pdel1.C execution test
FAIL: g++.old-deja/g++.eh/pdel2.C execution test
FAIL: g++.old-deja/g++.eh/ptr1.C execution test
FAIL: g++.old-deja/g++.eh/ptrmem1.C execution test
FAIL: g++.old-deja/g++.eh/rethrow1.C execution test
FAIL: g++.old-deja/g++.eh/rethrow2.C execution test
FAIL: g++.old-deja/g++.eh/rethrow3.C execution test
FAIL: g++.old-deja/g++.eh/rethrow4.C execution test
FAIL: g++.old-deja/g++.eh/rethrow5.C execution test
FAIL: g++.old-deja/g++.eh/rethrow6.C execution test
FAIL: g++.old-deja/g++.eh/spec1.C execution test
FAIL: g++.old-deja/g++.eh/spec2.C execution test
FAIL: g++.old-deja/g++.eh/spec3.C execution test
FAIL: g++.old-deja/g++.eh/spec4.C execution test
FAIL: g++.old-deja/g++.eh/spec7.C execution test
FAIL: g++.old-deja/g++.eh/terminate1.C execution test
FAIL: g++.old-deja/g++.eh/terminate2.C execution test
FAIL: g++.old-deja/g++.eh/tmpl1.C execution test
FAIL: g++.old-deja/g++.eh/unwind1.C execution test
FAIL: g++.old-deja/g++.eh/vbase1.C execution test
FAIL: g++.old-deja/g++.eh/vbase2.C execution test
FAIL: g++.old-deja/g++.eh/vbase4.C execution test
FAIL: g++.old-deja/g++.ext/addrfunc2.C execution test
FAIL: g++.old-deja/g++.ext/addrfunc3.C execution test
FAIL: g++.old-deja/g++.ext/addrfunc4.C execution test
FAIL: g++.old-deja/g++.ext/anon1.C execution test
FAIL: g++.old-deja/g++.ext/attrib5.C execution test
FAIL: g++.old-deja/g++.ext/constructor.C execution test
FAIL: g++.old-deja/g++.ext/delvoid.C execution test
FAIL: g++.old-deja/g++.ext/jump1.C execution test
FAIL: g++.old-deja/g++.ext/label1.C execution test
FAIL: g++.old-deja/g++.ext/label2.C execution test
FAIL: g++.old-deja/g++.ext/noweak1.C execution test
FAIL: g++.old-deja/g++.ext/null1.C execution test
FAIL: g++.old-deja/g++.ext/pretty2.C execution test
FAIL: g++.old-deja/g++.ext/pretty3.C execution test
FAIL: g++.old-deja/g++.ext/pretty4.C execution test
FAIL: g++.old-deja/g++.ext/typename1.C execution test
FAIL: g++.old-deja/g++.jason/2371.C execution test
FAIL: g++.old-deja/g++.jason/aggregate.C execution test
FAIL: g++.old-deja/g++.jason/anon.C execution test
FAIL: g++.old-deja/g++.jason/bool2.C execution test
FAIL: g++.old-deja/g++.jason/bool4.C execution test
FAIL: g++.old-deja/g++.jason/bool5.C execution test
FAIL: g++.old-deja/g++.jason/byval.C execution test
FAIL: g++.old-deja/g++.jason/cleanup.C execution test
FAIL: g++.old-deja/g++.jason/cond2.C execution test
FAIL: g++.old-deja/g++.jason/const.C execution test
FAIL: g++.old-deja/g++.jason/const2.C execution test
FAIL: g++.old-deja/g++.jason/const3.C execution test
FAIL: g++.old-deja/g++.jason/conversion6.C execution test
FAIL: g++.old-deja/g++.jason/conversion7.C execution test
FAIL: g++.old-deja/g++.jason/conversion8.C execution test
FAIL: g++.old-deja/g++.jason/conversion9.C execution test
FAIL: g++.old-deja/g++.jason/ctor1.C execution test
FAIL: g++.old-deja/g++.jason/dcast2.C execution test
FAIL: g++.old-deja/g++.jason/dcast3.C execution test
FAIL: g++.old-deja/g++.jason/defctor.C execution test
FAIL: g++.old-deja/g++.jason/dtor2.C execution test
FAIL: g++.old-deja/g++.jason/dtor5.C execution test
FAIL: g++.old-deja/g++.jason/enum5.C execution test
FAIL: g++.old-deja/g++.jason/enum6.C execution test
FAIL: g++.old-deja/g++.jason/enum8.C execution test
FAIL: g++.old-deja/g++.jason/friend.C execution test
FAIL: g++.old-deja/g++.jason/groff1.C execution test
FAIL: g++.old-deja/g++.jason/init2.C execution test
FAIL: g++.old-deja/g++.jason/init3.C execution test
FAIL: g++.old-deja/g++.jason/inline.C execution test
FAIL: g++.old-deja/g++.jason/inline3.C execution test
FAIL: g++.old-deja/g++.jason/lex1.C execution test
FAIL: g++.old-deja/g++.jason/lvalue4.C execution test
FAIL: g++.old-deja/g++.jason/mangle3.C execution test
FAIL: g++.old-deja/g++.jason/mi.C execution test
FAIL: g++.old-deja/g++.jason/mutable1.C execution test
FAIL: g++.old-deja/g++.jason/net2.C execution test
FAIL: g++.old-deja/g++.jason/new2.C execution test
FAIL: g++.old-deja/g++.jason/new3.C execution test
FAIL: g++.old-deja/g++.jason/new4.C execution test
FAIL: g++.old-deja/g++.jason/new5.C execution test
FAIL: g++.old-deja/g++.jason/offset2.C execution test
FAIL: g++.old-deja/g++.jason/opeq.C execution test
FAIL: g++.old-deja/g++.jason/opeq5.C execution test
FAIL: g++.old-deja/g++.jason/optimize2.C execution test
FAIL: g++.old-deja/g++.jason/overload11.C execution test
FAIL: g++.old-deja/g++.jason/overload12.C execution test
FAIL: g++.old-deja/g++.jason/overload13.C execution test
FAIL: g++.old-deja/g++.jason/overload19.C execution test
FAIL: g++.old-deja/g++.jason/overload27.C execution test
FAIL: g++.old-deja/g++.jason/overload36.C execution test
FAIL: g++.old-deja/g++.jason/parse10.C execution test
FAIL: g++.old-deja/g++.jason/parse12.C execution test
FAIL: g++.old-deja/g++.jason/parse9.C execution test
FAIL: g++.old-deja/g++.jason/pmem2.C execution test
FAIL: g++.old-deja/g++.jason/pmem3.C execution test
FAIL: g++.old-deja/g++.jason/pmf7.C execution test
FAIL: g++.old-deja/g++.jason/pmf8.C execution test
FAIL: g++.old-deja/g++.jason/ref10.C execution test
FAIL: g++.old-deja/g++.jason/ref11.C execution test
FAIL: g++.old-deja/g++.jason/ref12.C execution test
FAIL: g++.old-deja/g++.jason/ref7.C execution test
FAIL: g++.old-deja/g++.jason/ref8.C execution test
FAIL: g++.old-deja/g++.jason/ref9.C execution test
FAIL: g++.old-deja/g++.jason/return.C execution test
FAIL: g++.old-deja/g++.jason/return2.C execution test
FAIL: g++.old-deja/g++.jason/return3.C execution test
FAIL: g++.old-deja/g++.jason/rvalue1.C execution test
FAIL: g++.old-deja/g++.jason/rvalue2.C execution test
FAIL: g++.old-deja/g++.jason/scoping17.C execution test
FAIL: g++.old-deja/g++.jason/static1.C execution test
FAIL: g++.old-deja/g++.jason/synth5.C execution test
FAIL: g++.old-deja/g++.jason/synth7.C execution test
FAIL: g++.old-deja/g++.jason/template11.C execution test
FAIL: g++.old-deja/g++.jason/template14.C execution test
FAIL: g++.old-deja/g++.jason/template15.C execution test
FAIL: g++.old-deja/g++.jason/template16.C execution test
FAIL: g++.old-deja/g++.jason/template19.C execution test
FAIL: g++.old-deja/g++.jason/template20.C execution test
FAIL: g++.old-deja/g++.jason/template24.C execution test
FAIL: g++.old-deja/g++.jason/template25.C execution test
FAIL: g++.old-deja/g++.jason/template26.C execution test
FAIL: g++.old-deja/g++.jason/template27.C execution test
FAIL: g++.old-deja/g++.jason/template28.C execution test
FAIL: g++.old-deja/g++.jason/template3.C execution test
FAIL: g++.old-deja/g++.jason/template31.C execution test
FAIL: g++.old-deja/g++.jason/template34.C execution test
FAIL: g++.old-deja/g++.jason/template36.C execution test
FAIL: g++.old-deja/g++.jason/template37.C execution test
FAIL: g++.old-deja/g++.jason/template40.C execution test
FAIL: g++.old-deja/g++.jason/template41.C execution test
FAIL: g++.old-deja/g++.jason/template42.C execution test
FAIL: g++.old-deja/g++.jason/template43.C execution test
FAIL: g++.old-deja/g++.jason/template44.C execution test
FAIL: g++.old-deja/g++.jason/template6.C execution test
FAIL: g++.old-deja/g++.jason/temporary.C execution test
FAIL: g++.old-deja/g++.jason/temporary3.C execution test
FAIL: g++.old-deja/g++.jason/temporary4.C execution test
FAIL: g++.old-deja/g++.jason/temporary5.C execution test
FAIL: g++.old-deja/g++.jason/temporary7.C execution test
FAIL: g++.old-deja/g++.jason/temporary8.C execution test
FAIL: g++.old-deja/g++.jason/thunk1.C execution test
FAIL: g++.old-deja/g++.jason/thunk2.C execution test
FAIL: g++.old-deja/g++.jason/thunk3.C execution test
FAIL: g++.old-deja/g++.jason/typedef2.C execution test
FAIL: g++.old-deja/g++.jason/typeid1.C execution test
FAIL: g++.old-deja/g++.jason/typeid2.C execution test
FAIL: g++.old-deja/g++.jason/vecdel.C execution test
FAIL: g++.old-deja/g++.jason/virtual2.C execution test
FAIL: g++.old-deja/g++.jason/warning5.C execution test
FAIL: g++.old-deja/g++.law/arg7.C execution test
FAIL: g++.old-deja/g++.law/arg8.C execution test
FAIL: g++.old-deja/g++.law/arm13.C execution test
FAIL: g++.old-deja/g++.law/arm15.C execution test
FAIL: g++.old-deja/g++.law/arm4.C execution test
FAIL: g++.old-deja/g++.law/arm5.C execution test
FAIL: g++.old-deja/g++.law/arm7.C execution test
FAIL: g++.old-deja/g++.law/array1.C execution test
FAIL: g++.old-deja/g++.law/bit-fields2.C execution test
FAIL: g++.old-deja/g++.law/builtin1.C execution test
FAIL: g++.old-deja/g++.law/code-gen1.C execution test
FAIL: g++.old-deja/g++.law/code-gen2.C execution test
FAIL: g++.old-deja/g++.law/code-gen4.C execution test
FAIL: g++.old-deja/g++.law/code-gen5.C execution test
FAIL: g++.old-deja/g++.law/copy1.C execution test
FAIL: g++.old-deja/g++.law/ctors12.C execution test
FAIL: g++.old-deja/g++.law/ctors15.C execution test
FAIL: g++.old-deja/g++.law/ctors16.C execution test
FAIL: g++.old-deja/g++.law/ctors2.C execution test
FAIL: g++.old-deja/g++.law/ctors4.C execution test
FAIL: g++.old-deja/g++.law/ctors8.C execution test
FAIL: g++.old-deja/g++.law/cvt12.C execution test
FAIL: g++.old-deja/g++.law/cvt2.C execution test
FAIL: g++.old-deja/g++.law/cvt4.C execution test
FAIL: g++.old-deja/g++.law/cvt7.C execution test
FAIL: g++.old-deja/g++.law/dtors2.C execution test
FAIL: g++.old-deja/g++.law/dtors3.C execution test
FAIL: g++.old-deja/g++.law/dtors4.C execution test
FAIL: g++.old-deja/g++.law/dtors5.C execution test
FAIL: g++.old-deja/g++.law/enum9.C execution test
FAIL: g++.old-deja/g++.law/global-init1.C execution test
FAIL: g++.old-deja/g++.law/init11.C execution test
FAIL: g++.old-deja/g++.law/init13.C execution test
FAIL: g++.old-deja/g++.law/init14.C execution test
FAIL: g++.old-deja/g++.law/init9.C execution test
FAIL: g++.old-deja/g++.law/inline4.C execution test
FAIL: g++.old-deja/g++.law/operators15.C execution test
FAIL: g++.old-deja/g++.law/operators16.C execution test
FAIL: g++.old-deja/g++.law/operators23.C execution test
FAIL: g++.old-deja/g++.law/operators27.C execution test
FAIL: g++.old-deja/g++.law/operators30.C execution test
FAIL: g++.old-deja/g++.law/operators8.C execution test
FAIL: g++.old-deja/g++.law/profile1.C execution test
FAIL: g++.old-deja/g++.law/refs1.C execution test
FAIL: g++.old-deja/g++.law/refs4.C execution test
FAIL: g++.old-deja/g++.law/scope2.C execution test
FAIL: g++.old-deja/g++.law/temps2.C execution test
FAIL: g++.old-deja/g++.law/temps3.C execution test
FAIL: g++.old-deja/g++.law/temps4.C execution test
FAIL: g++.old-deja/g++.law/temps5.C execution test
FAIL: g++.old-deja/g++.law/temps6.C execution test
FAIL: g++.old-deja/g++.law/virtual2.C execution test
FAIL: g++.old-deja/g++.law/virtual3.C execution test
FAIL: g++.old-deja/g++.law/virtual4.C execution test
FAIL: g++.old-deja/g++.law/vtable3.C execution test
FAIL: g++.old-deja/g++.martin/bitset1.C execution test
FAIL: g++.old-deja/g++.martin/conv1.C execution test
FAIL: g++.old-deja/g++.martin/eval1.C execution test
FAIL: g++.old-deja/g++.martin/new1.C execution test
FAIL: g++.old-deja/g++.martin/overload1.C execution test
FAIL: g++.old-deja/g++.martin/pmf1.C execution test
FAIL: g++.old-deja/g++.martin/pmf2.C execution test
FAIL: g++.old-deja/g++.martin/sts_conv.C execution test
FAIL: g++.old-deja/g++.martin/sts_iarr.C execution test
FAIL: g++.old-deja/g++.martin/sts_partial.C execution test
FAIL: g++.old-deja/g++.martin/sts_vectini.C execution test
FAIL: g++.old-deja/g++.mike/align1.C execution test
FAIL: g++.old-deja/g++.mike/align2.C execution test
FAIL: g++.old-deja/g++.mike/asm2.C execution test
FAIL: g++.old-deja/g++.mike/bool2.C execution test
FAIL: g++.old-deja/g++.mike/conv1.C execution test
FAIL: g++.old-deja/g++.mike/dyncast1.C execution test
FAIL: g++.old-deja/g++.mike/dyncast2.C execution test
FAIL: g++.old-deja/g++.mike/dyncast3.C execution test
FAIL: g++.old-deja/g++.mike/dyncast5.C execution test
FAIL: g++.old-deja/g++.mike/dyncast7.C execution test
FAIL: g++.old-deja/g++.mike/dyncast8.C execution test
FAIL: g++.old-deja/g++.mike/dyncast9.C execution test
FAIL: g++.old-deja/g++.mike/eh10.C execution test
FAIL: g++.old-deja/g++.mike/eh12.C execution test
FAIL: g++.old-deja/g++.mike/eh13.C execution test
FAIL: g++.old-deja/g++.mike/eh14.C execution test
FAIL: g++.old-deja/g++.mike/eh16.C execution test
FAIL: g++.old-deja/g++.mike/eh17.C execution test
FAIL: g++.old-deja/g++.mike/eh18.C execution test
FAIL: g++.old-deja/g++.mike/eh2.C execution test
FAIL: g++.old-deja/g++.mike/eh21.C execution test
FAIL: g++.old-deja/g++.mike/eh23.C execution test
FAIL: g++.old-deja/g++.mike/eh24.C execution test
FAIL: g++.old-deja/g++.mike/eh25.C execution test
FAIL: g++.old-deja/g++.mike/eh26.C execution test
FAIL: g++.old-deja/g++.mike/eh27.C execution test
FAIL: g++.old-deja/g++.mike/eh28.C execution test
FAIL: g++.old-deja/g++.mike/eh29.C execution test
FAIL: g++.old-deja/g++.mike/eh3.C execution test
FAIL: g++.old-deja/g++.mike/eh31.C execution test
FAIL: g++.old-deja/g++.mike/eh33.C execution test
FAIL: g++.old-deja/g++.mike/eh34.C execution test
FAIL: g++.old-deja/g++.mike/eh35.C execution test
FAIL: g++.old-deja/g++.mike/eh36.C execution test
FAIL: g++.old-deja/g++.mike/eh37.C execution test
FAIL: g++.old-deja/g++.mike/eh38.C execution test
FAIL: g++.old-deja/g++.mike/eh39.C execution test
FAIL: g++.old-deja/g++.mike/eh40.C execution test
FAIL: g++.old-deja/g++.mike/eh41.C execution test
FAIL: g++.old-deja/g++.mike/eh42.C execution test
FAIL: g++.old-deja/g++.mike/eh44.C execution test
FAIL: g++.old-deja/g++.mike/eh45.C execution test
FAIL: g++.old-deja/g++.mike/eh47.C execution test
FAIL: g++.old-deja/g++.mike/eh48.C execution test
FAIL: g++.old-deja/g++.mike/eh49.C execution test
FAIL: g++.old-deja/g++.mike/eh5.C execution test
FAIL: g++.old-deja/g++.mike/eh50.C execution test
FAIL: g++.old-deja/g++.mike/eh51.C execution test
FAIL: g++.old-deja/g++.mike/eh52.C execution test
FAIL: g++.old-deja/g++.mike/eh53.C execution test
FAIL: g++.old-deja/g++.mike/eh55.C execution test
FAIL: g++.old-deja/g++.mike/eh56.C execution test
FAIL: g++.old-deja/g++.mike/eh59.C execution test
FAIL: g++.old-deja/g++.mike/eh6.C execution test
FAIL: g++.old-deja/g++.mike/eh7.C execution test
FAIL: g++.old-deja/g++.mike/eh8.C execution test
FAIL: g++.old-deja/g++.mike/eh9.C execution test
FAIL: g++.old-deja/g++.mike/hog1.C execution test
FAIL: g++.old-deja/g++.mike/init1.C execution test
FAIL: g++.old-deja/g++.mike/leak1.C execution test
FAIL: g++.old-deja/g++.mike/mangle3.C execution test
FAIL: g++.old-deja/g++.mike/mi1.C execution test
FAIL: g++.old-deja/g++.mike/mi2.C execution test
FAIL: g++.old-deja/g++.mike/misc1.C execution test
FAIL: g++.old-deja/g++.mike/misc13.C execution test
FAIL: g++.old-deja/g++.mike/misc14.C execution test
FAIL: g++.old-deja/g++.mike/net15.C execution test
FAIL: g++.old-deja/g++.mike/net16.C execution test
FAIL: g++.old-deja/g++.mike/net17.C execution test
FAIL: g++.old-deja/g++.mike/net20.C (test for excess errors)
FAIL: g++.old-deja/g++.mike/net21.C execution test
FAIL: g++.old-deja/g++.mike/net26.C execution test
FAIL: g++.old-deja/g++.mike/net34.C execution test
FAIL: g++.old-deja/g++.mike/net35.C execution test
FAIL: g++.old-deja/g++.mike/net37.C execution test
FAIL: g++.old-deja/g++.mike/net38.C execution test
FAIL: g++.old-deja/g++.mike/net39.C execution test
FAIL: g++.old-deja/g++.mike/net40.C execution test
FAIL: g++.old-deja/g++.mike/net41.C execution test
FAIL: g++.old-deja/g++.mike/net46.C execution test
FAIL: g++.old-deja/g++.mike/ns1.C execution test
FAIL: g++.old-deja/g++.mike/ns10.C execution test
FAIL: g++.old-deja/g++.mike/ns11.C execution test
FAIL: g++.old-deja/g++.mike/ns12.C execution test
FAIL: g++.old-deja/g++.mike/ns2.C execution test
FAIL: g++.old-deja/g++.mike/ns9.C execution test
FAIL: g++.old-deja/g++.mike/offset1.C execution test
FAIL: g++.old-deja/g++.mike/opr-as1.C execution test
FAIL: g++.old-deja/g++.mike/p10148.C execution test
WARNING: g++.old-deja/g++.mike/p10769a.C compilation failed to produce executable
FAIL: g++.old-deja/g++.mike/p10849a.C execution test
FAIL: g++.old-deja/g++.mike/p11144.C execution test
FAIL: g++.old-deja/g++.mike/p11667.C execution test
FAIL: g++.old-deja/g++.mike/p12306.C execution test
FAIL: g++.old-deja/g++.mike/p12306a.C execution test
FAIL: g++.old-deja/g++.mike/p1248.C execution test
FAIL: g++.old-deja/g++.mike/p1567.C execution test
FAIL: g++.old-deja/g++.mike/p16146.C execution test
FAIL: g++.old-deja/g++.mike/p1862.C execution test
FAIL: g++.old-deja/g++.mike/p2394.C execution test
FAIL: g++.old-deja/g++.mike/p2736.C execution test
FAIL: g++.old-deja/g++.mike/p2846.C execution test
FAIL: g++.old-deja/g++.mike/p2846a.C execution test
FAIL: g++.old-deja/g++.mike/p2846b.C execution test
FAIL: g++.old-deja/g++.mike/p2960.C execution test
FAIL: g++.old-deja/g++.mike/p3041.C execution test
FAIL: g++.old-deja/g++.mike/p3060d.C execution test
FAIL: g++.old-deja/g++.mike/p3068.C execution test
FAIL: g++.old-deja/g++.mike/p3139.C execution test
FAIL: g++.old-deja/g++.mike/p3570.C execution test
FAIL: g++.old-deja/g++.mike/p3579.C execution test
FAIL: g++.old-deja/g++.mike/p3708.C execution test
FAIL: g++.old-deja/g++.mike/p3708a.C execution test
FAIL: g++.old-deja/g++.mike/p3708b.C execution test
FAIL: g++.old-deja/g++.mike/p4068.C execution test
FAIL: g++.old-deja/g++.mike/p4104.C execution test
FAIL: g++.old-deja/g++.mike/p4246.C execution test
FAIL: g++.old-deja/g++.mike/p4511.C execution test
FAIL: g++.old-deja/g++.mike/p4623.C execution test
FAIL: g++.old-deja/g++.mike/p4667.C execution test
FAIL: g++.old-deja/g++.mike/p4736a.C execution test
FAIL: g++.old-deja/g++.mike/p4736b.C execution test
FAIL: g++.old-deja/g++.mike/p4736c.C execution test
FAIL: g++.old-deja/g++.mike/p5469.C execution test
FAIL: g++.old-deja/g++.mike/p5469a.C execution test
FAIL: g++.old-deja/g++.mike/p5571.C execution test
FAIL: g++.old-deja/g++.mike/p5611.C execution test
FAIL: g++.old-deja/g++.mike/p5673.C execution test
FAIL: g++.old-deja/g++.mike/p5718.C execution test
FAIL: g++.old-deja/g++.mike/p5840.C execution test
FAIL: g++.old-deja/g++.mike/p5958.C execution test
FAIL: g++.old-deja/g++.mike/p6004.C execution test
FAIL: g++.old-deja/g++.mike/p6311.C execution test
FAIL: g++.old-deja/g++.mike/p658.C execution test
FAIL: g++.old-deja/g++.mike/p6610a.C execution test
FAIL: g++.old-deja/g++.mike/p6610b.C execution test
FAIL: g++.old-deja/g++.mike/p6611.C execution test
FAIL: g++.old-deja/g++.mike/p6927.C execution test
FAIL: g++.old-deja/g++.mike/p7180.C execution test
FAIL: g++.old-deja/g++.mike/p755a.C execution test
FAIL: g++.old-deja/g++.mike/p7651.C execution test
FAIL: g++.old-deja/g++.mike/p783.C execution test
FAIL: g++.old-deja/g++.mike/p783a.C execution test
FAIL: g++.old-deja/g++.mike/p783b.C execution test
FAIL: g++.old-deja/g++.mike/p786.C execution test
FAIL: g++.old-deja/g++.mike/p7865.C execution test
FAIL: g++.old-deja/g++.mike/p789.C execution test
FAIL: g++.old-deja/g++.mike/p789a.C execution test
FAIL: g++.old-deja/g++.mike/p7912.C execution test
FAIL: g++.old-deja/g++.mike/p8018.C execution test
FAIL: g++.old-deja/g++.mike/p8155.C execution test
FAIL: g++.old-deja/g++.mike/p8483.C execution test
FAIL: g++.old-deja/g++.mike/p8804.C execution test
FAIL: g++.old-deja/g++.mike/p9206.C execution test
FAIL: g++.old-deja/g++.mike/p9706.C execution test
FAIL: g++.old-deja/g++.mike/p9732a.C execution test
FAIL: g++.old-deja/g++.mike/p9732b.C execution test
FAIL: g++.old-deja/g++.mike/pmf1.C execution test
FAIL: g++.old-deja/g++.mike/pmf2.C execution test
FAIL: g++.old-deja/g++.mike/pmf7.C execution test
FAIL: g++.old-deja/g++.mike/pmf8.C execution test
FAIL: g++.old-deja/g++.mike/pmf9.C execution test
FAIL: g++.old-deja/g++.mike/pt1.C execution test
FAIL: g++.old-deja/g++.mike/pt2.C execution test
FAIL: g++.old-deja/g++.mike/ref1.C execution test
FAIL: g++.old-deja/g++.mike/rtti2.C execution test
FAIL: g++.old-deja/g++.mike/rtti3.C execution test
FAIL: g++.old-deja/g++.mike/temp.C execution test
FAIL: g++.old-deja/g++.mike/thunk2.C execution test
FAIL: g++.old-deja/g++.mike/thunk3.C execution test
FAIL: g++.old-deja/g++.mike/virt2.C execution test
FAIL: g++.old-deja/g++.mike/virt4.C execution test
FAIL: g++.old-deja/g++.mike/virt5.C execution test
FAIL: g++.old-deja/g++.mike/virt6.C execution test
FAIL: g++.old-deja/g++.niklas/t140.C execution test
FAIL: g++.old-deja/g++.ns/alias1.C execution test
FAIL: g++.old-deja/g++.ns/alias3.C execution test
FAIL: g++.old-deja/g++.ns/alias5.C execution test
FAIL: g++.old-deja/g++.ns/alias6.C execution test
FAIL: g++.old-deja/g++.ns/anon1.C execution test
FAIL: g++.old-deja/g++.ns/koenig3.C execution test
FAIL: g++.old-deja/g++.ns/koenig4.C execution test
FAIL: g++.old-deja/g++.ns/koenig7.C execution test
FAIL: g++.old-deja/g++.ns/lookup3.C execution test
FAIL: g++.old-deja/g++.ns/new1.C execution test
FAIL: g++.old-deja/g++.ns/ns1.C execution test
FAIL: g++.old-deja/g++.ns/ns12.C execution test
FAIL: g++.old-deja/g++.ns/ns13.C execution test
FAIL: g++.old-deja/g++.ns/ns14.C execution test
FAIL: g++.old-deja/g++.ns/ns2.C execution test
FAIL: g++.old-deja/g++.ns/ns6.C execution test
FAIL: g++.old-deja/g++.ns/overload1.C execution test
FAIL: g++.old-deja/g++.ns/template11.C execution test
FAIL: g++.old-deja/g++.ns/template3.C execution test
FAIL: g++.old-deja/g++.ns/template4.C execution test
FAIL: g++.old-deja/g++.ns/template5.C execution test
FAIL: g++.old-deja/g++.ns/template9.C execution test
FAIL: g++.old-deja/g++.ns/using13.C execution test
FAIL: g++.old-deja/g++.ns/using7.C execution test
FAIL: g++.old-deja/g++.oliva/delete2.C (test for excess errors)
WARNING: g++.old-deja/g++.oliva/delete2.C compilation failed to produce executable
FAIL: g++.old-deja/g++.oliva/delete3.C (test for excess errors)
WARNING: g++.old-deja/g++.oliva/delete3.C compilation failed to produce executable
FAIL: g++.old-deja/g++.oliva/delete4.C execution test
FAIL: g++.old-deja/g++.oliva/delete5.C execution test
FAIL: g++.old-deja/g++.oliva/ext1.C execution test
FAIL: g++.old-deja/g++.oliva/new1.C execution test
FAIL: g++.old-deja/g++.oliva/template1.C (test for excess errors)
FAIL: g++.old-deja/g++.oliva/thunk1.C execution test
FAIL: g++.old-deja/g++.other/addrof1.C execution test
FAIL: g++.old-deja/g++.other/anon2.C execution test
FAIL: g++.old-deja/g++.other/anon3.C execution test
FAIL: g++.old-deja/g++.other/anon6.C execution test
FAIL: g++.old-deja/g++.other/array1.C execution test
FAIL: g++.old-deja/g++.other/array2.C execution test
FAIL: g++.old-deja/g++.other/array6.C execution test
FAIL: g++.old-deja/g++.other/badopt1.C execution test
FAIL: g++.old-deja/g++.other/builtins1.C execution test
FAIL: g++.old-deja/g++.other/builtins2.C execution test
FAIL: g++.old-deja/g++.other/builtins3.C execution test
FAIL: g++.old-deja/g++.other/builtins4.C execution test
FAIL: g++.old-deja/g++.other/builtins6.C execution test
FAIL: g++.old-deja/g++.other/builtins7.C execution test
FAIL: g++.old-deja/g++.other/builtins8.C execution test
FAIL: g++.old-deja/g++.other/builtins9.C execution test
FAIL: g++.old-deja/g++.other/call1.C execution test
FAIL: g++.old-deja/g++.other/cast7.C execution test
FAIL: g++.old-deja/g++.other/cleanup1.C execution test
FAIL: g++.old-deja/g++.other/cleanup2.C execution test
FAIL: g++.old-deja/g++.other/comdat1.C execution test
FAIL: g++.old-deja/g++.other/comdat2.C execution test
FAIL: g++.old-deja/g++.other/comdat3.C execution test
FAIL: g++.old-deja/g++.other/conv4.C execution test
FAIL: g++.old-deja/g++.other/conv6.C execution test
FAIL: g++.old-deja/g++.other/copy1.C execution test
FAIL: g++.old-deja/g++.other/copy2.C execution test
FAIL: g++.old-deja/g++.other/ctor1.C execution test
FAIL: g++.old-deja/g++.other/defarg2.C execution test
FAIL: g++.old-deja/g++.other/delete3.C execution test
FAIL: g++.old-deja/g++.other/delete6.C execution test
FAIL: g++.old-deja/g++.other/delete7.C execution test
FAIL: g++.old-deja/g++.other/delete8.C execution test
FAIL: g++.old-deja/g++.other/dtor1.C execution test
FAIL: g++.old-deja/g++.other/dtor10.C execution test
FAIL: g++.old-deja/g++.other/dtor11.C execution test
FAIL: g++.old-deja/g++.other/dtor12.C execution test
FAIL: g++.old-deja/g++.other/dtor5.C execution test
FAIL: g++.old-deja/g++.other/dtor6.C execution test
FAIL: g++.old-deja/g++.other/dtor7.C execution test
FAIL: g++.old-deja/g++.other/dtor8.C execution test
FAIL: g++.old-deja/g++.other/dtor9.C execution test
FAIL: g++.old-deja/g++.other/dyncast1.C execution test
FAIL: g++.old-deja/g++.other/dyncast2.C execution test
FAIL: g++.old-deja/g++.other/dyncast3.C execution test
FAIL: g++.old-deja/g++.other/dyncast4.C execution test
FAIL: g++.old-deja/g++.other/dyncast5.C execution test
FAIL: g++.old-deja/g++.other/dyncast6.C execution test
FAIL: g++.old-deja/g++.other/eh3.C execution test
FAIL: g++.old-deja/g++.other/empty1.C execution test
FAIL: g++.old-deja/g++.other/enum1.C execution test
FAIL: g++.old-deja/g++.other/enum4.C execution test
WARNING: g++.old-deja/g++.other/enum5.C compilation failed to produce executable
FAIL: g++.old-deja/g++.other/exprstmt1.C execution test
FAIL: g++.old-deja/g++.other/externC3.C execution test
FAIL: g++.old-deja/g++.other/field2.C execution test
FAIL: g++.old-deja/g++.other/goto4.C execution test
FAIL: g++.old-deja/g++.other/headers1.C execution test
FAIL: g++.old-deja/g++.other/init1.C execution test
FAIL: g++.old-deja/g++.other/init10.C execution test
FAIL: g++.old-deja/g++.other/init11.C execution test
FAIL: g++.old-deja/g++.other/init16.C execution test
FAIL: g++.old-deja/g++.other/init2.C execution test
FAIL: g++.old-deja/g++.other/init6.C execution test
FAIL: g++.old-deja/g++.other/init7.C execution test
FAIL: g++.old-deja/g++.other/inline21.C execution test
FAIL: g++.old-deja/g++.other/inline7.C execution test
FAIL: g++.old-deja/g++.other/inline8.C execution test
FAIL: g++.old-deja/g++.other/local3.C execution test
FAIL: g++.old-deja/g++.other/local4.C execution test
FAIL: g++.old-deja/g++.other/lookup13.C execution test
FAIL: g++.old-deja/g++.other/lookup17.C execution test
FAIL: g++.old-deja/g++.other/lookup21.C execution test
FAIL: g++.old-deja/g++.other/lookup3.C execution test
FAIL: g++.old-deja/g++.other/lookup4.C execution test
FAIL: g++.old-deja/g++.other/lookup6.C execution test
FAIL: g++.old-deja/g++.other/lookup7.C execution test
FAIL: g++.old-deja/g++.other/loop1.C execution test
FAIL: g++.old-deja/g++.other/mangle3.C execution test
FAIL: g++.old-deja/g++.other/mutable1.C execution test
FAIL: g++.old-deja/g++.other/new3.C execution test
FAIL: g++.old-deja/g++.other/new5.C execution test
FAIL: g++.old-deja/g++.other/new6.C execution test
FAIL: g++.old-deja/g++.other/new7.C execution test
FAIL: g++.old-deja/g++.other/null2.C execution test
FAIL: g++.old-deja/g++.other/op2.C execution test
FAIL: g++.old-deja/g++.other/op3.C execution test
FAIL: g++.old-deja/g++.other/optimize1.C execution test
FAIL: g++.old-deja/g++.other/optimize2.C execution test
FAIL: g++.old-deja/g++.other/optimize3.C execution test
FAIL: g++.old-deja/g++.other/overload1.C execution test
FAIL: g++.old-deja/g++.other/overload14.C execution test
FAIL: g++.old-deja/g++.other/overload6.C execution test
FAIL: g++.old-deja/g++.other/overload7.C execution test
FAIL: g++.old-deja/g++.other/overload8.C execution test
FAIL: g++.old-deja/g++.other/overload9.C execution test
FAIL: g++.old-deja/g++.other/pmf1.C execution test
FAIL: g++.old-deja/g++.other/pmf4.C execution test
FAIL: g++.old-deja/g++.other/pmf5.C execution test
FAIL: g++.old-deja/g++.other/pmf6.C execution test
FAIL: g++.old-deja/g++.other/ptrmem10.C execution test
FAIL: g++.old-deja/g++.other/ptrmem4.C execution test
FAIL: g++.old-deja/g++.other/ptrmem9.C execution test
FAIL: g++.old-deja/g++.other/ref3.C execution test
FAIL: g++.old-deja/g++.other/reload1.C execution test
FAIL: g++.old-deja/g++.other/rtti1.C execution test
FAIL: g++.old-deja/g++.other/rtti2.C execution test
FAIL: g++.old-deja/g++.other/rtti3.C execution test
FAIL: g++.old-deja/g++.other/rtti4.C execution test
FAIL: g++.old-deja/g++.other/rttid2.C execution test
FAIL: g++.old-deja/g++.other/rttid3.C execution test
FAIL: g++.old-deja/g++.other/rttid4.C execution test
FAIL: g++.old-deja/g++.other/scope1.C execution test
FAIL: g++.old-deja/g++.other/sibcall1.C execution test
FAIL: g++.old-deja/g++.other/singleton.C execution test
FAIL: g++.old-deja/g++.other/sizeof3.C execution test
FAIL: g++.old-deja/g++.other/static15.C execution test
FAIL: g++.old-deja/g++.other/static16.C execution test
FAIL: g++.old-deja/g++.other/static4.C execution test
FAIL: g++.old-deja/g++.other/static7.C execution test
FAIL: g++.old-deja/g++.other/string2.C execution test
FAIL: g++.old-deja/g++.other/temporary1.C execution test
FAIL: g++.old-deja/g++.other/thunk1.C execution test
FAIL: g++.old-deja/g++.other/unchanging1.C execution test
FAIL: g++.old-deja/g++.other/union2.C execution test
FAIL: g++.old-deja/g++.other/union3.C execution test
FAIL: g++.old-deja/g++.other/using6.C execution test
FAIL: g++.old-deja/g++.other/vaarg2.C execution test
FAIL: g++.old-deja/g++.other/vaarg3.C  (test for errors, line 23)
FAIL: g++.old-deja/g++.other/vaarg3.C  (test for errors, line 26)
FAIL: g++.old-deja/g++.other/vbase1.C execution test
FAIL: g++.old-deja/g++.other/vbase2.C execution test
FAIL: g++.old-deja/g++.other/vbase5.C execution test
FAIL: g++.old-deja/g++.other/virtual2.C execution test
FAIL: g++.old-deja/g++.other/virtual3.C execution test
FAIL: g++.old-deja/g++.other/virtual8.C execution test
FAIL: g++.old-deja/g++.other/virtual9.C execution test
FAIL: g++.old-deja/g++.other/vtbl2.C execution test
FAIL: g++.old-deja/g++.pt/alignof.C execution test
FAIL: g++.old-deja/g++.pt/array1.C execution test
FAIL: g++.old-deja/g++.pt/copy1.C execution test
FAIL: g++.old-deja/g++.pt/deduct4.C execution test
FAIL: g++.old-deja/g++.pt/deduct5.C execution test
FAIL: g++.old-deja/g++.pt/deduct7.C execution test
FAIL: g++.old-deja/g++.pt/defarg.C execution test
FAIL: g++.old-deja/g++.pt/defarg2.C execution test
FAIL: g++.old-deja/g++.pt/eichin01a.C execution test
FAIL: g++.old-deja/g++.pt/eichin01b.C execution test
FAIL: g++.old-deja/g++.pt/enum3.C execution test
FAIL: g++.old-deja/g++.pt/enum7.C execution test
FAIL: g++.old-deja/g++.pt/explarg1.C execution test
FAIL: g++.old-deja/g++.pt/explicit40.C execution test
FAIL: g++.old-deja/g++.pt/explicit42.C execution test
FAIL: g++.old-deja/g++.pt/explicit43.C execution test
FAIL: g++.old-deja/g++.pt/explicit50.C execution test
FAIL: g++.old-deja/g++.pt/explicit51.C execution test
FAIL: g++.old-deja/g++.pt/explicit52.C execution test
FAIL: g++.old-deja/g++.pt/explicit53.C execution test
FAIL: g++.old-deja/g++.pt/explicit54.C execution test
FAIL: g++.old-deja/g++.pt/explicit55.C execution test
FAIL: g++.old-deja/g++.pt/explicit56.C execution test
FAIL: g++.old-deja/g++.pt/explicit57.C execution test
FAIL: g++.old-deja/g++.pt/explicit58.C execution test
FAIL: g++.old-deja/g++.pt/explicit59.C execution test
FAIL: g++.old-deja/g++.pt/explicit60.C execution test
FAIL: g++.old-deja/g++.pt/explicit61.C execution test
FAIL: g++.old-deja/g++.pt/explicit62.C execution test
FAIL: g++.old-deja/g++.pt/explicit63.C execution test
FAIL: g++.old-deja/g++.pt/explicit64.C execution test
FAIL: g++.old-deja/g++.pt/explicit65.C execution test
FAIL: g++.old-deja/g++.pt/explicit66.C execution test
FAIL: g++.old-deja/g++.pt/explicit74.C execution test
FAIL: g++.old-deja/g++.pt/expr1.C execution test
FAIL: g++.old-deja/g++.pt/fntry1.C execution test
FAIL: g++.old-deja/g++.pt/friend1.C execution test
FAIL: g++.old-deja/g++.pt/friend10.C execution test
FAIL: g++.old-deja/g++.pt/friend12.C execution test
FAIL: g++.old-deja/g++.pt/friend13.C execution test
FAIL: g++.old-deja/g++.pt/friend4.C execution test
WARNING: g++.old-deja/g++.pt/friend44.C compilation failed to produce executable
FAIL: g++.old-deja/g++.pt/friend5.C execution test
FAIL: g++.old-deja/g++.pt/friend6.C execution test
FAIL: g++.old-deja/g++.pt/friend7.C execution test
FAIL: g++.old-deja/g++.pt/friend8.C execution test
FAIL: g++.old-deja/g++.pt/friend9.C execution test
FAIL: g++.old-deja/g++.pt/inherit1.C execution test
FAIL: g++.old-deja/g++.pt/instantiate12.C execution test
FAIL: g++.old-deja/g++.pt/local1.C execution test
FAIL: g++.old-deja/g++.pt/local2.C execution test
FAIL: g++.old-deja/g++.pt/local3.C execution test
FAIL: g++.old-deja/g++.pt/local4.C execution test
FAIL: g++.old-deja/g++.pt/local5.C execution test
FAIL: g++.old-deja/g++.pt/local6.C execution test
FAIL: g++.old-deja/g++.pt/lookup3.C execution test
FAIL: g++.old-deja/g++.pt/memclass1.C execution test
FAIL: g++.old-deja/g++.pt/memclass2.C execution test
FAIL: g++.old-deja/g++.pt/memclass3.C execution test
FAIL: g++.old-deja/g++.pt/memclass4.C execution test
FAIL: g++.old-deja/g++.pt/memclass5.C execution test
FAIL: g++.old-deja/g++.pt/memclass6.C execution test
FAIL: g++.old-deja/g++.pt/memclass7.C execution test
FAIL: g++.old-deja/g++.pt/memtemp28.C execution test
FAIL: g++.old-deja/g++.pt/memtemp63.C execution test
FAIL: g++.old-deja/g++.pt/memtemp67.C execution test
FAIL: g++.old-deja/g++.pt/memtemp69.C execution test
FAIL: g++.old-deja/g++.pt/memtemp73.C execution test
FAIL: g++.old-deja/g++.pt/memtemp77.C execution test
FAIL: g++.old-deja/g++.pt/memtemp96.C execution test
FAIL: g++.old-deja/g++.pt/memtemp97.C execution test
FAIL: g++.old-deja/g++.pt/mi1.C execution test
FAIL: g++.old-deja/g++.pt/nttp1.C execution test
FAIL: g++.old-deja/g++.pt/nttp2.C execution test
FAIL: g++.old-deja/g++.pt/overload1.C execution test
FAIL: g++.old-deja/g++.pt/overload10.C execution test
FAIL: g++.old-deja/g++.pt/overload12.C execution test
FAIL: g++.old-deja/g++.pt/overload6.C execution test
FAIL: g++.old-deja/g++.pt/overload9.C execution test
FAIL: g++.old-deja/g++.pt/parms1.C execution test
FAIL: g++.old-deja/g++.pt/partial1.C execution test
FAIL: g++.old-deja/g++.pt/partial3.C execution test
FAIL: g++.old-deja/g++.pt/partial5.C execution test
FAIL: g++.old-deja/g++.pt/ptrmem1.C execution test
FAIL: g++.old-deja/g++.pt/ptrmem2.C execution test
FAIL: g++.old-deja/g++.pt/recursion2.C execution test
FAIL: g++.old-deja/g++.pt/ref3.C execution test
FAIL: g++.old-deja/g++.pt/sizeof.C execution test
FAIL: g++.old-deja/g++.pt/sizeof2.C execution test
FAIL: g++.old-deja/g++.pt/sizeof3.C execution test
FAIL: g++.old-deja/g++.pt/spec10.C execution test
FAIL: g++.old-deja/g++.pt/spec11.C execution test
FAIL: g++.old-deja/g++.pt/spec12.C execution test
FAIL: g++.old-deja/g++.pt/spec13.C execution test
FAIL: g++.old-deja/g++.pt/spec15.C execution test
FAIL: g++.old-deja/g++.pt/spec29.C execution test
FAIL: g++.old-deja/g++.pt/spec3.C execution test
FAIL: g++.old-deja/g++.pt/spec30.C execution test
FAIL: g++.old-deja/g++.pt/spec36.C execution test
FAIL: g++.old-deja/g++.pt/spec40.C execution test
FAIL: g++.old-deja/g++.pt/spec7.C execution test
FAIL: g++.old-deja/g++.pt/spec8.C execution test
FAIL: g++.old-deja/g++.pt/static1.C execution test
FAIL: g++.old-deja/g++.pt/static11.C execution test
FAIL: g++.old-deja/g++.pt/static3.C execution test
FAIL: g++.old-deja/g++.pt/static8.C execution test
FAIL: g++.old-deja/g++.pt/stmtexpr.C execution test
FAIL: g++.old-deja/g++.pt/stmtexpr2.C execution test
FAIL: g++.old-deja/g++.pt/t16.C execution test
FAIL: g++.old-deja/g++.pt/t39.C execution test
FAIL: g++.old-deja/g++.pt/t42.C execution test
FAIL: g++.old-deja/g++.pt/tiemann2.C execution test
FAIL: g++.old-deja/g++.pt/ttp11.C execution test
FAIL: g++.old-deja/g++.pt/ttp12.C execution test
FAIL: g++.old-deja/g++.pt/ttp13.C execution test
FAIL: g++.old-deja/g++.pt/ttp14.C execution test
FAIL: g++.old-deja/g++.pt/ttp15.C execution test
FAIL: g++.old-deja/g++.pt/ttp16.C execution test
FAIL: g++.old-deja/g++.pt/ttp17.C execution test
FAIL: g++.old-deja/g++.pt/ttp18.C execution test
FAIL: g++.old-deja/g++.pt/ttp19.C execution test
FAIL: g++.old-deja/g++.pt/ttp20.C execution test
FAIL: g++.old-deja/g++.pt/ttp21.C execution test
FAIL: g++.old-deja/g++.pt/ttp22.C execution test
FAIL: g++.old-deja/g++.pt/ttp23.C execution test
FAIL: g++.old-deja/g++.pt/ttp24.C execution test
FAIL: g++.old-deja/g++.pt/ttp25.C execution test
FAIL: g++.old-deja/g++.pt/ttp26.C execution test
FAIL: g++.old-deja/g++.pt/ttp27.C execution test
FAIL: g++.old-deja/g++.pt/ttp28.C execution test
FAIL: g++.old-deja/g++.pt/ttp29.C execution test
FAIL: g++.old-deja/g++.pt/ttp30.C execution test
FAIL: g++.old-deja/g++.pt/ttp31.C execution test
FAIL: g++.old-deja/g++.pt/ttp32.C execution test
FAIL: g++.old-deja/g++.pt/ttp33.C execution test
FAIL: g++.old-deja/g++.pt/ttp34.C execution test
FAIL: g++.old-deja/g++.pt/ttp35.C execution test
FAIL: g++.old-deja/g++.pt/ttp36.C execution test
FAIL: g++.old-deja/g++.pt/ttp37.C execution test
FAIL: g++.old-deja/g++.pt/ttp38.C execution test
FAIL: g++.old-deja/g++.pt/ttp39.C execution test
FAIL: g++.old-deja/g++.pt/ttp40.C execution test
FAIL: g++.old-deja/g++.pt/ttp41.C execution test
FAIL: g++.old-deja/g++.pt/ttp42.C execution test
FAIL: g++.old-deja/g++.pt/ttp47.C execution test
FAIL: g++.old-deja/g++.pt/ttp48.C execution test
FAIL: g++.old-deja/g++.pt/ttp50.C execution test
FAIL: g++.old-deja/g++.pt/ttp51.C execution test
FAIL: g++.old-deja/g++.pt/ttp6.C execution test
FAIL: g++.old-deja/g++.pt/ttp62.C execution test
FAIL: g++.old-deja/g++.pt/ttp8.C execution test
FAIL: g++.old-deja/g++.pt/ttp9.C execution test
FAIL: g++.old-deja/g++.pt/typename12.C execution test
FAIL: g++.old-deja/g++.pt/typename19.C execution test
FAIL: g++.old-deja/g++.pt/typename9.C execution test
FAIL: g++.old-deja/g++.pt/using1.C execution test
FAIL: g++.old-deja/g++.pt/vaarg.C execution test
FAIL: g++.old-deja/g++.pt/vbase1.C execution test
FAIL: g++.old-deja/g++.pt/virtual1.C execution test
FAIL: g++.old-deja/g++.pt/virtual4.C execution test
FAIL: g++.old-deja/g++.robertl/980310-1.C execution test
FAIL: g++.old-deja/g++.robertl/eb102.C execution test
FAIL: g++.old-deja/g++.robertl/eb104.C execution test
FAIL: g++.old-deja/g++.robertl/eb111.C execution test
FAIL: g++.old-deja/g++.robertl/eb114.C execution test
FAIL: g++.old-deja/g++.robertl/eb115.C execution test
FAIL: g++.old-deja/g++.robertl/eb116.C execution test
FAIL: g++.old-deja/g++.robertl/eb118.C execution test
FAIL: g++.old-deja/g++.robertl/eb120.C execution test
FAIL: g++.old-deja/g++.robertl/eb126.C execution test
FAIL: g++.old-deja/g++.robertl/eb14.C execution test
FAIL: g++.old-deja/g++.robertl/eb17.C execution test
FAIL: g++.old-deja/g++.robertl/eb21.C execution test
FAIL: g++.old-deja/g++.robertl/eb26.C execution test
FAIL: g++.old-deja/g++.robertl/eb31.C execution test
FAIL: g++.old-deja/g++.robertl/eb33.C execution test
FAIL: g++.old-deja/g++.robertl/eb41.C execution test
FAIL: g++.old-deja/g++.robertl/eb46.C execution test
FAIL: g++.old-deja/g++.robertl/eb50.C execution test
FAIL: g++.old-deja/g++.robertl/eb54.C execution test
FAIL: g++.old-deja/g++.robertl/eb58.C execution test
FAIL: g++.old-deja/g++.robertl/eb59.C execution test
FAIL: g++.old-deja/g++.robertl/eb63.C execution test
FAIL: g++.old-deja/g++.robertl/eb65.C execution test
FAIL: g++.old-deja/g++.robertl/eb66.C execution test
FAIL: g++.old-deja/g++.robertl/eb73.C execution test
FAIL: g++.old-deja/g++.robertl/eb77.C execution test
FAIL: g++.old-deja/g++.robertl/eb83.C execution test
FAIL: g++.old-deja/g++.robertl/eb84.C execution test
FAIL: g++.old-deja/g++.robertl/eb88.C execution test
FAIL: g++.old-deja/g++.robertl/eb91.C execution test
FAIL: g++.old-deja/g++.robertl/eb95.C execution test
FAIL: g++.old-deja/g++.robertl/eb97.C execution test
FAIL: g++.old-deja/g++.robertl/ebnull-cast.C execution test
FAIL: g++.old-deja/g++.robertl/ebnull-oldcast.C execution test
FAIL: g++.old-deja/g++.robertl/ebnull.C execution test
FAIL: g++.old-deja/g++.robertl/eh990323-1.C execution test
FAIL: g++.old-deja/g++.robertl/eh990323-2.C execution test
FAIL: g++.old-deja/g++.robertl/eh990323-3.C execution test
FAIL: g++.old-deja/g++.robertl/eh990323-4.C execution test
FAIL: g++.old-deja/g++.robertl/eh990323-5.C execution test
FAIL: g++.old-deja/g++.robertl/ice990323-2.C execution test

		=== g++ Summary ===

# of expected passes		7392
# of unexpected failures	1080
# of expected failures		70
# of unresolved testcases	16
# of unsupported tests		43
/home/dave/gcc-3.4/objdir/gcc/testsuite/../g++ version 3.5-tree-ssa 20030513 (merged 20030511)

		=== g77 tests ===


Running target unix
FAIL: g77.f-torture/execute/980520-1.f compilation,  -O0 

		=== g77 Summary ===

# of expected passes		1696
# of unexpected failures	1
# of untested testcases		1
# of unsupported tests		8
/home/dave/gcc-3.4/objdir/gcc/testsuite/../g77 version 3.5-tree-ssa 20030513 (merged 20030511)

		=== gcc tests ===


Running target unix
FAIL: gcc.c-torture/execute/20000603-1.c execution,  -O3 -fomit-frame-pointer 
FAIL: gcc.c-torture/execute/20000603-1.c execution,  -O3 -g 
XPASS: gcc.c-torture/execute/string-opt-18.c execution,  -O0 
XPASS: gcc.c-torture/execute/string-opt-19.c execution,  -O0 
FAIL: gcc.dg/debug/debug-1.c scan-assembler xyzzy
FAIL: gcc.dg/debug/debug-1.c scan-assembler xyzzy
FAIL: gcc.dg/debug/debug-1.c scan-assembler xyzzy
FAIL: gcc.dg/debug/debug-1.c scan-assembler xyzzy
FAIL: gcc.dg/debug/debug-1.c scan-assembler xyzzy
FAIL: gcc.dg/debug/debug-1.c scan-assembler xyzzy
FAIL: gcc.dg/debug/debug-1.c scan-assembler xyzzy
FAIL: gcc.dg/debug/debug-1.c scan-assembler xyzzy
FAIL: gcc.dg/debug/debug-1.c scan-assembler xyzzy
FAIL: gcc.dg/debug/debug-1.c scan-assembler xyzzy
FAIL: gcc.dg/debug/debug-2.c scan-assembler xyzzy
FAIL: gcc.dg/debug/debug-2.c scan-assembler xyzzy
FAIL: gcc.dg/debug/debug-2.c scan-assembler xyzzy
FAIL: gcc.dg/debug/debug-2.c scan-assembler xyzzy
FAIL: gcc.dg/debug/debug-2.c scan-assembler xyzzy
FAIL: gcc.dg/debug/debug-2.c scan-assembler xyzzy
FAIL: gcc.dg/debug/debug-2.c scan-assembler xyzzy
FAIL: gcc.dg/debug/debug-2.c scan-assembler xyzzy
FAIL: gcc.dg/debug/debug-2.c scan-assembler xyzzy
FAIL: gcc.dg/debug/debug-2.c scan-assembler xyzzy
FAIL: gcc.dg/20020304-1.c (test for excess errors)
FAIL: gcc.dg/20030331-2.c (test for excess errors)
FAIL: gcc.dg/Wunreachable-2.c (test for excess errors)
FAIL: gcc.dg/Wunreachable-4.c (test for excess errors)
FAIL: gcc.dg/builtins-10.c (test for excess errors)
FAIL: gcc.dg/old-style-asm-1.c scan-assembler L(:|\\\$0*)?2
XPASS: gcc.dg/uninit-4.c uninitialized variable warning (test for bogus messages, line 26)
XPASS: gcc.dg/uninit-5.c uninitialized variable warning (test for bogus messages, line 13)
XPASS: gcc.dg/uninit-5.c uninitialized variable warning (test for bogus messages, line 27)
XPASS: gcc.dg/uninit-8.c uninitialized variable warning (test for bogus messages, line 14)
FAIL: gcc.dg/uninit-C.c (test for excess errors)
FAIL: gcc.dg/warn-1.c  (test for warnings, line 8)
FAIL: gcc.dg/warn-1.c  (test for warnings, line 15)
FAIL: gcc.dg/warn-1.c (test for excess errors)
FAIL: gcc.dg/pch/static-3.c  -O2  assembly comparison
FAIL: 218:is -:should be 5
FAIL: gcc.misc-tests/gcov-4.c gcov: 1 failures in line counts, 0 in branch percentages, 0 in return percentages
FAIL: 165: expected branch percentages not found: 11
FAIL: 209: expected branch percentages not found: 20 25
FAIL: gcc.misc-tests/gcov-4b.c gcov: 0 failures in line counts, 2 in branch percentages, 0 in return percentages

		=== gcc Summary ===

# of expected passes		22014
# of unexpected failures	38
# of unexpected successes	6
# of expected failures		80
# of unsupported tests		208
/home/dave/gcc-3.4/objdir/gcc/xgcc version 3.5-tree-ssa 20030513 (merged 20030511)

		=== objc tests ===


Running target unix

		=== objc Summary ===

# of expected passes		1156
/home/dave/gcc-3.4/objdir/gcc/xgcc version 3.5-tree-ssa 20030513 (merged 20030511)

		=== libmudflap tests ===


Running target unix
FAIL: libmudflap.c/pass-stratcliff.c (-O2) execution test
FAIL: libmudflap.c/pass-stratcliff.c (-O3) execution test
FAIL: libmudflap.c++/fail24-frag.cxx output pattern test
FAIL: libmudflap.c++/pass27-frag.cxx execution test
FAIL: libmudflap.c++/pass28-frag.cxx execution test
FAIL: libmudflap.c++/pass31-frag.cxx execution test
FAIL: libmudflap.c++/pass28-frag.cxx (-static) execution test
FAIL: libmudflap.c++/fail24-frag.cxx (-O2) output pattern test
FAIL: libmudflap.c++/pass27-frag.cxx (-O2) execution test
FAIL: libmudflap.c++/pass28-frag.cxx (-O2) execution test
FAIL: libmudflap.c++/pass31-frag.cxx (-O2) execution test
FAIL: libmudflap.c++/fail24-frag.cxx (-O3) output pattern test
FAIL: libmudflap.c++/pass27-frag.cxx (-O3) execution test
FAIL: libmudflap.c++/pass28-frag.cxx (-O3) execution test
FAIL: libmudflap.c++/pass31-frag.cxx (-O3) execution test

		=== libmudflap Summary ===

# of expected passes		613
# of unexpected failures	15
		=== libstdc++-v3 tests ===


Running target unix
FAIL: 17_intro/header_cassert.cc execution test
FAIL: 17_intro/header_cerrno.cc execution test
FAIL: 17_intro/header_csetjmp.cc execution test
FAIL: 17_intro/header_cstdarg.cc execution test
FAIL: 17_intro/header_cstddef.cc execution test
FAIL: 17_intro/header_cstdio.cc execution test
FAIL: 17_intro/header_cstdlib.cc execution test
FAIL: 17_intro/header_cstring.cc execution test
FAIL: 17_intro/header_ctime.cc execution test
FAIL: 17_intro/header_cwchar.cc execution test
FAIL: 17_intro/header_cwctype.cc execution test
FAIL: 17_intro/header_fstream.cc execution test
FAIL: 17_intro/header_iomanip.cc execution test
FAIL: 17_intro/header_ios.cc execution test
FAIL: 17_intro/header_iosfwd.cc execution test
FAIL: 17_intro/header_iostream.cc execution test
FAIL: 17_intro/header_istream.cc execution test
FAIL: 17_intro/header_ostream.cc execution test
FAIL: 17_intro/header_sstream.cc execution test
FAIL: 17_intro/header_streambuf.cc execution test
FAIL: 17_intro/headers.cc execution test
FAIL: 17_intro/headers_c++.cc execution test
FAIL: 17_intro/headers_c.cc execution test
FAIL: 18_support/new_delete_placement.cc execution test
FAIL: 18_support/numeric_limits.cc execution test
FAIL: 19_diagnostics/stdexceptions.cc execution test
FAIL: 20_util/allocator_members.cc execution test
FAIL: 20_util/auto_ptr.cc execution test
FAIL: 20_util/binders.cc execution test
FAIL: 20_util/comparisons.cc execution test
FAIL: 20_util/pairs.cc execution test
FAIL: 20_util/raw_storage_iterator.cc execution test
FAIL: 20_util/temporary_buffer.cc execution test
FAIL: 21_strings/basic_string/append/char/1.cc execution test
FAIL: 21_strings/basic_string/append/wchar_t/1.cc execution test
FAIL: 21_strings/basic_string/assign/char/1.cc execution test
FAIL: 21_strings/basic_string/assign/char/2.cc execution test
FAIL: 21_strings/basic_string/assign/char/3.cc execution test
FAIL: 21_strings/basic_string/assign/wchar_t/1.cc execution test
FAIL: 21_strings/basic_string/assign/wchar_t/2.cc execution test
FAIL: 21_strings/basic_string/assign/wchar_t/3.cc execution test
FAIL: 21_strings/basic_string/capacity/1.cc execution test
FAIL: 21_strings/basic_string/capacity/char/1.cc execution test
FAIL: 21_strings/basic_string/capacity/char/2.cc execution test
FAIL: 21_strings/basic_string/capacity/wchar_t/1.cc execution test
FAIL: 21_strings/basic_string/capacity/wchar_t/2.cc execution test
FAIL: 21_strings/basic_string/compare/char/1.cc execution test
FAIL: 21_strings/basic_string/compare/wchar_t/1.cc execution test
FAIL: 21_strings/basic_string/cons/char/1.cc execution test
FAIL: 21_strings/basic_string/cons/char/2.cc execution test
FAIL: 21_strings/basic_string/cons/char/3.cc execution test
FAIL: 21_strings/basic_string/cons/char/4.cc execution test
FAIL: 21_strings/basic_string/cons/char/5.cc execution test
FAIL: 21_strings/basic_string/cons/wchar_t/1.cc execution test
FAIL: 21_strings/basic_string/cons/wchar_t/2.cc execution test
FAIL: 21_strings/basic_string/cons/wchar_t/3.cc execution test
FAIL: 21_strings/basic_string/cons/wchar_t/4.cc execution test
FAIL: 21_strings/basic_string/cons/wchar_t/5.cc execution test
FAIL: 21_strings/basic_string/element_access/char/1.cc execution test
FAIL: 21_strings/basic_string/element_access/char/2.cc execution test
FAIL: 21_strings/basic_string/element_access/char/3.cc execution test
FAIL: 21_strings/basic_string/element_access/wchar_t/1.cc execution test
FAIL: 21_strings/basic_string/element_access/wchar_t/2.cc execution test
FAIL: 21_strings/basic_string/element_access/wchar_t/3.cc execution test
FAIL: 21_strings/basic_string/find/char/1.cc execution test
FAIL: 21_strings/basic_string/find/char/2.cc execution test
FAIL: 21_strings/basic_string/find/char/3.cc execution test
FAIL: 21_strings/basic_string/find/wchar_t/1.cc execution test
FAIL: 21_strings/basic_string/find/wchar_t/2.cc execution test
FAIL: 21_strings/basic_string/find/wchar_t/3.cc execution test
FAIL: 21_strings/basic_string/insert/char/1.cc execution test
FAIL: 21_strings/basic_string/insert/char/2.cc execution test
FAIL: 21_strings/basic_string/insert/wchar_t/1.cc execution test
FAIL: 21_strings/basic_string/insert/wchar_t/2.cc execution test
FAIL: 21_strings/basic_string/inserters_extractors/char/1.cc execution test
FAIL: 21_strings/basic_string/inserters_extractors/char/4.cc execution test
FAIL: 21_strings/basic_string/inserters_extractors/char/5.cc execution test
FAIL: 21_strings/basic_string/inserters_extractors/char/6.cc execution test
FAIL: 21_strings/basic_string/inserters_extractors/char/7.cc execution test
FAIL: 21_strings/basic_string/inserters_extractors/char/8.cc execution test
FAIL: 21_strings/basic_string/inserters_extractors/char/9.cc execution test
FAIL: 21_strings/basic_string/inserters_extractors/wchar_t/1.cc execution test
FAIL: 21_strings/basic_string/inserters_extractors/wchar_t/4.cc execution test
FAIL: 21_strings/basic_string/inserters_extractors/wchar_t/5.cc execution test
FAIL: 21_strings/basic_string/inserters_extractors/wchar_t/6.cc execution test
FAIL: 21_strings/basic_string/inserters_extractors/wchar_t/7.cc execution test
FAIL: 21_strings/basic_string/inserters_extractors/wchar_t/8.cc execution test
FAIL: 21_strings/basic_string/inserters_extractors/wchar_t/9.cc execution test
FAIL: 21_strings/basic_string/operators/char/1.cc execution test
FAIL: 21_strings/basic_string/operators/char/2.cc execution test
FAIL: 21_strings/basic_string/operators/wchar_t/1.cc execution test
FAIL: 21_strings/basic_string/operators/wchar_t/2.cc execution test
FAIL: 21_strings/basic_string/replace/char/1.cc execution test
FAIL: 21_strings/basic_string/replace/char/2.cc execution test
FAIL: 21_strings/basic_string/replace/char/3.cc execution test
FAIL: 21_strings/basic_string/replace/char/4.cc execution test
FAIL: 21_strings/basic_string/replace/char/5.cc execution test
FAIL: 21_strings/basic_string/replace/wchar_t/1.cc execution test
FAIL: 21_strings/basic_string/replace/wchar_t/2.cc execution test
FAIL: 21_strings/basic_string/replace/wchar_t/3.cc execution test
FAIL: 21_strings/basic_string/replace/wchar_t/4.cc execution test
FAIL: 21_strings/basic_string/replace/wchar_t/5.cc execution test
FAIL: 21_strings/basic_string/rfind/char/1.cc execution test
FAIL: 21_strings/basic_string/rfind/char/2.cc execution test
FAIL: 21_strings/basic_string/rfind/char/3.cc execution test
FAIL: 21_strings/basic_string/rfind/wchar_t/1.cc execution test
FAIL: 21_strings/basic_string/rfind/wchar_t/2.cc execution test
FAIL: 21_strings/basic_string/rfind/wchar_t/3.cc execution test
FAIL: 21_strings/basic_string/substr/char/1.cc execution test
FAIL: 21_strings/basic_string/substr/wchar_t/1.cc execution test
FAIL: 21_strings/c_strings/char/1.cc execution test
FAIL: 21_strings/c_strings/char/2.cc execution test
FAIL: 21_strings/c_strings/wchar_t/1.cc execution test
FAIL: 21_strings/c_strings/wchar_t/2.cc execution test
FAIL: 21_strings/char_traits/requirements/char/1.cc execution test
FAIL: 21_strings/char_traits/requirements/wchar_t/1.cc execution test
FAIL: 21_strings/char_traits/typedefs/char/1.cc execution test
FAIL: 22_locale/codecvt/always_noconv/char/1.cc execution test
FAIL: 22_locale/codecvt/always_noconv/char/wrapped_env.cc execution test
FAIL: 22_locale/codecvt/always_noconv/char/wrapped_locale.cc execution test
FAIL: 22_locale/codecvt/always_noconv/wchar_t/1.cc execution test
FAIL: 22_locale/codecvt/always_noconv/wchar_t/2.cc execution test
FAIL: 22_locale/codecvt/always_noconv/wchar_t/3.cc execution test
FAIL: 22_locale/codecvt/always_noconv/wchar_t/4.cc execution test
FAIL: 22_locale/codecvt/always_noconv/wchar_t/wrapped_env.cc execution test
FAIL: 22_locale/codecvt/always_noconv/wchar_t/wrapped_locale.cc execution test
FAIL: 22_locale/codecvt/encoding/char/1.cc execution test
FAIL: 22_locale/codecvt/encoding/char/wrapped_env.cc execution test
FAIL: 22_locale/codecvt/encoding/char/wrapped_locale.cc execution test
FAIL: 22_locale/codecvt/encoding/wchar_t/1.cc execution test
FAIL: 22_locale/codecvt/encoding/wchar_t/2.cc execution test
FAIL: 22_locale/codecvt/encoding/wchar_t/3.cc execution test
FAIL: 22_locale/codecvt/encoding/wchar_t/4.cc execution test
FAIL: 22_locale/codecvt/encoding/wchar_t/wrapped_env.cc execution test
FAIL: 22_locale/codecvt/encoding/wchar_t/wrapped_locale.cc execution test
FAIL: 22_locale/codecvt/in/char/1.cc execution test
FAIL: 22_locale/codecvt/in/char/wrapped_env.cc execution test
FAIL: 22_locale/codecvt/in/char/wrapped_locale.cc execution test
FAIL: 22_locale/codecvt/in/wchar_t/1.cc execution test
FAIL: 22_locale/codecvt/in/wchar_t/2.cc execution test
FAIL: 22_locale/codecvt/in/wchar_t/3.cc execution test
FAIL: 22_locale/codecvt/in/wchar_t/4.cc execution test
FAIL: 22_locale/codecvt/in/wchar_t/5.cc execution test
FAIL: 22_locale/codecvt/in/wchar_t/6.cc execution test
FAIL: 22_locale/codecvt/in/wchar_t/7.cc execution test
FAIL: 22_locale/codecvt/in/wchar_t/8.cc execution test
FAIL: 22_locale/codecvt/in/wchar_t/9.cc execution test
FAIL: 22_locale/codecvt/in/wchar_t/wrapped_env.cc execution test
FAIL: 22_locale/codecvt/in/wchar_t/wrapped_locale.cc execution test
FAIL: 22_locale/codecvt/length/char/1.cc execution test
FAIL: 22_locale/codecvt/length/char/2.cc execution test
FAIL: 22_locale/codecvt/length/char/wrapped_env.cc execution test
FAIL: 22_locale/codecvt/length/char/wrapped_locale.cc execution test
FAIL: 22_locale/codecvt/length/wchar_t/1.cc execution test
FAIL: 22_locale/codecvt/length/wchar_t/2.cc execution test
FAIL: 22_locale/codecvt/length/wchar_t/3.cc execution test
FAIL: 22_locale/codecvt/length/wchar_t/4.cc execution test
FAIL: 22_locale/codecvt/length/wchar_t/5.cc execution test
FAIL: 22_locale/codecvt/length/wchar_t/6.cc (test for excess errors)
WARNING: 22_locale/codecvt/length/wchar_t/6.cc compilation failed to produce executable
FAIL: 22_locale/codecvt/length/wchar_t/7.cc execution test
FAIL: 22_locale/codecvt/length/wchar_t/wrapped_env.cc execution test
FAIL: 22_locale/codecvt/length/wchar_t/wrapped_locale.cc execution test
FAIL: 22_locale/codecvt/max_length/char/1.cc execution test
FAIL: 22_locale/codecvt/max_length/char/wrapped_env.cc execution test
FAIL: 22_locale/codecvt/max_length/char/wrapped_locale.cc execution test
FAIL: 22_locale/codecvt/max_length/wchar_t/1.cc execution test
FAIL: 22_locale/codecvt/max_length/wchar_t/2.cc execution test
FAIL: 22_locale/codecvt/max_length/wchar_t/3.cc execution test
FAIL: 22_locale/codecvt/max_length/wchar_t/4.cc execution test
FAIL: 22_locale/codecvt/max_length/wchar_t/wrapped_env.cc execution test
FAIL: 22_locale/codecvt/max_length/wchar_t/wrapped_locale.cc execution test
FAIL: 22_locale/codecvt/out/char/1.cc execution test
FAIL: 22_locale/codecvt/out/char/wrapped_env.cc execution test
FAIL: 22_locale/codecvt/out/char/wrapped_locale.cc execution test
FAIL: 22_locale/codecvt/out/wchar_t/1.cc execution test
FAIL: 22_locale/codecvt/out/wchar_t/2.cc execution test
FAIL: 22_locale/codecvt/out/wchar_t/3.cc execution test
FAIL: 22_locale/codecvt/out/wchar_t/4.cc execution test
FAIL: 22_locale/codecvt/out/wchar_t/5.cc execution test
FAIL: 22_locale/codecvt/out/wchar_t/6.cc execution test
FAIL: 22_locale/codecvt/out/wchar_t/7.cc execution test
FAIL: 22_locale/codecvt/out/wchar_t/wrapped_env.cc execution test
FAIL: 22_locale/codecvt/out/wchar_t/wrapped_locale.cc execution test
FAIL: 22_locale/codecvt/unicode/1.cc execution test
FAIL: 22_locale/codecvt/unicode/char.cc execution test
FAIL: 22_locale/codecvt/unicode/wchar_t.cc execution test
FAIL: 22_locale/codecvt/unshift/char/1.cc execution test
FAIL: 22_locale/codecvt/unshift/char/wrapped_env.cc execution test
FAIL: 22_locale/codecvt/unshift/char/wrapped_locale.cc execution test
FAIL: 22_locale/codecvt/unshift/wchar_t/1.cc execution test
FAIL: 22_locale/codecvt/unshift/wchar_t/2.cc execution test
FAIL: 22_locale/codecvt/unshift/wchar_t/3.cc execution test
FAIL: 22_locale/codecvt/unshift/wchar_t/4.cc execution test
FAIL: 22_locale/codecvt/unshift/wchar_t/wrapped_env.cc execution test
FAIL: 22_locale/codecvt/unshift/wchar_t/wrapped_locale.cc execution test
FAIL: 22_locale/collate/compare/char/1.cc execution test
FAIL: 22_locale/collate/compare/char/2.cc execution test
FAIL: 22_locale/collate/compare/char/3.cc execution test
FAIL: 22_locale/collate/compare/char/wrapped_env.cc execution test
FAIL: 22_locale/collate/compare/char/wrapped_locale.cc execution test
FAIL: 22_locale/collate/compare/wchar_t/1.cc execution test
FAIL: 22_locale/collate/compare/wchar_t/2.cc execution test
FAIL: 22_locale/collate/compare/wchar_t/3.cc execution test
FAIL: 22_locale/collate/compare/wchar_t/wrapped_env.cc execution test
FAIL: 22_locale/collate/compare/wchar_t/wrapped_locale.cc execution test
FAIL: 22_locale/collate/hash/char/1.cc execution test
FAIL: 22_locale/collate/hash/char/2.cc execution test
FAIL: 22_locale/collate/hash/char/wrapped_env.cc execution test
FAIL: 22_locale/collate/hash/char/wrapped_locale.cc execution test
FAIL: 22_locale/collate/hash/wchar_t/1.cc execution test
FAIL: 22_locale/collate/hash/wchar_t/2.cc execution test
FAIL: 22_locale/collate/hash/wchar_t/wrapped_env.cc execution test
FAIL: 22_locale/collate/hash/wchar_t/wrapped_locale.cc execution test
FAIL: 22_locale/collate/transform/char/2.cc execution test
FAIL: 22_locale/collate/transform/char/3.cc execution test
FAIL: 22_locale/collate/transform/char/wrapped_env.cc execution test
FAIL: 22_locale/collate/transform/char/wrapped_locale.cc execution test
FAIL: 22_locale/collate/transform/wchar_t/2.cc execution test
FAIL: 22_locale/collate/transform/wchar_t/3.cc execution test
FAIL: 22_locale/collate/transform/wchar_t/wrapped_env.cc execution test
FAIL: 22_locale/collate/transform/wchar_t/wrapped_locale.cc execution test
FAIL: 22_locale/collate_byname/1.cc execution test
FAIL: 22_locale/ctype/cons/char/1.cc execution test
FAIL: 22_locale/ctype/cons/char/wrapped_env.cc execution test
FAIL: 22_locale/ctype/cons/char/wrapped_locale.cc execution test
FAIL: 22_locale/ctype/is/char/1.cc execution test
FAIL: 22_locale/ctype/is/char/2.cc execution test
FAIL: 22_locale/ctype/is/char/3.cc execution test
FAIL: 22_locale/ctype/is/char/wrapped_env.cc execution test
FAIL: 22_locale/ctype/is/char/wrapped_locale.cc execution test
FAIL: 22_locale/ctype/is/wchar_t/1.cc execution test
FAIL: 22_locale/ctype/is/wchar_t/2.cc execution test
FAIL: 22_locale/ctype/is/wchar_t/wrapped_env.cc execution test
FAIL: 22_locale/ctype/is/wchar_t/wrapped_locale.cc execution test
FAIL: 22_locale/ctype/narrow/char/1.cc execution test
FAIL: 22_locale/ctype/narrow/char/2.cc execution test
FAIL: 22_locale/ctype/narrow/char/wrapped_env.cc execution test
FAIL: 22_locale/ctype/narrow/char/wrapped_locale.cc execution test
FAIL: 22_locale/ctype/narrow/wchar_t/1.cc execution test
FAIL: 22_locale/ctype/narrow/wchar_t/2.cc execution test
FAIL: 22_locale/ctype/narrow/wchar_t/3.cc execution test
FAIL: 22_locale/ctype/narrow/wchar_t/wrapped_env.cc execution test
FAIL: 22_locale/ctype/narrow/wchar_t/wrapped_locale.cc execution test
FAIL: 22_locale/ctype/scan/char/1.cc execution test
FAIL: 22_locale/ctype/scan/char/wrapped_env.cc execution test
FAIL: 22_locale/ctype/scan/char/wrapped_locale.cc execution test
FAIL: 22_locale/ctype/scan/wchar_t/1.cc execution test
FAIL: 22_locale/ctype/scan/wchar_t/wrapped_env.cc execution test
FAIL: 22_locale/ctype/scan/wchar_t/wrapped_locale.cc execution test
FAIL: 22_locale/ctype/to/char/1.cc execution test
FAIL: 22_locale/ctype/to/char/wrapped_env.cc execution test
FAIL: 22_locale/ctype/to/char/wrapped_locale.cc execution test
FAIL: 22_locale/ctype/to/wchar_t/1.cc execution test
FAIL: 22_locale/ctype/to/wchar_t/wrapped_env.cc execution test
FAIL: 22_locale/ctype/to/wchar_t/wrapped_locale.cc execution test
FAIL: 22_locale/ctype/widen/char/1.cc execution test
FAIL: 22_locale/ctype/widen/char/wrapped_env.cc execution test
FAIL: 22_locale/ctype/widen/char/wrapped_locale.cc execution test
FAIL: 22_locale/ctype/widen/wchar_t/1.cc execution test
FAIL: 22_locale/ctype/widen/wchar_t/2.cc execution test
FAIL: 22_locale/ctype/widen/wchar_t/3.cc execution test
FAIL: 22_locale/ctype/widen/wchar_t/wrapped_env.cc execution test
FAIL: 22_locale/ctype/widen/wchar_t/wrapped_locale.cc execution test
FAIL: 22_locale/facet/1.cc execution test
FAIL: 22_locale/facet/2.cc execution test
FAIL: 22_locale/global_templates/1.cc execution test
FAIL: 22_locale/locale/cons/1.cc execution test
FAIL: 22_locale/locale/cons/2.cc execution test
FAIL: 22_locale/locale/cons/4.cc execution test
FAIL: 22_locale/locale/cons/5.cc execution test
FAIL: 22_locale/locale/cons/6.cc execution test
FAIL: 22_locale/locale/cons/7.cc execution test
FAIL: 22_locale/locale/cons/7222-c.cc execution test
FAIL: 22_locale/locale/cons/7222-env.cc execution test
FAIL: 22_locale/locale/cons/8.cc execution test
FAIL: 22_locale/locale/global_locale_objects/1.cc execution test
FAIL: 22_locale/locale/global_locale_objects/2.cc execution test
FAIL: 22_locale/locale/global_locale_objects/3.cc execution test
FAIL: 22_locale/locale/operations/1.cc execution test
FAIL: 22_locale/locale/operations/2.cc execution test
FAIL: 22_locale/messages/members/char/1.cc execution test
FAIL: 22_locale/messages/members/char/2.cc execution test
FAIL: 22_locale/messages/members/char/3.cc execution test
FAIL: 22_locale/messages/members/char/wrapped_env.cc execution test
FAIL: 22_locale/messages/members/char/wrapped_locale.cc execution test
FAIL: 22_locale/messages_byname/1.cc execution test
FAIL: 22_locale/money_get/get/char/1.cc execution test
FAIL: 22_locale/money_get/get/char/2.cc execution test
FAIL: 22_locale/money_get/get/char/3.cc execution test
FAIL: 22_locale/money_get/get/char/4.cc execution test
FAIL: 22_locale/money_get/get/char/5.cc execution test
FAIL: 22_locale/money_get/get/char/6.cc execution test
FAIL: 22_locale/money_get/get/char/7.cc execution test
FAIL: 22_locale/money_get/get/char/8.cc execution test
FAIL: 22_locale/money_get/get/char/wrapped_env.cc execution test
FAIL: 22_locale/money_get/get/char/wrapped_locale.cc execution test
FAIL: 22_locale/money_get/get/wchar_t/1.cc execution test
FAIL: 22_locale/money_get/get/wchar_t/2.cc execution test
FAIL: 22_locale/money_get/get/wchar_t/3.cc execution test
FAIL: 22_locale/money_get/get/wchar_t/4.cc execution test
FAIL: 22_locale/money_get/get/wchar_t/5.cc execution test
FAIL: 22_locale/money_get/get/wchar_t/6.cc execution test
FAIL: 22_locale/money_get/get/wchar_t/7.cc execution test
FAIL: 22_locale/money_get/get/wchar_t/8.cc execution test
FAIL: 22_locale/money_get/get/wchar_t/wrapped_env.cc execution test
FAIL: 22_locale/money_get/get/wchar_t/wrapped_locale.cc execution test
FAIL: 22_locale/money_put/put/char/1.cc execution test
FAIL: 22_locale/money_put/put/char/2.cc execution test
FAIL: 22_locale/money_put/put/char/3.cc execution test
FAIL: 22_locale/money_put/put/char/4.cc execution test
FAIL: 22_locale/money_put/put/char/5.cc execution test
FAIL: 22_locale/money_put/put/char/6.cc execution test
FAIL: 22_locale/money_put/put/char/wrapped_env.cc execution test
FAIL: 22_locale/money_put/put/char/wrapped_locale.cc execution test
FAIL: 22_locale/money_put/put/wchar_t/1.cc execution test
FAIL: 22_locale/money_put/put/wchar_t/2.cc execution test
FAIL: 22_locale/money_put/put/wchar_t/3.cc execution test
FAIL: 22_locale/money_put/put/wchar_t/4.cc execution test
FAIL: 22_locale/money_put/put/wchar_t/5.cc execution test
FAIL: 22_locale/money_put/put/wchar_t/6.cc execution test
FAIL: 22_locale/money_put/put/wchar_t/wrapped_env.cc execution test
FAIL: 22_locale/money_put/put/wchar_t/wrapped_locale.cc execution test
FAIL: 22_locale/moneypunct/members/char/1.cc execution test
FAIL: 22_locale/moneypunct/members/char/2.cc execution test
FAIL: 22_locale/moneypunct/members/char/wrapped_env.cc execution test
FAIL: 22_locale/moneypunct/members/char/wrapped_locale.cc execution test
FAIL: 22_locale/moneypunct/members/wchar_t/1.cc execution test
FAIL: 22_locale/moneypunct/members/wchar_t/2.cc execution test
FAIL: 22_locale/moneypunct/members/wchar_t/wrapped_env.cc execution test
FAIL: 22_locale/moneypunct/members/wchar_t/wrapped_locale.cc execution test
FAIL: 22_locale/moneypunct_byname/1.cc execution test
FAIL: 22_locale/num_get/get/char/1.cc execution test
FAIL: 22_locale/num_get/get/char/2.cc execution test
FAIL: 22_locale/num_get/get/char/3.cc execution test
FAIL: 22_locale/num_get/get/char/4.cc execution test
FAIL: 22_locale/num_get/get/char/5.cc execution test
FAIL: 22_locale/num_get/get/char/6.cc execution test
FAIL: 22_locale/num_get/get/char/wrapped_env.cc execution test
FAIL: 22_locale/num_get/get/char/wrapped_locale.cc execution test
FAIL: 22_locale/num_get/get/wchar_t/1.cc execution test
FAIL: 22_locale/num_get/get/wchar_t/2.cc execution test
FAIL: 22_locale/num_get/get/wchar_t/3.cc execution test
FAIL: 22_locale/num_get/get/wchar_t/4.cc execution test
FAIL: 22_locale/num_get/get/wchar_t/5.cc execution test
FAIL: 22_locale/num_get/get/wchar_t/6.cc execution test
FAIL: 22_locale/num_get/get/wchar_t/wrapped_env.cc execution test
FAIL: 22_locale/num_get/get/wchar_t/wrapped_locale.cc execution test
FAIL: 22_locale/num_put/put/char/1.cc execution test
FAIL: 22_locale/num_put/put/char/2.cc execution test
FAIL: 22_locale/num_put/put/char/3.cc execution test
FAIL: 22_locale/num_put/put/char/4.cc execution test
FAIL: 22_locale/num_put/put/char/5.cc execution test
FAIL: 22_locale/num_put/put/char/6.cc execution test
FAIL: 22_locale/num_put/put/char/wrapped_env.cc execution test
FAIL: 22_locale/num_put/put/char/wrapped_locale.cc execution test
FAIL: 22_locale/num_put/put/wchar_t/1.cc execution test
FAIL: 22_locale/num_put/put/wchar_t/2.cc execution test
FAIL: 22_locale/num_put/put/wchar_t/3.cc execution test
FAIL: 22_locale/num_put/put/wchar_t/4.cc execution test
FAIL: 22_locale/num_put/put/wchar_t/5.cc execution test
FAIL: 22_locale/num_put/put/wchar_t/6.cc execution test
FAIL: 22_locale/num_put/put/wchar_t/wrapped_env.cc execution test
FAIL: 22_locale/num_put/put/wchar_t/wrapped_locale.cc execution test
FAIL: 22_locale/numpunct/members/char/1.cc execution test
FAIL: 22_locale/numpunct/members/char/2.cc execution test
FAIL: 22_locale/numpunct/members/char/wrapped_env.cc execution test
FAIL: 22_locale/numpunct/members/char/wrapped_locale.cc execution test
FAIL: 22_locale/numpunct/members/wchar_t/1.cc execution test
FAIL: 22_locale/numpunct/members/wchar_t/2.cc execution test
FAIL: 22_locale/numpunct/members/wchar_t/wrapped_env.cc execution test
FAIL: 22_locale/numpunct/members/wchar_t/wrapped_locale.cc execution test
FAIL: 22_locale/numpunct_byname/1.cc execution test
FAIL: 22_locale/numpunct_byname/2.cc execution test
FAIL: 22_locale/time_get/date_order/char/1.cc execution test
FAIL: 22_locale/time_get/date_order/char/wrapped_env.cc execution test
FAIL: 22_locale/time_get/date_order/char/wrapped_locale.cc execution test
FAIL: 22_locale/time_get/date_order/wchar_t/1.cc execution test
FAIL: 22_locale/time_get/date_order/wchar_t/wrapped_env.cc execution test
FAIL: 22_locale/time_get/date_order/wchar_t/wrapped_locale.cc execution test
FAIL: 22_locale/time_get/get_date/char/1.cc execution test
FAIL: 22_locale/time_get/get_date/char/2.cc execution test
FAIL: 22_locale/time_get/get_date/char/3.cc execution test
FAIL: 22_locale/time_get/get_date/char/wrapped_env.cc execution test
FAIL: 22_locale/time_get/get_date/char/wrapped_locale.cc execution test
FAIL: 22_locale/time_get/get_date/wchar_t/1.cc execution test
FAIL: 22_locale/time_get/get_date/wchar_t/2.cc execution test
FAIL: 22_locale/time_get/get_date/wchar_t/3.cc execution test
FAIL: 22_locale/time_get/get_date/wchar_t/wrapped_env.cc execution test
FAIL: 22_locale/time_get/get_date/wchar_t/wrapped_locale.cc execution test
FAIL: 22_locale/time_get/get_monthname/char/1.cc execution test
FAIL: 22_locale/time_get/get_monthname/char/2.cc execution test
FAIL: 22_locale/time_get/get_monthname/char/3.cc execution test
FAIL: 22_locale/time_get/get_monthname/char/wrapped_env.cc execution test
FAIL: 22_locale/time_get/get_monthname/char/wrapped_locale.cc execution test
FAIL: 22_locale/time_get/get_monthname/wchar_t/1.cc execution test
FAIL: 22_locale/time_get/get_monthname/wchar_t/2.cc execution test
FAIL: 22_locale/time_get/get_monthname/wchar_t/3.cc execution test
FAIL: 22_locale/time_get/get_monthname/wchar_t/wrapped_env.cc execution test
FAIL: 22_locale/time_get/get_monthname/wchar_t/wrapped_locale.cc execution test
FAIL: 22_locale/time_get/get_time/char/1.cc execution test
FAIL: 22_locale/time_get/get_time/char/2.cc execution test
FAIL: 22_locale/time_get/get_time/char/3.cc execution test
FAIL: 22_locale/time_get/get_time/char/wrapped_env.cc execution test
FAIL: 22_locale/time_get/get_time/char/wrapped_locale.cc execution test
FAIL: 22_locale/time_get/get_time/wchar_t/1.cc execution test
FAIL: 22_locale/time_get/get_time/wchar_t/2.cc execution test
FAIL: 22_locale/time_get/get_time/wchar_t/3.cc execution test
FAIL: 22_locale/time_get/get_time/wchar_t/wrapped_env.cc execution test
FAIL: 22_locale/time_get/get_time/wchar_t/wrapped_locale.cc execution test
FAIL: 22_locale/time_get/get_weekday/char/1.cc execution test
FAIL: 22_locale/time_get/get_weekday/char/2.cc execution test
FAIL: 22_locale/time_get/get_weekday/char/3.cc execution test
FAIL: 22_locale/time_get/get_weekday/char/wrapped_env.cc execution test
FAIL: 22_locale/time_get/get_weekday/char/wrapped_locale.cc execution test
FAIL: 22_locale/time_get/get_weekday/wchar_t/1.cc execution test
FAIL: 22_locale/time_get/get_weekday/wchar_t/2.cc execution test
FAIL: 22_locale/time_get/get_weekday/wchar_t/3.cc execution test
FAIL: 22_locale/time_get/get_weekday/wchar_t/wrapped_env.cc execution test
FAIL: 22_locale/time_get/get_weekday/wchar_t/wrapped_locale.cc execution test
FAIL: 22_locale/time_get/get_year/char/1.cc execution test
FAIL: 22_locale/time_get/get_year/char/3.cc execution test
FAIL: 22_locale/time_get/get_year/char/wrapped_env.cc execution test
FAIL: 22_locale/time_get/get_year/char/wrapped_locale.cc execution test
FAIL: 22_locale/time_get/get_year/wchar_t/1.cc execution test
FAIL: 22_locale/time_get/get_year/wchar_t/3.cc execution test
FAIL: 22_locale/time_get/get_year/wchar_t/wrapped_env.cc execution test
FAIL: 22_locale/time_get/get_year/wchar_t/wrapped_locale.cc execution test
FAIL: 22_locale/time_put/put/char/1.cc execution test
FAIL: 22_locale/time_put/put/char/10.cc execution test
FAIL: 22_locale/time_put/put/char/2.cc execution test
FAIL: 22_locale/time_put/put/char/3.cc execution test
FAIL: 22_locale/time_put/put/char/4.cc execution test
FAIL: 22_locale/time_put/put/char/5.cc execution test
FAIL: 22_locale/time_put/put/char/6.cc execution test
FAIL: 22_locale/time_put/put/char/7.cc execution test
FAIL: 22_locale/time_put/put/char/8.cc execution test
FAIL: 22_locale/time_put/put/char/9.cc execution test
FAIL: 22_locale/time_put/put/char/wrapped_env.cc execution test
FAIL: 22_locale/time_put/put/char/wrapped_locale.cc execution test
FAIL: 22_locale/time_put/put/wchar_t/1.cc execution test
FAIL: 22_locale/time_put/put/wchar_t/10.cc execution test
FAIL: 22_locale/time_put/put/wchar_t/2.cc execution test
FAIL: 22_locale/time_put/put/wchar_t/3.cc execution test
FAIL: 22_locale/time_put/put/wchar_t/4.cc execution test
FAIL: 22_locale/time_put/put/wchar_t/5.cc execution test
FAIL: 22_locale/time_put/put/wchar_t/6.cc execution test
FAIL: 22_locale/time_put/put/wchar_t/7.cc execution test
FAIL: 22_locale/time_put/put/wchar_t/8.cc execution test
FAIL: 22_locale/time_put/put/wchar_t/9.cc execution test
FAIL: 22_locale/time_put/put/wchar_t/wrapped_env.cc execution test
FAIL: 22_locale/time_put/put/wchar_t/wrapped_locale.cc execution test
FAIL: 23_containers/adaptors.cc execution test
FAIL: 23_containers/bitset_ctor.cc execution test
FAIL: 23_containers/bitset_members.cc execution test
FAIL: 23_containers/bitset_shift.cc execution test
FAIL: 23_containers/deque_ctor.cc execution test
FAIL: 23_containers/deque_operators.cc execution test
FAIL: 23_containers/list_capacity.cc execution test
FAIL: 23_containers/list_ctor.cc execution test
FAIL: 23_containers/list_modifiers.cc execution test
FAIL: 23_containers/list_operators.cc execution test
FAIL: 23_containers/map_insert.cc execution test
FAIL: 23_containers/map_operators.cc execution test
FAIL: 23_containers/multiset.cc execution test
FAIL: 23_containers/vector_bool.cc execution test
FAIL: 23_containers/vector_capacity.cc execution test
FAIL: 23_containers/vector_ctor.cc execution test
FAIL: 23_containers/vector_element_access.cc execution test
FAIL: 23_containers/vector_modifiers.cc execution test
FAIL: 23_containers/vector_resize.cc execution test
FAIL: 24_iterators/back_insert_iterator.cc execution test
FAIL: 24_iterators/front_insert_iterator.cc execution test
FAIL: 24_iterators/insert_iterator.cc execution test
FAIL: 24_iterators/istream_iterator.cc execution test
FAIL: 24_iterators/istreambuf_iterator.cc execution test
FAIL: 24_iterators/iterator.cc execution test
FAIL: 24_iterators/ostream_iterator.cc execution test
FAIL: 24_iterators/ostreambuf_iterator.cc execution test
FAIL: 24_iterators/rel_ops.cc execution test
FAIL: 24_iterators/reverse_iterator.cc execution test
FAIL: 25_algorithms/binary_search.cc execution test
FAIL: 25_algorithms/copy.cc execution test
FAIL: 25_algorithms/heap.cc execution test
FAIL: 25_algorithms/lower_bound.cc execution test
FAIL: 25_algorithms/min_max.cc execution test
FAIL: 25_algorithms/partition.cc execution test
FAIL: 25_algorithms/rotate.cc execution test
FAIL: 25_algorithms/sort.cc execution test
FAIL: 25_algorithms/unique.cc execution test
FAIL: 26_numerics/binary_closure.cc execution test
FAIL: 26_numerics/buggy_complex.cc execution test
XPASS: 26_numerics/c99_classification_macros_c.cc (test for excess errors)
FAIL: 26_numerics/c_math.cc execution test
FAIL: 26_numerics/complex_inserters_extractors.cc execution test
FAIL: 26_numerics/complex_value.cc execution test
FAIL: 26_numerics/fabs_inline.cc (test for excess errors)
WARNING: 26_numerics/fabs_inline.cc compilation failed to produce executable
FAIL: 26_numerics/slice.cc execution test
FAIL: 26_numerics/slice_array_assignment.cc execution test
FAIL: 26_numerics/sum_diff.cc execution test
FAIL: 26_numerics/valarray.cc execution test
FAIL: 26_numerics/valarray_const_bracket.cc execution test
FAIL: 26_numerics/valarray_operators.cc execution test
FAIL: 27_io/basic_filebuf/3.cc execution test
FAIL: 27_io/basic_filebuf/4.cc execution test
FAIL: 27_io/basic_filebuf/close/char/1.cc execution test
FAIL: 27_io/basic_filebuf/close/char/2.cc execution test
FAIL: 27_io/basic_filebuf/close/char/3.cc execution test
FAIL: 27_io/basic_filebuf/close/char/4879.cc execution test
FAIL: 27_io/basic_filebuf/close/char/9964.cc execution test
FAIL: 27_io/basic_filebuf/cons/wchar_t/10132-1.cc (test for excess errors)
WARNING: 27_io/basic_filebuf/cons/wchar_t/10132-1.cc compilation failed to produce executable
FAIL: 27_io/basic_filebuf/imbue/char/1.cc execution test
FAIL: 27_io/basic_filebuf/imbue/char/9322.cc execution test
FAIL: 27_io/basic_filebuf/in_avail/char/1.cc execution test
FAIL: 27_io/basic_filebuf/is_open/char/1.cc execution test
FAIL: 27_io/basic_filebuf/open/char/1.cc execution test
FAIL: 27_io/basic_filebuf/open/char/2.cc execution test
FAIL: 27_io/basic_filebuf/open/char/3.cc execution test
FAIL: 27_io/basic_filebuf/open/char/9507.cc execution test
FAIL: 27_io/basic_filebuf/overflow/char/1.cc execution test
FAIL: 27_io/basic_filebuf/overflow/char/3599.cc execution test
FAIL: 27_io/basic_filebuf/overflow/char/9169.cc execution test
FAIL: 27_io/basic_filebuf/overflow/char/9182-2.cc (test for excess errors)
WARNING: 27_io/basic_filebuf/overflow/char/9182-2.cc compilation failed to produce executable
FAIL: 27_io/basic_filebuf/overflow/char/9988.cc execution test
FAIL: 27_io/basic_filebuf/sbumpc/char/1.cc execution test
FAIL: 27_io/basic_filebuf/sbumpc/char/9825.cc execution test
FAIL: 27_io/basic_filebuf/seekoff/10132-2.cc execution test
FAIL: 27_io/basic_filebuf/seekoff/char/1.cc execution test
FAIL: 27_io/basic_filebuf/seekoff/char/2.cc execution test
FAIL: 27_io/basic_filebuf/seekpos/10132-3.cc execution test
FAIL: 27_io/basic_filebuf/seekpos/char/1.cc execution test
FAIL: 27_io/basic_filebuf/seekpos/char/2.cc execution test
FAIL: 27_io/basic_filebuf/setbuf/char/1.cc execution test
FAIL: 27_io/basic_filebuf/setbuf/char/2.cc execution test
FAIL: 27_io/basic_filebuf/setbuf/char/3.cc execution test
FAIL: 27_io/basic_filebuf/sgetc/char/1.cc execution test
FAIL: 27_io/basic_filebuf/sgetn/char/1.cc execution test
FAIL: 27_io/basic_filebuf/sgetn/char/2.cc execution test
FAIL: 27_io/basic_filebuf/showmanyc/char/9533-1.cc execution test
FAIL: 27_io/basic_filebuf/showmanyc/char/9533-2.cc execution test
FAIL: 27_io/basic_filebuf/snextc/char/1.cc execution test
FAIL: 27_io/basic_filebuf/sputbackc/char/1.cc execution test
FAIL: 27_io/basic_filebuf/sputbackc/char/9425.cc execution test
FAIL: 27_io/basic_filebuf/sputc/char/1.cc execution test
FAIL: 27_io/basic_filebuf/sputc/char/1057.cc execution test
FAIL: 27_io/basic_filebuf/sputc/char/9701-2.cc execution test
FAIL: 27_io/basic_filebuf/sputn/char/1.cc execution test
FAIL: 27_io/basic_filebuf/sputn/char/1057.cc execution test
FAIL: 27_io/basic_filebuf/sputn/char/9701-1.cc execution test
FAIL: 27_io/basic_filebuf/sungetc/char/1.cc execution test
FAIL: 27_io/basic_filebuf/sync/char/1057.cc execution test
FAIL: 27_io/basic_filebuf/sync/char/9182-1.cc (test for excess errors)
WARNING: 27_io/basic_filebuf/sync/char/9182-1.cc compilation failed to produce executable
FAIL: 27_io/basic_filebuf/underflow/10096.cc execution test
FAIL: 27_io/basic_filebuf/underflow/char/1.cc execution test
FAIL: 27_io/basic_filebuf/underflow/char/10097.cc execution test
FAIL: 27_io/basic_filebuf/underflow/char/9027.cc execution test
FAIL: 27_io/basic_filebuf/underflow/wchar_t/9520.cc execution test
FAIL: 27_io/basic_fstream/4.cc execution test
FAIL: 27_io/basic_fstream/rdbuf/char/2832.cc execution test
FAIL: 27_io/basic_ifstream/4.cc execution test
FAIL: 27_io/basic_ifstream/cons/char/1.cc execution test
FAIL: 27_io/basic_ifstream/open/char/1.cc execution test
FAIL: 27_io/basic_ifstream/rdbuf/char/2832.cc execution test
FAIL: 27_io/basic_ios/3.cc execution test
FAIL: 27_io/basic_ios/4.cc execution test
FAIL: 27_io/basic_ios/clear/char/1.cc execution test
FAIL: 27_io/basic_ios/cons/char/1.cc execution test
FAIL: 27_io/basic_ios/cons/char/2.cc execution test
FAIL: 27_io/basic_ios/cons/char/3.cc execution test
FAIL: 27_io/basic_ios/copyfmt/char/1.cc execution test
FAIL: 27_io/basic_ios/copyfmt/char/2.cc execution test
FAIL: 27_io/basic_ios/exceptions/char/1.cc execution test
FAIL: 27_io/basic_ios/locales/char/1.cc execution test
FAIL: 27_io/basic_iostream/4.cc execution test
FAIL: 27_io/basic_istream/4.cc execution test
FAIL: 27_io/basic_istream/exceptions/char/9561.cc execution test
FAIL: 27_io/basic_istream/extractors_arithmetic/char/01.cc execution test
FAIL: 27_io/basic_istream/extractors_arithmetic/char/02.cc execution test
FAIL: 27_io/basic_istream/extractors_arithmetic/char/03.cc execution test
FAIL: 27_io/basic_istream/extractors_arithmetic/char/06.cc execution test
FAIL: 27_io/basic_istream/extractors_arithmetic/char/07.cc (test for excess errors)
WARNING: 27_io/basic_istream/extractors_arithmetic/char/07.cc compilation failed to produce executable
FAIL: 27_io/basic_istream/extractors_arithmetic/char/08.cc (test for excess errors)
WARNING: 27_io/basic_istream/extractors_arithmetic/char/08.cc compilation failed to produce executable
FAIL: 27_io/basic_istream/extractors_arithmetic/char/09.cc execution test
FAIL: 27_io/basic_istream/extractors_arithmetic/char/10.cc execution test
FAIL: 27_io/basic_istream/extractors_arithmetic/char/11.cc execution test
FAIL: 27_io/basic_istream/extractors_arithmetic/char/12.cc execution test
FAIL: 27_io/basic_istream/extractors_arithmetic/char/13.cc execution test
FAIL: 27_io/basic_istream/extractors_arithmetic/char/9555-ia.cc execution test
FAIL: 27_io/basic_istream/extractors_character/char/1.cc execution test
FAIL: 27_io/basic_istream/extractors_character/char/2.cc execution test
FAIL: 27_io/basic_istream/extractors_character/char/3.cc execution test
FAIL: 27_io/basic_istream/extractors_character/char/9555-ic.cc execution test
FAIL: 27_io/basic_istream/extractors_other/char/1.cc execution test
FAIL: 27_io/basic_istream/extractors_other/char/2.cc execution test
FAIL: 27_io/basic_istream/extractors_other/char/3.cc execution test
FAIL: 27_io/basic_istream/extractors_other/char/9318-in.cc execution test
FAIL: 27_io/basic_istream/extractors_other/char/9424-in.cc execution test
FAIL: 27_io/basic_istream/extractors_other/char/9555-io.cc execution test
FAIL: 27_io/basic_istream/get/char/1.cc execution test
FAIL: 27_io/basic_istream/get/char/2.cc execution test
FAIL: 27_io/basic_istream/getline/char/1.cc execution test
FAIL: 27_io/basic_istream/getline/char/2.cc execution test
FAIL: 27_io/basic_istream/getline/char/3.cc execution test
FAIL: 27_io/basic_istream/ignore/char/1.cc execution test
FAIL: 27_io/basic_istream/ignore/char/6360.cc execution test
FAIL: 27_io/basic_istream/ignore/char/7220.cc execution test
FAIL: 27_io/basic_istream/peek/char/1.cc execution test
FAIL: 27_io/basic_istream/peek/char/6414.cc execution test
FAIL: 27_io/basic_istream/putback/char/1.cc execution test
FAIL: 27_io/basic_istream/read/char/1.cc execution test
FAIL: 27_io/basic_istream/read/char/2.cc execution test
FAIL: 27_io/basic_istream/read/char/3.cc execution test
FAIL: 27_io/basic_istream/readsome/char/6746-1.cc execution test
FAIL: 27_io/basic_istream/readsome/char/6746-2.cc execution test
FAIL: 27_io/basic_istream/readsome/char/8258.cc execution test
FAIL: 27_io/basic_istream/seekg/char/2.cc execution test
FAIL: 27_io/basic_istream/seekg/char/2346-fstream.cc execution test
FAIL: 27_io/basic_istream/seekg/char/2346-sstream.cc execution test
FAIL: 27_io/basic_istream/seekg/char/8348-1.cc execution test
FAIL: 27_io/basic_istream/seekg/char/8348-2.cc execution test
FAIL: 27_io/basic_istream/seekg/char/fstream.cc execution test
FAIL: 27_io/basic_istream/seekg/char/sstream.cc execution test
FAIL: 27_io/basic_istream/sentry/char/1.cc execution test
FAIL: 27_io/basic_istream/sentry/char/2.cc execution test
FAIL: 27_io/basic_istream/sentry/char/3.cc execution test
FAIL: 27_io/basic_istream/sentry/char/3983-fstream.cc execution test
FAIL: 27_io/basic_istream/sentry/char/3983-sstream.cc execution test
FAIL: 27_io/basic_istream/tellg/char/1.cc execution test
FAIL: 27_io/basic_istream/tellg/char/2.cc execution test
FAIL: 27_io/basic_istream/tellg/char/8348.cc execution test
FAIL: 27_io/basic_istream/tellg/char/fstream.cc execution test
FAIL: 27_io/basic_istream/tellg/char/sstream.cc execution test
FAIL: 27_io/basic_istream/ws/char/1.cc execution test
FAIL: 27_io/basic_istringstream/4.cc execution test
FAIL: 27_io/basic_istringstream/rdbuf/char/2832.cc execution test
FAIL: 27_io/basic_istringstream/str/char/1.cc execution test
FAIL: 27_io/basic_ofstream/4.cc execution test
FAIL: 27_io/basic_ofstream/cons/char/2.cc execution test
FAIL: 27_io/basic_ofstream/open/char/1.cc execution test
FAIL: 27_io/basic_ofstream/rdbuf/char/2832.cc execution test
FAIL: 27_io/basic_ostream/4.cc execution test
FAIL: 27_io/basic_ostream/cons/char/9827.cc execution test
FAIL: 27_io/basic_ostream/endl/char/1.cc execution test
FAIL: 27_io/basic_ostream/ends/char/1.cc execution test
FAIL: 27_io/basic_ostream/ends/char/2.cc execution test
FAIL: 27_io/basic_ostream/exceptions/char/9561.cc execution test
FAIL: 27_io/basic_ostream/flush/char/1.cc execution test
FAIL: 27_io/basic_ostream/inserters_arithmetic/char/1.cc execution test
FAIL: 27_io/basic_ostream/inserters_arithmetic/char/2.cc execution test
FAIL: 27_io/basic_ostream/inserters_arithmetic/char/3.cc execution test
FAIL: 27_io/basic_ostream/inserters_arithmetic/char/4.cc execution test
FAIL: 27_io/basic_ostream/inserters_arithmetic/char/4402.cc execution test
FAIL: 27_io/basic_ostream/inserters_arithmetic/char/5.cc execution test
FAIL: 27_io/basic_ostream/inserters_arithmetic/char/6.cc execution test
FAIL: 27_io/basic_ostream/inserters_arithmetic/char/9555-oa.cc execution test
FAIL: 27_io/basic_ostream/inserters_arithmetic/wchar_t/1.cc execution test
FAIL: 27_io/basic_ostream/inserters_character/char/1.cc execution test
FAIL: 27_io/basic_ostream/inserters_character/char/2.cc execution test
FAIL: 27_io/basic_ostream/inserters_character/char/3.cc execution test
FAIL: 27_io/basic_ostream/inserters_character/char/4.cc execution test
FAIL: 27_io/basic_ostream/inserters_character/char/5.cc execution test
FAIL: 27_io/basic_ostream/inserters_character/char/6.cc execution test
FAIL: 27_io/basic_ostream/inserters_character/char/8.cc execution test
FAIL: 27_io/basic_ostream/inserters_character/char/9555-oc.cc execution test
FAIL: 27_io/basic_ostream/inserters_character/wchar_t/7.cc (test for excess errors)
WARNING: 27_io/basic_ostream/inserters_character/wchar_t/7.cc compilation failed to produce executable
FAIL: 27_io/basic_ostream/inserters_character/wchar_t/8.cc execution test
FAIL: 27_io/basic_ostream/inserters_other/char/1.cc execution test
FAIL: 27_io/basic_ostream/inserters_other/char/2.cc execution test
FAIL: 27_io/basic_ostream/inserters_other/char/3.cc execution test
FAIL: 27_io/basic_ostream/inserters_other/char/4.cc execution test
FAIL: 27_io/basic_ostream/inserters_other/char/9318-out.cc execution test
FAIL: 27_io/basic_ostream/inserters_other/char/9424-out.cc execution test
FAIL: 27_io/basic_ostream/inserters_other/char/9555-oo.cc execution test
FAIL: 27_io/basic_ostream/sentry/char/1.cc execution test
FAIL: 27_io/basic_ostream/sentry/char/2.cc execution test
FAIL: 27_io/basic_ostream/sentry/char/3983-fstream.cc execution test
FAIL: 27_io/basic_ostream/sentry/char/3983-sstream.cc execution test
FAIL: 27_io/basic_ostream/tellp/char/1.cc execution test
FAIL: 27_io/basic_ostream/tellp/char/2.cc execution test
FAIL: 27_io/basic_ostringstream/4.cc execution test
FAIL: 27_io/basic_ostringstream/cons/char/3.cc execution test
FAIL: 27_io/basic_ostringstream/rdbuf/char/2832.cc execution test
FAIL: 27_io/basic_ostringstream/str/char/1.cc execution test
FAIL: 27_io/basic_ostringstream/str/char/2.cc execution test
FAIL: 27_io/basic_streambuf/3.cc execution test
FAIL: 27_io/basic_streambuf/cons/char/1.cc execution test
FAIL: 27_io/basic_streambuf/imbue/char/1.cc execution test
FAIL: 27_io/basic_streambuf/imbue/char/9322.cc execution test
FAIL: 27_io/basic_streambuf/in_avail/char/9701-3.cc execution test
FAIL: 27_io/basic_streambuf/overflow/char/1.cc execution test
FAIL: 27_io/basic_streambuf/overflow/char/2.cc execution test
FAIL: 27_io/basic_streambuf/overflow/char/3599.cc execution test
FAIL: 27_io/basic_streambuf/sgetc/char/1.cc execution test
FAIL: 27_io/basic_streambuf/sgetn/char/1.cc execution test
FAIL: 27_io/basic_streambuf/sputbackc/char/9538.cc execution test
FAIL: 27_io/basic_streambuf/sputc/char/1057.cc execution test
FAIL: 27_io/basic_streambuf/sputn/char/1.cc execution test
FAIL: 27_io/basic_streambuf/sputn/char/1057.cc execution test
FAIL: 27_io/basic_streambuf/sync/char/1057.cc execution test
FAIL: 27_io/basic_stringbuf/3.cc execution test
FAIL: 27_io/basic_stringbuf/5.cc execution test
FAIL: 27_io/basic_stringbuf/imbue/char/1.cc execution test
FAIL: 27_io/basic_stringbuf/imbue/char/9322.cc execution test
FAIL: 27_io/basic_stringbuf/in_avail/char/1.cc execution test
FAIL: 27_io/basic_stringbuf/overflow/char/2.cc execution test
FAIL: 27_io/basic_stringbuf/overflow/char/3599.cc execution test
FAIL: 27_io/basic_stringbuf/overflow/char/9988.cc execution test
FAIL: 27_io/basic_stringbuf/sbumpc/char/1.cc execution test
FAIL: 27_io/basic_stringbuf/sbumpc/char/9825.cc execution test
FAIL: 27_io/basic_stringbuf/seekoff/char/1.cc execution test
FAIL: 27_io/basic_stringbuf/seekoff/char/2.cc execution test
FAIL: 27_io/basic_stringbuf/seekpos/char/1.cc execution test
FAIL: 27_io/basic_stringbuf/seekpos/char/2.cc execution test
FAIL: 27_io/basic_stringbuf/setbuf/char/1.cc execution test
FAIL: 27_io/basic_stringbuf/setbuf/char/2.cc execution test
FAIL: 27_io/basic_stringbuf/setbuf/char/3.cc execution test
FAIL: 27_io/basic_stringbuf/sgetc/char/1.cc execution test
FAIL: 27_io/basic_stringbuf/sgetn/char/1.cc execution test
FAIL: 27_io/basic_stringbuf/snextc/char/1.cc execution test
FAIL: 27_io/basic_stringbuf/sputbackc/char/1.cc execution test
FAIL: 27_io/basic_stringbuf/sputbackc/char/9425.cc execution test
FAIL: 27_io/basic_stringbuf/sputc/char/1.cc execution test
FAIL: 27_io/basic_stringbuf/sputc/char/1057.cc execution test
FAIL: 27_io/basic_stringbuf/sputc/char/9404-1.cc execution test
FAIL: 27_io/basic_stringbuf/sputn/char/1.cc execution test
FAIL: 27_io/basic_stringbuf/sputn/char/1057.cc execution test
FAIL: 27_io/basic_stringbuf/sputn/char/9404-2.cc execution test
FAIL: 27_io/basic_stringbuf/str/char/1.cc execution test
FAIL: 27_io/basic_stringbuf/str/char/2.cc execution test
FAIL: 27_io/basic_stringbuf/str/char/3.cc execution test
FAIL: 27_io/basic_stringbuf/str/char/3955.cc execution test
FAIL: 27_io/basic_stringbuf/sungetc/char/1.cc execution test
FAIL: 27_io/basic_stringbuf/sync/char/1057.cc execution test
FAIL: 27_io/basic_stringstream/4.cc execution test
FAIL: 27_io/basic_stringstream/rdbuf/char/2832.cc execution test
FAIL: 27_io/basic_stringstream/str/char/1.cc execution test
FAIL: 27_io/basic_stringstream/str/char/2.cc execution test
FAIL: 27_io/basic_stringstream/str/char/3.cc execution test
FAIL: 27_io/basic_stringstream/str/char/4.cc execution test
FAIL: 27_io/fpos/1.cc execution test
FAIL: 27_io/fpos/2.cc execution test
FAIL: 27_io/fpos/3.cc execution test
FAIL: 27_io/ios_base/callbacks/1.cc execution test
FAIL: 27_io/ios_base/state/1.cc execution test
FAIL: 27_io/ios_base/storage/1.cc execution test
FAIL: 27_io/ios_base/storage/2.cc execution test
FAIL: 27_io/ios_base/storage/3.cc execution test
FAIL: 27_io/ios_base/sync_with_stdio/1.cc execution test
FAIL: 27_io/ios_base/sync_with_stdio/2.cc execution test
FAIL: 27_io/ios_base/sync_with_stdio/9523.cc execution test
FAIL: 27_io/manipulators/adjustfield/char/1.cc (test for excess errors)
WARNING: 27_io/manipulators/adjustfield/char/1.cc compilation failed to produce executable
FAIL: 27_io/manipulators/adjustfield/char/2.cc execution test
FAIL: 27_io/manipulators/basefield/char/1.cc (test for excess errors)
WARNING: 27_io/manipulators/basefield/char/1.cc compilation failed to produce executable
FAIL: 27_io/manipulators/standard/char/1.cc execution test
FAIL: 27_io/manipulators/standard/char/2.cc execution test
FAIL: 27_io/objects/char/1.cc execution test
FAIL: 27_io/objects/char/10.cc execution test
FAIL: 27_io/objects/char/2.cc execution test
FAIL: 27_io/objects/char/3045.cc execution test
FAIL: 27_io/objects/char/3647.cc execution test
FAIL: 27_io/objects/char/5.cc execution test
FAIL: 27_io/objects/char/5268.cc execution test
FAIL: 27_io/objects/char/6.cc execution test
FAIL: 27_io/objects/char/7.cc execution test
FAIL: 27_io/objects/char/8.cc execution test
FAIL: 27_io/objects/char/9.cc execution test
FAIL: 27_io/objects/char/9661-1.cc execution test
FAIL: 27_io/objects/wchar_t/1.cc execution test
FAIL: 27_io/objects/wchar_t/10.cc execution test
FAIL: 27_io/objects/wchar_t/2.cc execution test
FAIL: 27_io/objects/wchar_t/3045.cc execution test
FAIL: 27_io/objects/wchar_t/3647.cc execution test
FAIL: 27_io/objects/wchar_t/5.cc execution test
FAIL: 27_io/objects/wchar_t/5268.cc execution test
FAIL: 27_io/objects/wchar_t/6.cc execution test
FAIL: 27_io/objects/wchar_t/7.cc execution test
FAIL: 27_io/objects/wchar_t/8.cc execution test
FAIL: 27_io/objects/wchar_t/9520.cc execution test
FAIL: 27_io/objects/wchar_t/9661-1.cc execution test
FAIL: 27_io/objects/wchar_t/9662.cc execution test
FAIL: 27_io/types/1.cc execution test
FAIL: 27_io/types/2.cc execution test
FAIL: backward/header_deque_h.cc execution test
FAIL: backward/header_hash_map_h.cc execution test
FAIL: backward/header_hash_set_h.cc execution test
FAIL: backward/header_hashtable_h.cc execution test
FAIL: backward/header_iterator_h.cc execution test
FAIL: backward/header_rope_h.cc execution test
FAIL: backward/header_slist_h.cc execution test
FAIL: backward/header_tempbuf_h.cc execution test
FAIL: backward/strstream_members.cc execution test
FAIL: demangle/abi_examples/01.cc execution test
FAIL: demangle/abi_examples/02.cc execution test
FAIL: demangle/abi_examples/03.cc execution test
FAIL: demangle/abi_examples/04.cc execution test
FAIL: demangle/abi_examples/05.cc execution test
FAIL: demangle/abi_examples/06.cc execution test
FAIL: demangle/abi_examples/07.cc execution test
FAIL: demangle/abi_examples/08.cc execution test
FAIL: demangle/abi_examples/09.cc execution test
FAIL: demangle/abi_examples/10.cc execution test
FAIL: demangle/abi_examples/11.cc execution test
FAIL: demangle/abi_examples/12.cc execution test
FAIL: demangle/abi_examples/13.cc execution test
FAIL: demangle/abi_examples/14.cc execution test
FAIL: demangle/abi_examples/15.cc execution test
FAIL: demangle/abi_examples/16.cc execution test
FAIL: demangle/abi_examples/17.cc execution test
FAIL: demangle/abi_examples/18.cc execution test
FAIL: demangle/abi_examples/19.cc execution test
FAIL: demangle/abi_examples/20.cc execution test
FAIL: demangle/abi_examples/21.cc execution test
FAIL: demangle/abi_examples/22.cc execution test
FAIL: demangle/abi_examples/23.cc execution test
FAIL: demangle/abi_examples/24.cc execution test
FAIL: demangle/abi_examples/25.cc execution test
FAIL: demangle/abi_examples/26.cc execution test
FAIL: demangle/abi_text/01.cc execution test
FAIL: demangle/abi_text/02.cc execution test
FAIL: demangle/abi_text/03.cc execution test
FAIL: demangle/abi_text/04.cc execution test
FAIL: demangle/abi_text/05.cc execution test
FAIL: demangle/abi_text/06.cc execution test
FAIL: demangle/abi_text/07.cc execution test
FAIL: demangle/abi_text/08.cc execution test
FAIL: demangle/abi_text/09.cc execution test
FAIL: demangle/abi_text/10.cc execution test
FAIL: demangle/abi_text/11.cc execution test
FAIL: demangle/abi_text/12.cc execution test
FAIL: demangle/abi_text/13.cc execution test
FAIL: demangle/abi_text/14.cc execution test
FAIL: demangle/regression/3111-1.cc execution test
FAIL: demangle/regression/3111-2.cc execution test
FAIL: demangle/regression/7986-01.cc execution test
FAIL: demangle/regression/7986-02.cc execution test
FAIL: demangle/regression/7986-03.cc execution test
FAIL: demangle/regression/7986-04.cc execution test
FAIL: demangle/regression/7986-05.cc execution test
FAIL: demangle/regression/7986-06.cc execution test
FAIL: demangle/regression/7986-07.cc execution test
FAIL: demangle/regression/7986-08.cc execution test
FAIL: demangle/regression/7986-09.cc execution test
FAIL: demangle/regression/7986-10.cc execution test
FAIL: demangle/regression/7986-11.cc execution test
FAIL: demangle/regression/7986-12.cc execution test
FAIL: demangle/regression/7986.cc execution test
FAIL: demangle/regression/8897.cc execution test
FAIL: demangle/regression/cw-01.cc execution test
FAIL: demangle/regression/cw-02.cc execution test
FAIL: demangle/regression/cw-03.cc execution test
FAIL: demangle/regression/cw-04.cc execution test
FAIL: demangle/regression/cw-05.cc execution test
FAIL: demangle/regression/cw-06.cc execution test
FAIL: demangle/regression/cw-07.cc execution test
FAIL: demangle/regression/cw-08.cc execution test
FAIL: demangle/regression/cw-09.cc execution test
FAIL: demangle/regression/cw-10.cc execution test
FAIL: demangle/regression/cw-11.cc execution test
FAIL: demangle/regression/cw-12.cc execution test
FAIL: demangle/regression/cw-13.cc execution test
FAIL: demangle/regression/cw-14.cc execution test
FAIL: demangle/regression/old.cc execution test
FAIL: ext/allocators.cc execution test
FAIL: ext/concept_checks.cc execution test
FAIL: ext/hash_map.cc execution test
FAIL: ext/hash_set.cc execution test
FAIL: ext/headers.cc execution test
FAIL: ext/rope.cc execution test
FAIL: ext/stdio_filebuf_2.cc execution test
FAIL: ext/stdio_sync_filebuf_char.cc execution test
FAIL: ext/stdio_sync_filebuf_wchar_t.cc execution test
FAIL: thread/pthread1.cc execution test
FAIL: thread/pthread2.cc execution test
FAIL: thread/pthread3.cc execution test
FAIL: thread/pthread4.cc execution test
FAIL: thread/pthread5.cc execution test
FAIL: thread/pthread6.cc execution test
FAIL: thread/pthread7-rope.cc execution test

		=== libstdc++-v3 Summary ===

# of expected passes		940
# of unexpected failures	876
# of unexpected successes	1
# of expected failures		3

Compiler version: 3.5-tree-ssa 20030513 (merged 20030511) 
Platform: hppa-unknown-linux-gnu
configure flags: --with-gnu-as --with-as=/home/dave/opt/gnu/bin/as --with-gnu-ld --with-ld=/home/dave/opt/gnu/bin/ld --enable-shared --disable-nls --prefix=/home/dave/opt/gnu/gcc/tree-ssa --with-local-prefix=/home/dave/opt/gnu --enable-threads=posix --enable-__cxa_atexit --enable-languages=c,c++,f77,objc --host=hppa-linux --with-libbanshee


Index Nav: [Date Index] [Subject Index] [Author Index] [Thread Index]
Message Nav: [Date Prev] [Date Next] [Thread Prev] [Thread Next]