This is the mail archive of the gcc-testresults@gcc.gnu.org mailing list for the GCC project.


Index Nav: [Date Index] [Subject Index] [Author Index] [Thread Index]
Message Nav: [Date Prev] [Date Next] [Thread Prev] [Thread Next]
Other format: [Raw text]

Results for 3.4 20030513 (experimental) testsuite on mips-sgi-irix6.2


LAST_UPDATED: 
Native configuration is mips-sgi-irix6.2

		=== g++ tests ===


Running target unix
FAIL: g++.dg/pch/system-1.C -g assembly comparison
FAIL: g++.dg/pch/system-1.C -O2 -g assembly comparison
FAIL: g++.dg/pch/system-1.C -O2 assembly comparison
FAIL: g++.dg/pch/system-2.C -g assembly comparison
FAIL: g++.dg/pch/system-2.C -O2 -g assembly comparison
FAIL: g++.dg/pch/system-2.C -O2 assembly comparison
FAIL: g++.old-deja/g++.jason/thunk3.C (test for excess errors)
WARNING: g++.old-deja/g++.jason/thunk3.C compilation failed to produce executable
FAIL: g++.old-deja/g++.law/profile1.C (test for excess errors)
WARNING: g++.old-deja/g++.law/profile1.C compilation failed to produce executable
WARNING: g++.old-deja/g++.mike/p10769a.C compilation failed to produce executable
FAIL: g++.old-deja/g++.oliva/template1.C (test for excess errors)
FAIL: g++.old-deja/g++.other/comdat1.C (test for excess errors)
WARNING: g++.old-deja/g++.other/comdat1.C compilation failed to produce executable
FAIL: g++.old-deja/g++.other/comdat2.C (test for excess errors)
WARNING: g++.old-deja/g++.other/comdat2.C compilation failed to produce executable
FAIL: g++.old-deja/g++.other/comdat3.C (test for excess errors)
WARNING: g++.old-deja/g++.other/comdat3.C compilation failed to produce executable
FAIL: g++.old-deja/g++.other/ctor1.C (test for excess errors)
WARNING: g++.old-deja/g++.other/ctor1.C compilation failed to produce executable
WARNING: g++.old-deja/g++.other/enum5.C compilation failed to produce executable
WARNING: g++.old-deja/g++.pt/friend44.C compilation failed to produce executable
FAIL: g++.old-deja/g++.pt/instantiate5.C (test for excess errors)

		=== g++ Summary ===

# of expected passes		8213
# of unexpected failures	14
# of expected failures		70
# of unsupported tests		43
/teal/tmpdisk/ghazi/gcc-testing-irix62/build/gcc/testsuite/../g++ version 3.4 20030513 (experimental)

		=== g77 tests ===


Running target unix
FAIL: g77.f-torture/execute/980520-1.f compilation,  -O0 

		=== g77 Summary ===

# of expected passes		1708
# of unexpected failures	1
# of untested testcases		1
# of unsupported tests		8
/teal/tmpdisk/ghazi/gcc-testing-irix62/build/gcc/testsuite/../g77 version 3.4 20030513 (experimental)

		=== gcc tests ===


Running target unix
FAIL: gcc.c-torture/execute/20020412-1.c execution,  -O0 
FAIL: gcc.c-torture/execute/20020412-1.c execution,  -O1 
FAIL: gcc.c-torture/execute/20020412-1.c execution,  -O2 
FAIL: gcc.c-torture/execute/20020412-1.c execution,  -O3 -fomit-frame-pointer 
FAIL: gcc.c-torture/execute/20020412-1.c execution,  -O3 -fomit-frame-pointer -funroll-loops 
FAIL: gcc.c-torture/execute/20020412-1.c execution,  -O3 -fomit-frame-pointer -funroll-all-loops -finline-functions 
FAIL: gcc.c-torture/execute/20020412-1.c execution,  -O3 -g 
FAIL: gcc.c-torture/execute/20020412-1.c execution,  -Os 
FAIL: gcc.dg/compat/struct-by-value-1 c_compat_x_tst.o-c_compat_y_tst.o execute 
FAIL: gcc.dg/compat/struct-by-value-2 c_compat_x_tst.o-c_compat_y_tst.o execute 
FAIL: gcc.dg/compat/struct-by-value-3 c_compat_x_tst.o-c_compat_y_tst.o execute 
FAIL: gcc.dg/compat/struct-by-value-4 c_compat_x_tst.o-c_compat_y_tst.o execute 
FAIL: gcc.dg/compat/struct-by-value-5 c_compat_x_tst.o-c_compat_y_tst.o execute 
FAIL: gcc.dg/cpp/ucs.c (test for excess errors)
WARNING: gcc.dg/20021014-1.c compilation failed to produce executable
FAIL: gcc.dg/builtins-10.c (test for excess errors)
FAIL: gcc.dg/builtins-11.c (test for excess errors)
ERROR: gcc.dg/const-elim-2.c: error executing dg-final: bad switch "-inline": must be -indices, -nocase, or --
UNRESOLVED: gcc.dg/const-elim-2.c: error executing dg-final: bad switch "-inline": must be -indices, -nocase, or --
FAIL: gcc.dg/duff-2.c (test for excess errors)
WARNING: gcc.dg/nest.c compilation failed to produce executable
FAIL: gcc.dg/struct-by-value-1.c execution test
FAIL: gcc.dg/unused-5.c scan-assembler string_to_look_for
FAIL: gcc.dg/pch/static-1.c  -O0  assembly comparison
FAIL: gcc.dg/pch/static-1.c  -O1  assembly comparison
FAIL: gcc.dg/pch/static-1.c  -O2  assembly comparison
FAIL: gcc.dg/pch/static-1.c  -Os  assembly comparison
FAIL: gcc.dg/pch/static-2.c  -O0  assembly comparison
FAIL: gcc.dg/pch/static-2.c  -O1  assembly comparison
FAIL: gcc.dg/pch/static-2.c  -O2  assembly comparison
FAIL: gcc.dg/pch/static-2.c  -Os  assembly comparison
FAIL: gcc.dg/pch/static-3.c  -O0  assembly comparison
FAIL: gcc.dg/pch/static-3.c  -O1  assembly comparison
FAIL: gcc.dg/pch/static-3.c  -O2  assembly comparison
FAIL: gcc.dg/pch/static-3.c  -Os  assembly comparison

		=== gcc Summary ===

# of expected passes		21554
# of unexpected failures	31
# of expected failures		106
# of unresolved testcases	1
# of unsupported tests		213
/teal/tmpdisk/ghazi/gcc-testing-irix62/build/gcc/xgcc version 3.4 20030513 (experimental)

		=== objc tests ===


Running target unix
FAIL: objc/execute/bycopy-3.m execution,  -O2 
FAIL: objc/execute/bycopy-3.m execution,  -O3 -fomit-frame-pointer 
FAIL: objc/execute/bycopy-3.m execution,  -Os 
FAIL: objc/execute/formal_protocol-5.m execution,  -O2 
FAIL: objc/execute/formal_protocol-5.m execution,  -O3 -fomit-frame-pointer 
FAIL: objc/execute/formal_protocol-5.m execution,  -Os 
FAIL: objc/execute/formal_protocol-6.m execution,  -O2 
FAIL: objc/execute/formal_protocol-6.m execution,  -O3 -fomit-frame-pointer 
FAIL: objc/execute/formal_protocol-6.m execution,  -Os 

		=== objc Summary ===

# of expected passes		1147
# of unexpected failures	9
/teal/tmpdisk/ghazi/gcc-testing-irix62/build/gcc/xgcc version 3.4 20030513 (experimental)

		=== libstdc++-v3 tests ===


Running target unix
FAIL: 27_io/basic_filebuf/showmanyc/char/9533-2.cc execution test
FAIL: 27_io/basic_istream/readsome/char/6746-2.cc execution test

		=== libstdc++-v3 Summary ===

# of expected passes		1359
# of unexpected failures	2
# of expected failures		3
# of unsupported tests		7

Compiler version: 3.4 20030513 (experimental) 
Platform: mips-sgi-irix6.2
configure flags: --verbose --enable-languages=c,objc,c++,f77


Index Nav: [Date Index] [Subject Index] [Author Index] [Thread Index]
Message Nav: [Date Prev] [Date Next] [Thread Prev] [Thread Next]