This is the mail archive of the gcc-testresults@gcc.gnu.org mailing list for the GCC project.


Index Nav: [Date Index] [Subject Index] [Author Index] [Thread Index]
Message Nav: [Date Prev] [Date Next] [Thread Prev] [Thread Next]
Other format: [Raw text]

Results for 3.3 testsuite on alpha-unknown-freebsd5.1


Using gmake with srcdir configuration on beast (see key)

LAST_UPDATED: Mon May 12 20:53:46 GMT 2003

Native configuration is alpha-unknown-freebsd5.1

		=== libjava tests ===


Running target unix
FAIL: SyncTest execution - source compiled test
FAIL: SyncTest output - gij test
FAIL: SyncTest execution - bytecode->native test
WARNING: program timed out.
FAIL: SyncTest -O execution - source compiled test
FAIL: SyncTest output - gij test
FAIL: Thread_Monitor execution - source compiled test
FAIL: Thread_Monitor output - gij test
FAIL: Throw_2 execution - source compiled test
FAIL: Throw_2 execution - gij test
FAIL: Throw_2 execution - bytecode->native test
FAIL: Throw_2 -O execution - source compiled test
FAIL: Throw_2 execution - gij test
FAIL: Throw_2 -O execution - bytecode->native test
FAIL: initexc execution - gij test
FAIL: initexc execution - gij test

		=== libjava Summary ===

# of expected passes		2964
# of unexpected failures	15
# of expected failures		16
# of untested testcases		24
		=== libstdc++-v3 tests ===


Running target unix
FAIL: 18_support/numeric_limits.cc execution test
XPASS: 22_locale/ctype_is_wchar_t.cc execution test

		=== libstdc++-v3 Summary ===

# of expected passes		452
# of unexpected failures	1
# of unexpected successes	1
# of expected failures		27
		=== g++ tests ===


Running target unix
FAIL: g++.dg/tls/init-2.C (test for excess errors)
FAIL: g++.law/profile1.C (test for excess errors)
FAIL: g++.pt/repo3.C (test for excess errors)

		=== g++ Summary ===

# of expected passes		7946
# of unexpected failures	3
# of expected failures		98
# of untested testcases		22
# of unsupported tests		17
/j/ljrittle/gcc-build-beast-0513-in/gcc/testsuite/../g++ version 3.3

		=== g77 tests ===


Running target unix

		=== g77 Summary ===

# of expected passes		1686
# of unsupported tests		8
/j/ljrittle/gcc-build-beast-0513-in/gcc/testsuite/../g77 version 3.3

		=== gcc tests ===


Running target unix
FAIL: gcc.c-torture/execute/20020227-1.c compilation,  -O0 
UNRESOLVED: gcc.c-torture/execute/20020227-1.c execution,  -O0 
FAIL: gcc.c-torture/execute/20020227-1.c compilation,  -O1 
UNRESOLVED: gcc.c-torture/execute/20020227-1.c execution,  -O1 
FAIL: gcc.c-torture/execute/20020227-1.c compilation,  -O2 
UNRESOLVED: gcc.c-torture/execute/20020227-1.c execution,  -O2 
FAIL: gcc.c-torture/execute/20020227-1.c compilation,  -O3 -fomit-frame-pointer 
UNRESOLVED: gcc.c-torture/execute/20020227-1.c execution,  -O3 -fomit-frame-pointer 
FAIL: gcc.c-torture/execute/20020227-1.c compilation,  -O3 -g 
UNRESOLVED: gcc.c-torture/execute/20020227-1.c execution,  -O3 -g 
FAIL: gcc.c-torture/execute/20020227-1.c compilation,  -Os 
UNRESOLVED: gcc.c-torture/execute/20020227-1.c execution,  -Os 
FAIL: gcc.c-torture/execute/simd-2.c compilation,  -O3 -fomit-frame-pointer 
UNRESOLVED: gcc.c-torture/execute/simd-2.c execution,  -O3 -fomit-frame-pointer 
FAIL: gcc.c-torture/execute/simd-2.c compilation,  -O3 -g 
UNRESOLVED: gcc.c-torture/execute/simd-2.c execution,  -O3 -g 
FAIL: gcc.dg/20020607-2.c (test for excess errors)
WARNING: gcc.dg/20020607-2.c compilation failed to produce executable
FAIL: gcc.dg/20021014-1.c (test for excess errors)
WARNING: gcc.dg/20021014-1.c compilation failed to produce executable
FAIL: gcc.dg/duff-2.c (test for excess errors)
FAIL: gcc.dg/fastmath-1.c (test for excess errors)
WARNING: gcc.dg/fastmath-1.c compilation failed to produce executable
FAIL: gcc.dg/fnegate-1.c (test for excess errors)
WARNING: gcc.dg/fnegate-1.c compilation failed to produce executable
FAIL: gcc.dg/nest.c (test for excess errors)
WARNING: gcc.dg/nest.c compilation failed to produce executable

		=== gcc Summary ===

# of expected passes		21225
# of unexpected failures	14
# of expected failures		72
# of unresolved testcases	8
# of unsupported tests		162
/j/ljrittle/gcc-build-beast-0513-in/gcc/xgcc version 3.3

		=== objc tests ===


Running target unix

		=== objc Summary ===

# of expected passes		1153
/j/ljrittle/gcc-build-beast-0513-in/gcc/xgcc version 3.3


Compiler version: 3.3 
Platform: alpha-unknown-freebsd5.1
configure flags: --host=alpha-unknown-freebsd5.1 --prefix=/home/ljrittle/beast/tmp/install-beast --with-gnu-as --with-as=/usr/bin/as --with-gnu-ld --with-ld=/usr/bin/ld
BOOT_CFLAGS=-g -O2
Key: gmake is GNU make
     make is BSD make as shipped on alpha-unknown-freebsd5.1
     srcdir means in-source configuration was done within the gcc source tree
     objdir means out-source configuration was done within a fresh directory
ref4 (3.3) and ref5 (mainline) attempt to build gcc twice daily;
once for srcdir configuration and once for objdir configuration;
odd number days use GNU make; even days use BSD make; missing
reports infer breakage; partial reports are made when bootstap
completes in gcc but fails in a support library.
beast (3.3) builds gcc once daily using gmake with objdir conf.
See http://people.freebsd.org/~ljrittle/daily-gcc-bootstrap-reports
for all related transcript logs and log.sent files (not staged
until after all daily bootstraps for a machine complete).


Index Nav: [Date Index] [Subject Index] [Author Index] [Thread Index]
Message Nav: [Date Prev] [Date Next] [Thread Prev] [Thread Next]