This is the mail archive of the gcc-testresults@gcc.gnu.org mailing list for the GCC project.


Index Nav: [Date Index] [Subject Index] [Author Index] [Thread Index]
Message Nav: [Date Prev] [Date Next] [Thread Prev] [Thread Next]
Other format: [Raw text]

Results for 3.4 20030513 (experimental) testsuite on armv5l-unknown-linux-gnu


kernel : 2.4.16-rmk1-xng1
binutils-2.13.90.0.10 + 'strip section from output' patch
glibc-2.2.5 + arm patch

LAST_UPDATED: Tue May 13 19:32:49 UTC 2003

Native configuration is armv5l-unknown-linux-gnu

		=== libstdc++-v3 tests ===


Running target unix
FAIL: 22_locale/ctype/scan/char/1.cc (test for excess errors)
WARNING: 22_locale/ctype/scan/char/1.cc compilation failed to produce executable
FAIL: 22_locale/ctype/scan/char/wrapped_env.cc (test for excess errors)
WARNING: 22_locale/ctype/scan/char/wrapped_env.cc compilation failed to produce executable
FAIL: 22_locale/ctype/scan/char/wrapped_locale.cc (test for excess errors)
WARNING: 22_locale/ctype/scan/char/wrapped_locale.cc compilation failed to produce executable
FAIL: 22_locale/money_get/get/char/wrapped_env.cc (test for excess errors)
WARNING: 22_locale/money_get/get/char/wrapped_env.cc compilation failed to produce executable
FAIL: 22_locale/money_get/get/char/wrapped_locale.cc (test for excess errors)
WARNING: 22_locale/money_get/get/char/wrapped_locale.cc compilation failed to produce executable
FAIL: 22_locale/money_get/get/wchar_t/wrapped_env.cc (test for excess errors)
WARNING: 22_locale/money_get/get/wchar_t/wrapped_env.cc compilation failed to produce executable
FAIL: 22_locale/money_get/get/wchar_t/wrapped_locale.cc (test for excess errors)
WARNING: 22_locale/money_get/get/wchar_t/wrapped_locale.cc compilation failed to produce executable
FAIL: 22_locale/money_put/put/char/wrapped_env.cc (test for excess errors)
WARNING: 22_locale/money_put/put/char/wrapped_env.cc compilation failed to produce executable
FAIL: 22_locale/money_put/put/char/wrapped_locale.cc (test for excess errors)
WARNING: 22_locale/money_put/put/char/wrapped_locale.cc compilation failed to produce executable
FAIL: 22_locale/money_put/put/wchar_t/wrapped_env.cc (test for excess errors)
WARNING: 22_locale/money_put/put/wchar_t/wrapped_env.cc compilation failed to produce executable
FAIL: 22_locale/money_put/put/wchar_t/wrapped_locale.cc (test for excess errors)
WARNING: 22_locale/money_put/put/wchar_t/wrapped_locale.cc compilation failed to produce executable
FAIL: 22_locale/num_get/get/char/4.cc (test for excess errors)
WARNING: 22_locale/num_get/get/char/4.cc compilation failed to produce executable
FAIL: 22_locale/num_get/get/char/wrapped_env.cc (test for excess errors)
WARNING: 22_locale/num_get/get/char/wrapped_env.cc compilation failed to produce executable
FAIL: 22_locale/num_get/get/char/wrapped_locale.cc (test for excess errors)
WARNING: 22_locale/num_get/get/char/wrapped_locale.cc compilation failed to produce executable
FAIL: 22_locale/num_get/get/wchar_t/4.cc (test for excess errors)
WARNING: 22_locale/num_get/get/wchar_t/4.cc compilation failed to produce executable
FAIL: 22_locale/num_get/get/wchar_t/wrapped_env.cc (test for excess errors)
WARNING: 22_locale/num_get/get/wchar_t/wrapped_env.cc compilation failed to produce executable
FAIL: 22_locale/num_get/get/wchar_t/wrapped_locale.cc (test for excess errors)
WARNING: 22_locale/num_get/get/wchar_t/wrapped_locale.cc compilation failed to produce executable
FAIL: 22_locale/num_put/put/char/wrapped_env.cc (test for excess errors)
WARNING: 22_locale/num_put/put/char/wrapped_env.cc compilation failed to produce executable
FAIL: 22_locale/num_put/put/char/wrapped_locale.cc (test for excess errors)
WARNING: 22_locale/num_put/put/char/wrapped_locale.cc compilation failed to produce executable
FAIL: 22_locale/num_put/put/wchar_t/wrapped_env.cc (test for excess errors)
WARNING: 22_locale/num_put/put/wchar_t/wrapped_env.cc compilation failed to produce executable
FAIL: 22_locale/num_put/put/wchar_t/wrapped_locale.cc (test for excess errors)
WARNING: 22_locale/num_put/put/wchar_t/wrapped_locale.cc compilation failed to produce executable
FAIL: 22_locale/time_get/get_date/char/wrapped_env.cc (test for excess errors)
WARNING: 22_locale/time_get/get_date/char/wrapped_env.cc compilation failed to produce executable
FAIL: 22_locale/time_get/get_date/char/wrapped_locale.cc (test for excess errors)
WARNING: 22_locale/time_get/get_date/char/wrapped_locale.cc compilation failed to produce executable
FAIL: 22_locale/time_get/get_date/wchar_t/wrapped_env.cc (test for excess errors)
WARNING: 22_locale/time_get/get_date/wchar_t/wrapped_env.cc compilation failed to produce executable
FAIL: 22_locale/time_get/get_date/wchar_t/wrapped_locale.cc (test for excess errors)
WARNING: 22_locale/time_get/get_date/wchar_t/wrapped_locale.cc compilation failed to produce executable
FAIL: 22_locale/time_get/get_monthname/char/wrapped_env.cc (test for excess errors)
WARNING: 22_locale/time_get/get_monthname/char/wrapped_env.cc compilation failed to produce executable
FAIL: 22_locale/time_get/get_monthname/char/wrapped_locale.cc (test for excess errors)
WARNING: 22_locale/time_get/get_monthname/char/wrapped_locale.cc compilation failed to produce executable
FAIL: 22_locale/time_get/get_monthname/wchar_t/wrapped_env.cc (test for excess errors)
WARNING: 22_locale/time_get/get_monthname/wchar_t/wrapped_env.cc compilation failed to produce executable
FAIL: 22_locale/time_get/get_monthname/wchar_t/wrapped_locale.cc (test for excess errors)
WARNING: 22_locale/time_get/get_monthname/wchar_t/wrapped_locale.cc compilation failed to produce executable
FAIL: 22_locale/time_get/get_time/char/wrapped_env.cc (test for excess errors)
WARNING: 22_locale/time_get/get_time/char/wrapped_env.cc compilation failed to produce executable
FAIL: 22_locale/time_get/get_time/char/wrapped_locale.cc (test for excess errors)
WARNING: 22_locale/time_get/get_time/char/wrapped_locale.cc compilation failed to produce executable
FAIL: 22_locale/time_get/get_time/wchar_t/wrapped_env.cc (test for excess errors)
WARNING: 22_locale/time_get/get_time/wchar_t/wrapped_env.cc compilation failed to produce executable
FAIL: 22_locale/time_get/get_time/wchar_t/wrapped_locale.cc (test for excess errors)
WARNING: 22_locale/time_get/get_time/wchar_t/wrapped_locale.cc compilation failed to produce executable
FAIL: 22_locale/time_get/get_weekday/char/wrapped_env.cc (test for excess errors)
WARNING: 22_locale/time_get/get_weekday/char/wrapped_env.cc compilation failed to produce executable
FAIL: 22_locale/time_get/get_weekday/char/wrapped_locale.cc (test for excess errors)
WARNING: 22_locale/time_get/get_weekday/char/wrapped_locale.cc compilation failed to produce executable
FAIL: 22_locale/time_get/get_weekday/wchar_t/wrapped_env.cc (test for excess errors)
WARNING: 22_locale/time_get/get_weekday/wchar_t/wrapped_env.cc compilation failed to produce executable
FAIL: 22_locale/time_get/get_weekday/wchar_t/wrapped_locale.cc (test for excess errors)
WARNING: 22_locale/time_get/get_weekday/wchar_t/wrapped_locale.cc compilation failed to produce executable
FAIL: 22_locale/time_put/put/char/wrapped_env.cc (test for excess errors)
WARNING: 22_locale/time_put/put/char/wrapped_env.cc compilation failed to produce executable
FAIL: 22_locale/time_put/put/char/wrapped_locale.cc (test for excess errors)
WARNING: 22_locale/time_put/put/char/wrapped_locale.cc compilation failed to produce executable
FAIL: 22_locale/time_put/put/wchar_t/wrapped_env.cc (test for excess errors)
WARNING: 22_locale/time_put/put/wchar_t/wrapped_env.cc compilation failed to produce executable
FAIL: 22_locale/time_put/put/wchar_t/wrapped_locale.cc (test for excess errors)
WARNING: 22_locale/time_put/put/wchar_t/wrapped_locale.cc compilation failed to produce executable
FAIL: 23_containers/deque_ctor.cc (test for excess errors)
WARNING: 23_containers/deque_ctor.cc compilation failed to produce executable
FAIL: 23_containers/list_operators.cc (test for excess errors)
WARNING: 23_containers/list_operators.cc compilation failed to produce executable
FAIL: 23_containers/vector_ctor.cc (test for excess errors)
WARNING: 23_containers/vector_ctor.cc compilation failed to produce executable
FAIL: 24_iterators/iterator.cc (test for excess errors)
WARNING: 24_iterators/iterator.cc compilation failed to produce executable
FAIL: 25_algorithms/sort.cc (test for excess errors)
WARNING: 25_algorithms/sort.cc compilation failed to produce executable
XPASS: 26_numerics/c99_classification_macros_c.cc (test for excess errors)
FAIL: 26_numerics/complex_inserters_extractors.cc (test for excess errors)
WARNING: 26_numerics/complex_inserters_extractors.cc compilation failed to produce executable
FAIL: 26_numerics/fabs_inline.cc (test for excess errors)
WARNING: 26_numerics/fabs_inline.cc compilation failed to produce executable
FAIL: 27_io/basic_fstream/2.cc (test for excess errors)
FAIL: 27_io/basic_fstream/3.cc (test for excess errors)
FAIL: 27_io/basic_ios/cons/char/3.cc (test for excess errors)
WARNING: 27_io/basic_ios/cons/char/3.cc compilation failed to produce executable
FAIL: 27_io/basic_istream/2.cc (test for excess errors)
FAIL: 27_io/basic_istream/extractors_character/char/9826.cc (test for excess errors)
FAIL: 27_io/basic_istream/sentry/char/3983-fstream.cc (test for excess errors)
WARNING: 27_io/basic_istream/sentry/char/3983-fstream.cc compilation failed to produce executable
FAIL: 27_io/basic_istream/sentry/char/3983-sstream.cc (test for excess errors)
WARNING: 27_io/basic_istream/sentry/char/3983-sstream.cc compilation failed to produce executable
FAIL: 27_io/basic_istringstream/2.cc (test for excess errors)
FAIL: 27_io/basic_ostream/2.cc (test for excess errors)
FAIL: 27_io/basic_ostream/sentry/char/3983-fstream.cc (test for excess errors)
WARNING: 27_io/basic_ostream/sentry/char/3983-fstream.cc compilation failed to produce executable
FAIL: 27_io/basic_ostream/sentry/char/3983-sstream.cc (test for excess errors)
WARNING: 27_io/basic_ostream/sentry/char/3983-sstream.cc compilation failed to produce executable
FAIL: 27_io/basic_ostringstream/2.cc (test for excess errors)
FAIL: 27_io/basic_stringbuf/1.cc (test for excess errors)
FAIL: 27_io/basic_stringbuf/2.cc (test for excess errors)
FAIL: 27_io/basic_stringstream/2.cc (test for excess errors)
FAIL: 27_io/basic_stringstream/3.cc (test for excess errors)
FAIL: thread/pthread7-rope.cc (test for excess errors)
WARNING: thread/pthread7-rope.cc compilation failed to produce executable

		=== libstdc++-v3 Summary ===

# of expected passes		1707
# of unexpected failures	65
# of unexpected successes	1
# of expected failures		3
		=== g++ tests ===


Running target unix
FAIL: g++.dg/abi/empty6.C  (test for warnings, line 6)
FAIL: g++.dg/abi/vbase10.C  (test for warnings, line 6)
WARNING: program timed out.
FAIL: g++.dg/eh/cleanup1.C (test for excess errors)
FAIL: 258: expected branch percentages not found: 25
FAIL: g++.dg/gcov/gcov-1.C gcov: 0 failures in line counts, 1 in branch percentages, 0 in return percentages
WARNING: g++.old-deja/g++.mike/p10769a.C compilation failed to produce executable
FAIL: g++.old-deja/g++.oliva/template1.C (test for excess errors)
WARNING: g++.old-deja/g++.other/enum5.C compilation failed to produce executable
WARNING: g++.old-deja/g++.pt/friend44.C compilation failed to produce executable

		=== g++ Summary ===

# of expected passes		8491
# of unexpected failures	6
# of expected failures		69
# of unsupported tests		43
/usr/src/cvs-others/gcc-trees/gcc-head/build-tmp-0/gcc/testsuite/../g++ version 3.4 20030513 (experimental)

		=== g77 tests ===


Running target unix
FAIL: g77.f-torture/execute/980520-1.f compilation,  -O0 
FAIL: g77.f-torture/execute/f90-intrinsic-bit.f execution,  -O3 -fomit-frame-pointer -funroll-all-loops -finline-functions 

		=== g77 Summary ===

# of expected passes		1707
# of unexpected failures	2
# of untested testcases		1
# of unsupported tests		8
/usr/src/cvs-others/gcc-trees/gcc-head/build-tmp-0/gcc/testsuite/../g77 version 3.4 20030513 (experimental)

		=== gcc tests ===


Running target unix
WARNING: program timed out.
FAIL: gcc.c-torture/compile/20001226-1.c,  -O3 -fomit-frame-pointer  
WARNING: program timed out.
FAIL: gcc.c-torture/compile/20001226-1.c,  -O3 -g  
FAIL: gcc.c-torture/execute/20010119-1.c compilation,  -O2 
UNRESOLVED: gcc.c-torture/execute/20010119-1.c execution,  -O2 
FAIL: gcc.c-torture/execute/20010119-1.c compilation,  -O3 -fomit-frame-pointer 
UNRESOLVED: gcc.c-torture/execute/20010119-1.c execution,  -O3 -fomit-frame-pointer 
FAIL: gcc.c-torture/execute/20010119-1.c compilation,  -O3 -fomit-frame-pointer -funroll-loops 
UNRESOLVED: gcc.c-torture/execute/20010119-1.c execution,  -O3 -fomit-frame-pointer -funroll-loops 
FAIL: gcc.c-torture/execute/20010119-1.c compilation,  -O3 -fomit-frame-pointer -funroll-all-loops -finline-functions 
UNRESOLVED: gcc.c-torture/execute/20010119-1.c execution,  -O3 -fomit-frame-pointer -funroll-all-loops -finline-functions 
FAIL: gcc.c-torture/execute/20010119-1.c compilation,  -O3 -g 
UNRESOLVED: gcc.c-torture/execute/20010119-1.c execution,  -O3 -g 
FAIL: gcc.c-torture/execute/20010119-1.c compilation,  -Os 
UNRESOLVED: gcc.c-torture/execute/20010119-1.c execution,  -Os 
XPASS: gcc.c-torture/execute/20020720-1.c compilation,  -O1 
XPASS: gcc.c-torture/execute/20020720-1.c compilation,  -O2 
XPASS: gcc.c-torture/execute/20020720-1.c compilation,  -O3 -fomit-frame-pointer 
XPASS: gcc.c-torture/execute/20020720-1.c compilation,  -O3 -g 
XPASS: gcc.c-torture/execute/20020720-1.c compilation,  -Os 
FAIL: gcc.c-torture/execute/20030125-1.c execution,  -O1 
FAIL: gcc.c-torture/execute/20030125-1.c execution,  -O2 
FAIL: gcc.c-torture/execute/20030125-1.c execution,  -O3 -fomit-frame-pointer 
FAIL: gcc.c-torture/execute/20030125-1.c execution,  -O3 -g 
FAIL: gcc.c-torture/execute/20030125-1.c execution,  -Os 
XPASS: gcc.c-torture/execute/990208-1.c execution,  -O3 -fomit-frame-pointer 
XPASS: gcc.c-torture/execute/990208-1.c execution,  -O3 -g 
FAIL: gcc.c-torture/execute/strct-pack-1.c compilation,  -O3 -fomit-frame-pointer 
UNRESOLVED: gcc.c-torture/execute/strct-pack-1.c execution,  -O3 -fomit-frame-pointer 
FAIL: gcc.c-torture/execute/strct-pack-1.c compilation,  -O3 -g 
UNRESOLVED: gcc.c-torture/execute/strct-pack-1.c execution,  -O3 -g 
FAIL: gcc.c-torture/execute/ieee/fp-cmp-8.c compilation,  -O1 
UNRESOLVED: gcc.c-torture/execute/ieee/fp-cmp-8.c execution,  -O1 
FAIL: gcc.c-torture/execute/ieee/fp-cmp-8.c compilation,  -O2 
UNRESOLVED: gcc.c-torture/execute/ieee/fp-cmp-8.c execution,  -O2 
FAIL: gcc.c-torture/execute/ieee/fp-cmp-8.c compilation,  -O3 -fomit-frame-pointer 
UNRESOLVED: gcc.c-torture/execute/ieee/fp-cmp-8.c execution,  -O3 -fomit-frame-pointer 
FAIL: gcc.c-torture/execute/ieee/fp-cmp-8.c compilation,  -O3 -fomit-frame-pointer -funroll-loops 
UNRESOLVED: gcc.c-torture/execute/ieee/fp-cmp-8.c execution,  -O3 -fomit-frame-pointer -funroll-loops 
FAIL: gcc.c-torture/execute/ieee/fp-cmp-8.c compilation,  -O3 -fomit-frame-pointer -funroll-all-loops -finline-functions 
UNRESOLVED: gcc.c-torture/execute/ieee/fp-cmp-8.c execution,  -O3 -fomit-frame-pointer -funroll-all-loops -finline-functions 
FAIL: gcc.c-torture/execute/ieee/fp-cmp-8.c compilation,  -O3 -g 
UNRESOLVED: gcc.c-torture/execute/ieee/fp-cmp-8.c execution,  -O3 -g 
FAIL: gcc.c-torture/execute/ieee/fp-cmp-8.c compilation,  -Os 
UNRESOLVED: gcc.c-torture/execute/ieee/fp-cmp-8.c execution,  -Os 
FAIL: gcc.dg/debug/debug-1.c scan-assembler xyzzy
FAIL: gcc.dg/debug/debug-1.c scan-assembler xyzzy
FAIL: gcc.dg/debug/debug-1.c scan-assembler xyzzy
FAIL: gcc.dg/debug/debug-1.c scan-assembler xyzzy
FAIL: gcc.dg/debug/debug-1.c scan-assembler xyzzy
FAIL: gcc.dg/debug/debug-1.c scan-assembler xyzzy
FAIL: gcc.dg/debug/debug-2.c scan-assembler xyzzy
FAIL: gcc.dg/debug/debug-2.c scan-assembler xyzzy
FAIL: gcc.dg/debug/debug-2.c scan-assembler xyzzy
FAIL: gcc.dg/debug/debug-2.c scan-assembler xyzzy
FAIL: gcc.dg/debug/debug-2.c scan-assembler xyzzy
FAIL: gcc.dg/debug/debug-2.c scan-assembler xyzzy
FAIL: gcc.dg/20021014-1.c execution test
FAIL: gcc.dg/builtins-10.c (test for excess errors)
FAIL: gcc.dg/builtins-6.c execution test
FAIL: gcc.dg/const-elim-1.c scan-assembler-not LC[^A-Z]
FAIL: gcc.dg/duff-2.c (test for excess errors)
FAIL: gcc.dg/nest.c execution test
FAIL: gcc.dg/pack-test-1.c (test for excess errors)
FAIL: gcc.dg/pack-test-2.c  (test for errors, line 7)
FAIL: gcc.dg/pack-test-2.c  (test for errors, line 14)
FAIL: gcc.dg/pack-test-2.c  (test for errors, line 19)
FAIL: gcc.dg/pack-test-2.c (test for excess errors)
XPASS: gcc.dg/uninit-4.c uninitialized variable warning (test for bogus messages, line 26)
FAIL: gcc.dg/uninit-C.c (test for excess errors)
FAIL: 209: expected branch percentages not found: 25
FAIL: gcc.misc-tests/gcov-4b.c gcov: 0 failures in line counts, 1 in branch percentages, 0 in return percentages

		=== gcc Summary ===

# of expected passes		21865
# of unexpected failures	48
# of unexpected successes	8
# of expected failures		72
# of unresolved testcases	15
# of unsupported tests		208
/usr/src/cvs-others/gcc-trees/gcc-head/build-tmp-0/gcc/xgcc version 3.4 20030513 (experimental)

		=== objc tests ===


Running target unix

		=== objc Summary ===

# of expected passes		1156
/usr/src/cvs-others/gcc-trees/gcc-head/build-tmp-0/gcc/xgcc version 3.4 20030513 (experimental)


Compiler version: 3.4 20030513 (experimental) 
Platform: armv5l-unknown-linux-gnu
configure flags: --prefix=/usr/local/gcc-3.4-cvs --with-cpu=xscale --enable-languages=c,c++,f77,objc


Index Nav: [Date Index] [Subject Index] [Author Index] [Thread Index]
Message Nav: [Date Prev] [Date Next] [Thread Prev] [Thread Next]