This is the mail archive of the gcc-testresults@gcc.gnu.org mailing list for the GCC project.


Index Nav: [Date Index] [Subject Index] [Author Index] [Thread Index]
Message Nav: [Date Prev] [Date Next] [Thread Prev] [Thread Next]
Other format: [Raw text]

Results for 3.4 20030512 (experimental) testsuite on i686-pc-linux-gnu


LAST_UPDATED: Mon May 12 15:18:31 UTC 2003

Native configuration is i686-pc-linux-gnu

		=== g77 tests ===


Running target unix
FAIL: g77.f-torture/execute/980520-1.f compilation,  -O0 

		=== g77 Summary ===

# of expected passes		1724
# of unexpected failures	1
# of untested testcases		1
/export/build/gnu/gcc/build-i686-linux/gcc/testsuite/../g77 version 3.4 20030512 (experimental)

		=== gcc tests ===


Running target unix
FAIL: gcc.c-torture/execute/20011113-1.c compilation,  -O0 
UNRESOLVED: gcc.c-torture/execute/20011113-1.c execution,  -O0 
FAIL: gcc.c-torture/execute/20011113-1.c compilation,  -O1 
UNRESOLVED: gcc.c-torture/execute/20011113-1.c execution,  -O1 
FAIL: gcc.c-torture/execute/20011113-1.c compilation,  -O2 
UNRESOLVED: gcc.c-torture/execute/20011113-1.c execution,  -O2 
FAIL: gcc.c-torture/execute/20011113-1.c compilation,  -O3 -fomit-frame-pointer 
UNRESOLVED: gcc.c-torture/execute/20011113-1.c execution,  -O3 -fomit-frame-pointer 
FAIL: gcc.c-torture/execute/20011113-1.c compilation,  -O3 -g 
UNRESOLVED: gcc.c-torture/execute/20011113-1.c execution,  -O3 -g 
FAIL: gcc.c-torture/execute/20011113-1.c compilation,  -Os 
UNRESOLVED: gcc.c-torture/execute/20011113-1.c execution,  -Os 
FAIL: gcc.dg/duff-2.c (test for excess errors)
FAIL: gcc.dg/uninit-C.c (test for excess errors)

		=== gcc Summary ===

# of expected passes		22258
# of unexpected failures	8
# of expected failures		75
# of unresolved testcases	6
# of unsupported tests		99
/export/build/gnu/gcc/build-i686-linux/gcc/xgcc version 3.4 20030512 (experimental)

		=== g++ tests ===


Running target unix
FAIL: g++.dg/eh/simd-2.C (test for excess errors)
WARNING: g++.dg/eh/simd-2.C compilation failed to produce executable
FAIL: g++.old-deja/g++.brendan/ns1.C  (test for errors, line 10)
FAIL: g++.old-deja/g++.brendan/warnings1.C  (test for errors, line 4)
WARNING: g++.old-deja/g++.mike/p10769a.C compilation failed to produce executable
WARNING: g++.old-deja/g++.other/enum5.C compilation failed to produce executable
FAIL: g++.old-deja/g++.other/warn3.C  (test for warnings, line 7)
FAIL: g++.old-deja/g++.other/warn3.C  (test for warnings, line 17)
FAIL: g++.old-deja/g++.other/warn3.C  (test for warnings, line 26)
FAIL: g++.old-deja/g++.other/warn3.C  (test for warnings, line 33)
FAIL: g++.old-deja/g++.other/warn3.C  (test for warnings, line 43)
FAIL: g++.old-deja/g++.other/warn3.C  (test for warnings, line 51)
WARNING: g++.old-deja/g++.pt/friend44.C compilation failed to produce executable
FAIL: g++.old-deja/g++.robertl/eb71.C  (test for warnings, line 18)

		=== g++ Summary ===

# of expected passes		8565
# of unexpected failures	10
# of expected failures		69
# of unsupported tests		13
/export/build/gnu/gcc/build-i686-linux/gcc/testsuite/../g++ version 3.4 20030512 (experimental)

		=== objc tests ===


Running target unix

		=== objc Summary ===

# of expected passes		1156
/export/build/gnu/gcc/build-i686-linux/gcc/xgcc version 3.4 20030512 (experimental)

		=== libjava tests ===


Running target unix
FAIL: linking longfield
FAIL: linking shortfield
FAIL: ArrayClass compilation from source
FAIL: ArrayClass compilation from bytecode
FAIL: ArrayClass -O compilation from source
FAIL: ArrayClass -O compilation from bytecode
FAIL: Case compilation from source
FAIL: Case compilation from bytecode
FAIL: Case -O compilation from source
FAIL: Case -O compilation from bytecode
FAIL: G19990210_1 compilation from source
FAIL: G19990210_1 compilation from bytecode
FAIL: G19990210_1 -O compilation from source
FAIL: G19990210_1 -O compilation from bytecode
FAIL: G19990210_2 compilation from source
FAIL: G19990210_2 compilation from bytecode
FAIL: G19990210_2 -O compilation from source
FAIL: G19990210_2 -O compilation from bytecode
FAIL: G19990210_3 compilation from source
FAIL: G19990210_3 compilation from bytecode
FAIL: G19990210_3 -O compilation from source
FAIL: G19990210_3 -O compilation from bytecode
FAIL: G19990217_01 compilation from source
FAIL: G19990217_01 compilation from bytecode
FAIL: G19990217_01 -O compilation from source
FAIL: G19990217_01 -O compilation from bytecode
FAIL: G19990217_02 compilation from source
FAIL: G19990217_02 compilation from bytecode
FAIL: G19990217_02 -O compilation from source
FAIL: G19990217_02 -O compilation from bytecode
FAIL: G19990225_01 compilation from source
FAIL: G19990225_01 compilation from bytecode
FAIL: G19990225_01 -O compilation from source
FAIL: G19990225_01 -O compilation from bytecode
FAIL: N19990310_01 compilation from source
FAIL: N19990310_01 compilation from bytecode
FAIL: N19990310_01 -O compilation from source
FAIL: N19990310_01 -O compilation from bytecode
FAIL: N19990317 compilation from source
FAIL: N19990317 compilation from bytecode
FAIL: N19990317 -O compilation from source
FAIL: N19990317 -O compilation from bytecode
FAIL: OperatorBenchmark compilation from source
FAIL: OperatorBenchmark compilation from bytecode
FAIL: OperatorBenchmark -O compilation from source
FAIL: OperatorBenchmark -O compilation from bytecode
FAIL: PR129_B compilation from source
FAIL: PR129_B compilation from bytecode
FAIL: PR129_B -O compilation from source
FAIL: PR129_B -O compilation from bytecode
FAIL: PR1343 compilation from source
FAIL: PR1343 compilation from bytecode
FAIL: PR1343 -O compilation from source
FAIL: PR1343 -O compilation from bytecode
FAIL: PR206 compilation from source
FAIL: PR206 compilation from bytecode
FAIL: PR206 -O compilation from source
FAIL: PR206 -O compilation from bytecode
FAIL: PR207 compilation from source
FAIL: PR207 compilation from bytecode
FAIL: PR207 -O compilation from source
FAIL: PR207 -O compilation from bytecode
FAIL: PR208 compilation from source
FAIL: PR208 compilation from bytecode
FAIL: PR208 -O compilation from source
FAIL: PR208 -O compilation from bytecode
FAIL: PR209 compilation from source
FAIL: PR209 compilation from bytecode
FAIL: PR209 -O compilation from source
FAIL: PR209 -O compilation from bytecode
FAIL: PR232 compilation from source
FAIL: PR232 compilation from bytecode
FAIL: PR232 -O compilation from source
FAIL: PR232 -O compilation from bytecode
FAIL: PR232B compilation from source
FAIL: PR232B compilation from bytecode
FAIL: PR232B -O compilation from source
FAIL: PR232B -O compilation from bytecode
FAIL: PR234 compilation from source
FAIL: PR234 compilation from bytecode
FAIL: PR234 -O compilation from source
FAIL: PR234 -O compilation from bytecode
FAIL: PR235 compilation from source
FAIL: PR235 compilation from bytecode
FAIL: PR235 -O compilation from source
FAIL: PR235 -O compilation from bytecode
FAIL: PR238 compilation from source
FAIL: PR238 compilation from bytecode
FAIL: PR238 -O compilation from source
FAIL: PR238 -O compilation from bytecode
FAIL: PR295 compilation from source
FAIL: PR295 compilation from bytecode
FAIL: PR295 -O compilation from source
FAIL: PR295 -O compilation from bytecode
FAIL: PR374 compilation from source
FAIL: PR374 compilation from bytecode
FAIL: PR374 -O compilation from source
FAIL: PR374 -O compilation from bytecode
FAIL: PR375 compilation from source
FAIL: PR375 compilation from bytecode
FAIL: PR375 -O compilation from source
FAIL: PR375 -O compilation from bytecode
FAIL: PR4766 compilation from source
FAIL: PR4766 compilation from bytecode
FAIL: PR4766 -O compilation from source
FAIL: PR4766 -O compilation from bytecode
FAIL: PR5641 compilation from source
FAIL: PR5641 -O compilation from source
FAIL: PR5848 compilation from source
FAIL: PR5848 compilation from bytecode
FAIL: PR5848 -O compilation from source
FAIL: PR5848 -O compilation from bytecode
FAIL: PR5902 compilation from source
FAIL: PR5902 compilation from bytecode
FAIL: PR5902 -O compilation from source
FAIL: PR5902 -O compilation from bytecode
FAIL: PR5913 compilation from source
FAIL: PR5913 compilation from bytecode
FAIL: PR5913 -O compilation from source
FAIL: PR5913 -O compilation from bytecode
FAIL: PR6026 compilation from source
FAIL: PR6026 compilation from bytecode
FAIL: PR6026 -O compilation from source
FAIL: PR6026 -O compilation from bytecode
FAIL: Semi compilation from source
FAIL: Semi compilation from bytecode
FAIL: Semi -O compilation from source
FAIL: Semi -O compilation from bytecode
FAIL: Statics compilation from source
FAIL: Statics compilation from bytecode
FAIL: Statics -O compilation from source
FAIL: Statics -O compilation from bytecode
FAIL: SuperConstr compilation from source
FAIL: SuperConstr compilation from bytecode
FAIL: SuperConstr -O compilation from source
FAIL: SuperConstr -O compilation from bytecode
FAIL: T20020529 compilation from source
FAIL: T20020529 compilation from bytecode
FAIL: T20020529 -O compilation from source
FAIL: T20020529 -O compilation from bytecode
FAIL: T20020604 compilation from source
FAIL: T20020604 compilation from bytecode
FAIL: T20020604 -O compilation from source
FAIL: T20020604 -O compilation from bytecode
FAIL: Twice compilation from source
FAIL: Twice compilation from bytecode
FAIL: Twice -O compilation from source
FAIL: Twice -O compilation from bytecode
FAIL: Where compilation from bytecode
FAIL: Where -O compilation from bytecode
FAIL: XercesBug compilation from source
FAIL: XercesBug compilation from bytecode
FAIL: XercesBug -O compilation from source
FAIL: XercesBug -O compilation from bytecode
FAIL: abstr compilation from source
FAIL: abstr -O compilation from source
FAIL: assignment compilation from source
FAIL: assignment compilation from bytecode
FAIL: assignment -O compilation from source
FAIL: assignment -O compilation from bytecode
FAIL: assignment_2 compilation from source
FAIL: assignment_2 compilation from bytecode
FAIL: assignment_2 -O compilation from source
FAIL: assignment_2 -O compilation from bytecode
FAIL: comment compilation from source
FAIL: comment compilation from bytecode
FAIL: comment -O compilation from source
FAIL: comment -O compilation from bytecode
FAIL: final_initialization_in_ctor compilation from source
FAIL: final_initialization_in_ctor compilation from bytecode
FAIL: final_initialization_in_ctor -O compilation from source
FAIL: final_initialization_in_ctor -O compilation from bytecode
FAIL: final_local_switch compilation from source
FAIL: final_local_switch compilation from bytecode
FAIL: final_local_switch -O compilation from source
FAIL: final_local_switch -O compilation from bytecode
FAIL: iface compilation from source
FAIL: iface compilation from bytecode
FAIL: iface -O compilation from source
FAIL: iface -O compilation from bytecode
FAIL: inner_1 byte compilation
FAIL: inner_1 byte compilation
FAIL: inner_data compilation from source
FAIL: inner_data compilation from bytecode
FAIL: inner_data -O compilation from source
FAIL: inner_data -O compilation from bytecode
FAIL: inner_inherit compilation from source
FAIL: inner_inherit compilation from bytecode
FAIL: inner_inherit -O compilation from source
FAIL: inner_inherit -O compilation from bytecode
FAIL: inner_priv compilation from source
FAIL: inner_priv compilation from bytecode
FAIL: inner_priv -O compilation from source
FAIL: inner_priv -O compilation from bytecode
FAIL: inner_pub compilation from source
FAIL: inner_pub compilation from bytecode
FAIL: inner_pub -O compilation from source
FAIL: inner_pub -O compilation from bytecode
FAIL: narrow_case compilation from source
FAIL: narrow_case compilation from bytecode
FAIL: narrow_case -O compilation from source
FAIL: narrow_case -O compilation from bytecode
FAIL: not_a_redef compilation from source
FAIL: not_a_redef compilation from bytecode
FAIL: not_a_redef -O compilation from source
FAIL: not_a_redef -O compilation from bytecode
FAIL: perc compilation from source
FAIL: perc compilation from bytecode
FAIL: perc -O compilation from source
FAIL: perc -O compilation from bytecode
FAIL: plusplus compilation from source
FAIL: plusplus compilation from bytecode
FAIL: plusplus -O compilation from source
FAIL: plusplus -O compilation from bytecode
FAIL: pr10459 compilation from source
FAIL: pr10459 compilation from bytecode
FAIL: pr10459 -O compilation from source
FAIL: pr10459 -O compilation from bytecode
FAIL: pr10459_2 compilation from source
FAIL: pr10459_2 compilation from bytecode
FAIL: pr10459_2 -O compilation from source
FAIL: pr10459_2 -O compilation from bytecode
FAIL: pr172 compilation from source
FAIL: pr172 compilation from bytecode
FAIL: pr172 -O compilation from source
FAIL: pr172 -O compilation from bytecode
FAIL: pr174 compilation from source
FAIL: pr174 compilation from bytecode
FAIL: pr174 -O compilation from source
FAIL: pr174 -O compilation from bytecode
FAIL: pr176 compilation from source
FAIL: pr176 compilation from bytecode
FAIL: pr176 -O compilation from source
FAIL: pr176 -O compilation from bytecode
FAIL: pr7912 compilation from source
FAIL: pr7912 compilation from bytecode
FAIL: pr7912 -O compilation from source
FAIL: pr7912 -O compilation from bytecode
FAIL: pr8712 compilation from source
FAIL: pr8712 compilation from bytecode
FAIL: pr8712 -O compilation from source
FAIL: pr8712 -O compilation from bytecode
FAIL: pr8955 compilation from source
FAIL: pr8955 compilation from bytecode
FAIL: pr8955 -O compilation from source
FAIL: pr8955 -O compilation from bytecode
FAIL: static_2 compilation from source
FAIL: static_2 compilation from bytecode
FAIL: static_2 -O compilation from source
FAIL: static_2 -O compilation from bytecode
FAIL: static_3 compilation from source
FAIL: static_3 compilation from bytecode
FAIL: static_3 -O compilation from source
FAIL: static_3 -O compilation from bytecode
FAIL: static_init2 compilation from source
FAIL: static_init2 compilation from bytecode
FAIL: static_init2 -O compilation from source
FAIL: static_init2 -O compilation from bytecode
FAIL: static_inner compilation from source
FAIL: static_inner compilation from bytecode
FAIL: static_inner -O compilation from source
FAIL: static_inner -O compilation from bytecode
FAIL: weirddecl compilation from source
FAIL: weirddecl compilation from bytecode
FAIL: weirddecl -O compilation from source
FAIL: weirddecl -O compilation from bytecode
FAIL: zeroexp compilation from source
FAIL: zeroexp compilation from bytecode
FAIL: zeroexp -O compilation from source
FAIL: zeroexp -O compilation from bytecode
FAIL: linking calls
FAIL: linking cxxtest
FAIL: linking field
FAIL: linking final_method
FAIL: linking findclass
FAIL: linking invoke
FAIL: linking martin
FAIL: linking noclass
FAIL: linking overload
FAIL: linking register
FAIL: linking simple_int
FAIL: linking throwit
FAIL: linking virtual
FAIL: ArrayStore compilation from source
FAIL: ArrayStore compilation from bytecode
FAIL: ArrayStore -O compilation from source
FAIL: ArrayStore -O compilation from bytecode
FAIL: ArrayStore2 compilation from source
FAIL: ArrayStore2 compilation from bytecode
FAIL: ArrayStore2 -O compilation from source
FAIL: ArrayStore2 -O compilation from bytecode
FAIL: Array_1 compilation from source
FAIL: Array_1 compilation from bytecode
FAIL: Array_1 -O compilation from source
FAIL: Array_1 -O compilation from bytecode
FAIL: Array_2 compilation from source
FAIL: Array_2 compilation from bytecode
FAIL: Array_2 -O compilation from source
FAIL: Array_2 -O compilation from bytecode
FAIL: Array_3 compilation from source
FAIL: Array_3 compilation from bytecode
FAIL: Array_3 -O compilation from source
FAIL: Array_3 -O compilation from bytecode
FAIL: Class_1 compilation from source
FAIL: Class_1 compilation from bytecode
FAIL: Class_1 -O compilation from source
FAIL: Class_1 -O compilation from bytecode
FAIL: CompareNaN compilation from source
FAIL: CompareNaN compilation from bytecode
FAIL: CompareNaN -O compilation from source
FAIL: CompareNaN -O compilation from bytecode
FAIL: Divide_1 compilation from source
FAIL: Divide_1 compilation from bytecode
FAIL: Divide_1 -O compilation from source
FAIL: Divide_1 -O compilation from bytecode
FAIL: EvaluationOrder compilation from source
FAIL: EvaluationOrder compilation from bytecode
FAIL: EvaluationOrder -O compilation from source
FAIL: EvaluationOrder -O compilation from bytecode
FAIL: FileHandleGcTest compilation from source
FAIL: FileHandleGcTest compilation from bytecode
FAIL: FileHandleGcTest -O compilation from source
FAIL: FileHandleGcTest -O compilation from bytecode
FAIL: Final compilation from source
FAIL: Final compilation from bytecode
FAIL: Final -O compilation from source
FAIL: Final -O compilation from bytecode
FAIL: Float_1 compilation from source
FAIL: Float_1 compilation from bytecode
FAIL: Float_1 -O compilation from source
FAIL: Float_1 -O compilation from bytecode
FAIL: G19990301_01 compilation from source
FAIL: G19990301_01 compilation from bytecode
FAIL: G19990301_01 -O compilation from source
FAIL: G19990301_01 -O compilation from bytecode
FAIL: G19990302_02 compilation from source
FAIL: G19990302_02 compilation from bytecode
FAIL: G19990302_02 -O compilation from source
FAIL: G19990302_02 -O compilation from bytecode
FAIL: G19990303_01 compilation from source
FAIL: G19990303_01 compilation from bytecode
FAIL: G19990303_01 -O compilation from source
FAIL: G19990303_01 -O compilation from bytecode
FAIL: G19990303_02 compilation from source
FAIL: G19990303_02 compilation from bytecode
FAIL: G19990303_02 -O compilation from source
FAIL: G19990303_02 -O compilation from bytecode
FAIL: G19990304_01 compilation from source
FAIL: G19990304_01 compilation from bytecode
FAIL: G19990304_01 -O compilation from source
FAIL: G19990304_01 -O compilation from bytecode
FAIL: G19990310_01 compilation from source
FAIL: G19990310_01 compilation from bytecode
FAIL: G19990310_01 -O compilation from source
FAIL: G19990310_01 -O compilation from bytecode
FAIL: II compilation from source
FAIL: II compilation from bytecode
FAIL: II -O compilation from source
FAIL: II -O compilation from bytecode
FAIL: InterfaceDispatch compilation from source
FAIL: InterfaceDispatch compilation from bytecode
FAIL: InterfaceDispatch -O compilation from source
FAIL: InterfaceDispatch -O compilation from bytecode
FAIL: InvokeReturn compilation from source
FAIL: InvokeReturn compilation from bytecode
FAIL: InvokeReturn -O compilation from source
FAIL: InvokeReturn -O compilation from bytecode
FAIL: Invoke_1 compilation from source
FAIL: Invoke_1 compilation from bytecode
FAIL: Invoke_1 -O compilation from source
FAIL: Invoke_1 -O compilation from bytecode
FAIL: Invoke_2 compilation from source
FAIL: Invoke_2 compilation from bytecode
FAIL: Invoke_2 -O compilation from source
FAIL: Invoke_2 -O compilation from bytecode
FAIL: KeepInline compilation from source
FAIL: KeepInline compilation from bytecode
FAIL: KeepInline -O compilation from source
FAIL: KeepInline -O compilation from bytecode
FAIL: Matrix4f compilation from source
FAIL: Matrix4f compilation from bytecode
FAIL: Matrix4f -O compilation from source
FAIL: Matrix4f -O compilation from bytecode
FAIL: N19990310_02 compilation from source
FAIL: N19990310_02 compilation from bytecode
FAIL: N19990310_02 -O compilation from source
FAIL: N19990310_02 -O compilation from bytecode
FAIL: N19990310_3 compilation from source
FAIL: N19990310_3 compilation from bytecode
FAIL: N19990310_3 -O compilation from source
FAIL: N19990310_3 -O compilation from bytecode
FAIL: N19990310_4 compilation from source
FAIL: N19990310_4 compilation from bytecode
FAIL: N19990310_4 -O compilation from source
FAIL: N19990310_4 -O compilation from bytecode
FAIL: N19990310_5 compilation from source
FAIL: N19990310_5 compilation from bytecode
FAIL: N19990310_5 -O compilation from source
FAIL: N19990310_5 -O compilation from bytecode
FAIL: PR141 compilation from source
FAIL: PR141 compilation from bytecode
FAIL: PR141 -O compilation from source
FAIL: PR141 -O compilation from bytecode
FAIL: PR160 compilation from source
FAIL: PR160 compilation from bytecode
FAIL: PR160 -O compilation from source
FAIL: PR160 -O compilation from bytecode
FAIL: PR162 compilation from source
FAIL: PR162 compilation from bytecode
FAIL: PR162 -O compilation from source
FAIL: PR162 -O compilation from bytecode
FAIL: PR218 compilation from source
FAIL: PR218 compilation from bytecode
FAIL: PR218 -O compilation from source
FAIL: PR218 -O compilation from bytecode
FAIL: PR242 compilation from source
FAIL: PR242 compilation from bytecode
FAIL: PR242 -O compilation from source
FAIL: PR242 -O compilation from bytecode
FAIL: PR260 compilation from source
FAIL: PR260 compilation from bytecode
FAIL: PR260 -O compilation from source
FAIL: PR260 -O compilation from bytecode
FAIL: PR3096 compilation from source
FAIL: PR3096 compilation from bytecode
FAIL: PR3096 -O compilation from source
FAIL: PR3096 -O compilation from bytecode
FAIL: PR3731 compilation from source
FAIL: PR3731 compilation from bytecode
FAIL: PR3731 -O compilation from source
FAIL: PR3731 -O compilation from bytecode
FAIL: PR5057 compilation from source
FAIL: PR5057 compilation from bytecode
FAIL: PR5057 -O compilation from source
FAIL: PR5057 -O compilation from bytecode
FAIL: PR5057_2 compilation from source
FAIL: PR5057_2 compilation from bytecode
FAIL: PR5057_2 -O compilation from source
FAIL: PR5057_2 -O compilation from bytecode
FAIL: PR55 compilation from source
FAIL: PR55 compilation from bytecode
FAIL: PR55 -O compilation from source
FAIL: PR55 -O compilation from bytecode
FAIL: PR56 compilation from source
FAIL: PR56 compilation from bytecode
FAIL: PR56 -O compilation from source
FAIL: PR56 -O compilation from bytecode
FAIL: PR6085 compilation from source
FAIL: PR6085 compilation from bytecode
FAIL: PR6085 -O compilation from source
FAIL: PR6085 -O compilation from bytecode
FAIL: PR6204 compilation from source
FAIL: PR6204 compilation from bytecode
FAIL: PR6204 -O compilation from source
FAIL: PR6204 -O compilation from bytecode
FAIL: PR6729 compilation from source
FAIL: PR6729 compilation from bytecode
FAIL: PR6729 -O compilation from source
FAIL: PR6729 -O compilation from bytecode
FAIL: PR6820 compilation from source
FAIL: PR6820 compilation from bytecode
FAIL: PR6820 -O compilation from source
FAIL: PR6820 -O compilation from bytecode
FAIL: Shazam compilation from source
FAIL: Shazam compilation from bytecode
FAIL: Shazam -O compilation from source
FAIL: Shazam -O compilation from bytecode
FAIL: StaticConstructor compilation from source
FAIL: StaticConstructor compilation from bytecode
FAIL: StaticConstructor -O compilation from source
FAIL: StaticConstructor -O compilation from bytecode
FAIL: StringBuffer_1 compilation from source
FAIL: StringBuffer_1 compilation from bytecode
FAIL: StringBuffer_1 -O compilation from source
FAIL: StringBuffer_1 -O compilation from bytecode
FAIL: SyncGlobal compilation from source
FAIL: SyncGlobal compilation from bytecode
FAIL: SyncGlobal -O compilation from source
FAIL: SyncGlobal -O compilation from bytecode
FAIL: SyncTest compilation from source
WARNING: program timed out.
FAIL: SyncTest execution - gij test
FAIL: SyncTest compilation from bytecode
FAIL: SyncTest -O compilation from source
WARNING: program timed out.
FAIL: SyncTest execution - gij test
FAIL: SyncTest -O compilation from bytecode
FAIL: Synch compilation from source
FAIL: Synch compilation from bytecode
FAIL: Synch -O compilation from source
FAIL: Synch -O compilation from bytecode
FAIL: TLtest compilation from source
FAIL: TLtest compilation from bytecode
FAIL: TLtest -O compilation from source
FAIL: TLtest -O compilation from bytecode
FAIL: TestProxy compilation from source
FAIL: TestProxy compilation from bytecode
FAIL: TestProxy -O compilation from source
FAIL: TestProxy -O compilation from bytecode
FAIL: Thread_Alive compilation from source
FAIL: Thread_Alive compilation from bytecode
FAIL: Thread_Alive -O compilation from source
FAIL: Thread_Alive -O compilation from bytecode
FAIL: Thread_Interrupt compilation from source
FAIL: Thread_Interrupt compilation from bytecode
FAIL: Thread_Interrupt -O compilation from source
FAIL: Thread_Interrupt -O compilation from bytecode
FAIL: Thread_Join compilation from source
FAIL: Thread_Join compilation from bytecode
FAIL: Thread_Join -O compilation from source
FAIL: Thread_Join -O compilation from bytecode
FAIL: Thread_Monitor compilation from source
FAIL: Thread_Monitor compilation from bytecode
FAIL: Thread_Monitor -O compilation from source
FAIL: Thread_Monitor -O compilation from bytecode
FAIL: Thread_Sleep compilation from source
FAIL: Thread_Sleep compilation from bytecode
FAIL: Thread_Sleep -O compilation from source
FAIL: Thread_Sleep -O compilation from bytecode
FAIL: Thread_Wait compilation from source
FAIL: Thread_Wait compilation from bytecode
FAIL: Thread_Wait -O compilation from source
FAIL: Thread_Wait -O compilation from bytecode
FAIL: Thread_Wait_2 compilation from source
FAIL: Thread_Wait_2 compilation from bytecode
FAIL: Thread_Wait_2 -O compilation from source
FAIL: Thread_Wait_2 -O compilation from bytecode
FAIL: Thread_Wait_Interrupt compilation from source
FAIL: Thread_Wait_Interrupt compilation from bytecode
FAIL: Thread_Wait_Interrupt -O compilation from source
FAIL: Thread_Wait_Interrupt -O compilation from bytecode
FAIL: Throw_1 compilation from source
FAIL: Throw_1 compilation from bytecode
FAIL: Throw_1 -O compilation from source
FAIL: Throw_1 -O compilation from bytecode
FAIL: Throw_2 compilation from source
FAIL: Throw_2 compilation from bytecode
FAIL: Throw_2 -O compilation from source
FAIL: Throw_2 -O compilation from bytecode
FAIL: anfi compilation from source
FAIL: anfi compilation from bytecode
FAIL: anfi -O compilation from source
FAIL: anfi -O compilation from bytecode
FAIL: anon compilation from source
FAIL: anon compilation from bytecode
FAIL: anon -O compilation from source
FAIL: anon -O compilation from bytecode
FAIL: anon2 compilation from source
FAIL: anon2 compilation from bytecode
FAIL: anon2 -O compilation from source
FAIL: anon2 -O compilation from bytecode
FAIL: anon3 compilation from source
FAIL: anon3 compilation from bytecode
FAIL: anon3 -O compilation from source
FAIL: anon3 -O compilation from bytecode
FAIL: anon4 compilation from source
FAIL: anon4 compilation from bytecode
FAIL: anon4 -O compilation from source
FAIL: anon4 -O compilation from bytecode
FAIL: anon_ctor_itf_arg compilation from source
FAIL: anon_ctor_itf_arg compilation from bytecode
FAIL: anon_ctor_itf_arg -O compilation from source
FAIL: anon_ctor_itf_arg -O compilation from bytecode
FAIL: anonarray compilation from source
FAIL: anonarray compilation from bytecode
FAIL: anonarray -O compilation from source
FAIL: anonarray -O compilation from bytecode
FAIL: anonarray2 compilation from source
FAIL: anonarray2 compilation from bytecode
FAIL: anonarray2 -O compilation from source
FAIL: anonarray2 -O compilation from bytecode
FAIL: anonarray3 compilation from source
FAIL: anonarray3 compilation from bytecode
FAIL: anonarray3 -O compilation from source
FAIL: anonarray3 -O compilation from bytecode
FAIL: assign compilation from source
FAIL: assign compilation from bytecode
FAIL: assign -O compilation from source
FAIL: assign -O compilation from bytecode
FAIL: direct_read compilation from source
FAIL: direct_read compilation from bytecode
FAIL: direct_read -O compilation from source
FAIL: direct_read -O compilation from bytecode
FAIL: direct_write compilation from source
FAIL: direct_write compilation from bytecode
FAIL: direct_write -O compilation from source
FAIL: direct_write -O compilation from bytecode
FAIL: emptystring compilation from source
FAIL: emptystring compilation from bytecode
FAIL: emptystring -O compilation from source
FAIL: emptystring -O compilation from bytecode
FAIL: err1 compilation from source
FAIL: err1 compilation from bytecode
FAIL: err1 -O compilation from source
FAIL: err1 -O compilation from bytecode
FAIL: err10 compilation from source
FAIL: err10 compilation from bytecode
FAIL: err10 -O compilation from source
FAIL: err10 -O compilation from bytecode
FAIL: err11 compilation from source
FAIL: err11 compilation from bytecode
FAIL: err11 -O compilation from source
FAIL: err11 -O compilation from bytecode
FAIL: err12 compilation from source
FAIL: err12 compilation from bytecode
FAIL: err12 -O compilation from source
FAIL: err12 -O compilation from bytecode
FAIL: err13 compilation from source
FAIL: err13 compilation from bytecode
FAIL: err13 -O compilation from source
FAIL: err13 -O compilation from bytecode
FAIL: err2 compilation from source
FAIL: err2 compilation from bytecode
FAIL: err2 -O compilation from source
FAIL: err2 -O compilation from bytecode
FAIL: err3 compilation from source
FAIL: err3 compilation from bytecode
FAIL: err3 -O compilation from source
FAIL: err3 -O compilation from bytecode
FAIL: err4 compilation from source
FAIL: err4 compilation from bytecode
FAIL: err4 -O compilation from source
FAIL: err4 -O compilation from bytecode
FAIL: err5 compilation from source
FAIL: err5 compilation from bytecode
FAIL: err5 -O compilation from source
FAIL: err5 -O compilation from bytecode
FAIL: err6 compilation from source
FAIL: err6 compilation from bytecode
FAIL: err6 -O compilation from source
FAIL: err6 -O compilation from bytecode
FAIL: err7 compilation from source
FAIL: err7 compilation from bytecode
FAIL: err7 -O compilation from source
FAIL: err7 -O compilation from bytecode
FAIL: err8 compilation from source
FAIL: err8 compilation from bytecode
FAIL: err8 -O compilation from source
FAIL: err8 -O compilation from bytecode
FAIL: err9 compilation from source
FAIL: err9 compilation from bytecode
FAIL: err9 -O compilation from source
FAIL: err9 -O compilation from bytecode
FAIL: final_inner compilation from source
FAIL: final_inner compilation from bytecode
FAIL: final_inner -O compilation from source
FAIL: final_inner -O compilation from bytecode
FAIL: final_int compilation from source
FAIL: final_int compilation from bytecode
FAIL: final_int -O compilation from source
FAIL: final_int -O compilation from bytecode
FAIL: final_static_and_friend compilation from source
FAIL: final_static_and_friend compilation from bytecode
FAIL: final_static_and_friend -O compilation from source
FAIL: final_static_and_friend -O compilation from bytecode
FAIL: indirect compilation from source
FAIL: indirect compilation from bytecode
FAIL: indirect -O compilation from source
FAIL: indirect -O compilation from bytecode
FAIL: indirect_read compilation from source
FAIL: indirect_read compilation from bytecode
FAIL: indirect_read -O compilation from source
FAIL: indirect_read -O compilation from bytecode
FAIL: indirect_write compilation from source
FAIL: indirect_write compilation from bytecode
FAIL: indirect_write -O compilation from source
FAIL: indirect_write -O compilation from bytecode
FAIL: initexc compilation from source
FAIL: initexc compilation from bytecode
FAIL: initexc -O compilation from source
FAIL: initexc -O compilation from bytecode
FAIL: initfield compilation from source
FAIL: initfield compilation from bytecode
FAIL: initfield -O compilation from source
FAIL: initfield -O compilation from bytecode
FAIL: inline compilation from source
FAIL: inline compilation from bytecode
FAIL: inline -O compilation from source
FAIL: inline -O compilation from bytecode
FAIL: inner1 compilation from source
FAIL: inner1 compilation from bytecode
FAIL: inner1 -O compilation from source
FAIL: inner1 -O compilation from bytecode
FAIL: inner2 compilation from source
FAIL: inner2 compilation from bytecode
FAIL: inner2 -O compilation from source
FAIL: inner2 -O compilation from bytecode
FAIL: inner3 compilation from source
FAIL: inner3 compilation from bytecode
FAIL: inner3 -O compilation from source
FAIL: inner3 -O compilation from bytecode
FAIL: inner4 compilation from source
FAIL: inner4 compilation from bytecode
FAIL: inner4 -O compilation from source
FAIL: inner4 -O compilation from bytecode
FAIL: inner_array compilation from source
FAIL: inner_array compilation from bytecode
FAIL: inner_array -O compilation from source
FAIL: inner_array -O compilation from bytecode
FAIL: inner_interface compilation from source
FAIL: inner_interface compilation from bytecode
FAIL: inner_interface -O compilation from source
FAIL: inner_interface -O compilation from bytecode
FAIL: instance compilation from source
FAIL: instance compilation from bytecode
FAIL: instance -O compilation from source
FAIL: instance -O compilation from bytecode
FAIL: instinit compilation from source
FAIL: instinit compilation from bytecode
FAIL: instinit -O compilation from source
FAIL: instinit -O compilation from bytecode
FAIL: instinit2 compilation from source
FAIL: instinit2 compilation from bytecode
FAIL: instinit2 -O compilation from source
FAIL: instinit2 -O compilation from bytecode
FAIL: invoke_from_inner compilation from source
FAIL: invoke_from_inner compilation from bytecode
FAIL: invoke_from_inner -O compilation from source
FAIL: invoke_from_inner -O compilation from bytecode
FAIL: invokethrow compilation from source
FAIL: invokethrow compilation from bytecode
FAIL: invokethrow -O compilation from source
FAIL: invokethrow -O compilation from bytecode
FAIL: klass compilation from source
FAIL: klass compilation from bytecode
FAIL: klass -O compilation from source
FAIL: klass -O compilation from bytecode
FAIL: multiple_finit compilation from source
FAIL: multiple_finit compilation from bytecode
FAIL: multiple_finit -O compilation from source
FAIL: multiple_finit -O compilation from bytecode
FAIL: negzero compilation from source
FAIL: negzero compilation from bytecode
FAIL: negzero -O compilation from source
FAIL: negzero -O compilation from bytecode
FAIL: nested_with_ctor compilation from source
FAIL: nested_with_ctor compilation from bytecode
FAIL: nested_with_ctor -O compilation from source
FAIL: nested_with_ctor -O compilation from bytecode
FAIL: override compilation from source
FAIL: override compilation from bytecode
FAIL: override -O compilation from source
FAIL: override -O compilation from bytecode
FAIL: pr109 compilation from source
FAIL: pr109 compilation from bytecode
FAIL: pr109 -O compilation from source
FAIL: pr109 -O compilation from bytecode
FAIL: pr133 compilation from source
FAIL: pr133 compilation from bytecode
FAIL: pr133 -O compilation from source
FAIL: pr133 -O compilation from bytecode
FAIL: pr179 compilation from source
FAIL: pr179 compilation from bytecode
FAIL: pr179 -O compilation from source
FAIL: pr179 -O compilation from bytecode
FAIL: pr184 compilation from source
FAIL: pr184 compilation from bytecode
FAIL: pr184 -O compilation from source
FAIL: pr184 -O compilation from bytecode
FAIL: pr6388 compilation from source
FAIL: pr6388 compilation from bytecode
FAIL: pr6388 -O compilation from source
FAIL: pr6388 -O compilation from bytecode
FAIL: pr83 compilation from source
FAIL: pr83 compilation from bytecode
FAIL: pr83 -O compilation from source
FAIL: pr83 -O compilation from bytecode
FAIL: pr8415 compilation from source
FAIL: pr8415 compilation from bytecode
FAIL: pr8415 -O compilation from source
FAIL: pr8415 -O compilation from bytecode
FAIL: pr8676 compilation from source
FAIL: pr8676 compilation from bytecode
FAIL: pr8676 -O compilation from source
FAIL: pr8676 -O compilation from bytecode
FAIL: pr8823 compilation from source
FAIL: pr8823 -O compilation from source
FAIL: pr8945 compilation from source
FAIL: pr8945 compilation from bytecode
FAIL: pr8945 -O compilation from source
FAIL: pr8945 -O compilation from bytecode
FAIL: private_direct_read compilation from source
FAIL: private_direct_read compilation from bytecode
FAIL: private_direct_read -O compilation from source
FAIL: private_direct_read -O compilation from bytecode
FAIL: search_outer compilation from source
FAIL: search_outer compilation from bytecode
FAIL: search_outer -O compilation from source
FAIL: search_outer -O compilation from bytecode
FAIL: stringconst compilation from source
FAIL: stringconst compilation from bytecode
FAIL: stringconst -O compilation from source
FAIL: stringconst -O compilation from bytecode
FAIL: stringconst2 compilation from source
FAIL: stringconst2 compilation from bytecode
FAIL: stringconst2 -O compilation from source
FAIL: stringconst2 -O compilation from bytecode
FAIL: stub compilation from source
FAIL: stub compilation from bytecode
FAIL: stub -O compilation from source
FAIL: stub -O compilation from bytecode
FAIL: test_long compilation from source
FAIL: test_long compilation from bytecode
FAIL: test_long -O compilation from source
FAIL: test_long -O compilation from bytecode
FAIL: tmi compilation from source
FAIL: tmi compilation from bytecode
FAIL: tmi -O compilation from source
FAIL: tmi -O compilation from bytecode
FAIL: tp compilation from source
FAIL: tp compilation from bytecode
FAIL: tp -O compilation from source
FAIL: tp -O compilation from bytecode
FAIL: update_outer compilation from source
FAIL: update_outer compilation from bytecode
FAIL: update_outer -O compilation from source
FAIL: update_outer -O compilation from bytecode
FAIL: utf8concat compilation from source
FAIL: utf8concat compilation from bytecode
FAIL: utf8concat -O compilation from source
FAIL: utf8concat -O compilation from bytecode
FAIL: utilTest compilation from source
FAIL: utilTest compilation from bytecode
FAIL: utilTest -O compilation from source
FAIL: utilTest -O compilation from bytecode
FAIL: verify compilation from source
FAIL: verify compilation from bytecode
FAIL: verify -O compilation from source
FAIL: verify -O compilation from bytecode
FAIL: TestEarlyGC compilation from source
FAIL: TestLeak compilation from source
FAIL: TestMultiple compilation from source
FAIL: TestParent compilation from source

		=== libjava Summary ===

# of expected passes		1083
# of unexpected failures	831
# of expected failures		25
# of untested testcases		1104
		=== libstdc++-v3 tests ===


Running target unix
XPASS: 26_numerics/c99_classification_macros_c.cc (test for excess errors)
WARNING: program timed out.
FAIL: thread/pthread4.cc execution test

		=== libstdc++-v3 Summary ===

# of expected passes		1825
# of unexpected failures	1
# of unexpected successes	1
# of expected failures		3

Compiler version: 3.4 20030512 (experimental) 
Platform: i686-pc-linux-gnu
configure flags: --enable-clocale=gnu --with-system-zlib --enable-shared --enable-threads=posix --enable-haifa --disable-checking --prefix=/usr/gcc-3.4 --with-local-prefix=/usr/local


Index Nav: [Date Index] [Subject Index] [Author Index] [Thread Index]
Message Nav: [Date Prev] [Date Next] [Thread Prev] [Thread Next]