This is the mail archive of the
gcc-testresults@gcc.gnu.org
mailing list for the GCC project.
Results for 3.4 20030512 (experimental) testsuite on x86_64-suse-linux-gnu
- From: aj at suse dot de (Andreas Jaeger)
- To: gcc-testresults at gcc dot gnu dot org
- Date: Mon, 12 May 2003 10:00:11 UT
- Subject: Results for 3.4 20030512 (experimental) testsuite on x86_64-suse-linux-gnu
Bootstrap and regtesting on x86_64-suse-linux-gnu.
CVS sources: mainline.
LAST_UPDATED: Mon May 12 07:55:35 UTC 2003
Native configuration is x86_64-suse-linux-gnu
=== g++ tests ===
Running target unix/-m32
FAIL: g++.dg/eh/simd-2.C (test for excess errors)
WARNING: g++.dg/eh/simd-2.C compilation failed to produce executable
FAIL: g++.old-deja/g++.brendan/ns1.C (test for errors, line 10)
FAIL: g++.old-deja/g++.brendan/warnings1.C (test for errors, line 4)
WARNING: g++.old-deja/g++.mike/p10769a.C compilation failed to produce executable
FAIL: g++.old-deja/g++.oliva/template1.C (test for excess errors)
WARNING: g++.old-deja/g++.other/enum5.C compilation failed to produce executable
XPASS: g++.old-deja/g++.other/init5.C execution test
FAIL: g++.old-deja/g++.other/warn3.C (test for warnings, line 7)
FAIL: g++.old-deja/g++.other/warn3.C (test for warnings, line 17)
FAIL: g++.old-deja/g++.other/warn3.C (test for warnings, line 26)
FAIL: g++.old-deja/g++.other/warn3.C (test for warnings, line 33)
FAIL: g++.old-deja/g++.other/warn3.C (test for warnings, line 43)
FAIL: g++.old-deja/g++.other/warn3.C (test for warnings, line 51)
WARNING: g++.old-deja/g++.pt/friend44.C compilation failed to produce executable
FAIL: g++.old-deja/g++.robertl/eb71.C (test for warnings, line 18)
=== g++ Summary for unix/-m32 ===
# of expected passes 8511
# of unexpected failures 11
# of unexpected successes 1
# of expected failures 68
# of unsupported tests 41
Running target unix
FAIL: g++.old-deja/g++.brendan/ns1.C (test for errors, line 10)
FAIL: g++.old-deja/g++.brendan/warnings1.C (test for errors, line 4)
WARNING: g++.old-deja/g++.mike/p10769a.C compilation failed to produce executable
FAIL: g++.old-deja/g++.oliva/template1.C (test for excess errors)
WARNING: g++.old-deja/g++.other/enum5.C compilation failed to produce executable
XPASS: g++.old-deja/g++.other/init5.C execution test
FAIL: g++.old-deja/g++.other/warn3.C (test for warnings, line 7)
FAIL: g++.old-deja/g++.other/warn3.C (test for warnings, line 17)
FAIL: g++.old-deja/g++.other/warn3.C (test for warnings, line 26)
FAIL: g++.old-deja/g++.other/warn3.C (test for warnings, line 33)
FAIL: g++.old-deja/g++.other/warn3.C (test for warnings, line 43)
FAIL: g++.old-deja/g++.other/warn3.C (test for warnings, line 51)
WARNING: g++.old-deja/g++.pt/friend44.C compilation failed to produce executable
FAIL: g++.old-deja/g++.robertl/eb132.C (test for excess errors)
FAIL: g++.old-deja/g++.robertl/eb71.C (test for warnings, line 18)
=== g++ Summary for unix ===
# of expected passes 8512
# of unexpected failures 11
# of unexpected successes 1
# of expected failures 68
# of unsupported tests 41
=== g++ Summary ===
# of expected passes 17023
# of unexpected failures 22
# of unexpected successes 2
# of expected failures 136
# of unsupported tests 82
/usr/src/aj/build/gcc/misc/gcc/testsuite/../g++ version 3.4 20030512 (experimental)
=== g77 tests ===
Running target unix/-m32
FAIL: g77.f-torture/execute/980520-1.f compilation, -O0
=== g77 Summary for unix/-m32 ===
# of expected passes 1708
# of unexpected failures 1
# of untested testcases 1
# of unsupported tests 8
Running target unix
FAIL: g77.f-torture/execute/980520-1.f compilation, -O0
=== g77 Summary for unix ===
# of expected passes 1708
# of unexpected failures 1
# of untested testcases 1
# of unsupported tests 8
=== g77 Summary ===
# of expected passes 3416
# of unexpected failures 2
# of untested testcases 2
# of unsupported tests 16
/usr/src/aj/build/gcc/misc/gcc/testsuite/../g77 version 3.4 20030512 (experimental)
=== gcc tests ===
Running target unix/-m32
XPASS: gcc.c-torture/execute/20020227-1.c execution, -O0
XPASS: gcc.c-torture/execute/20020227-1.c execution, -O1
XPASS: gcc.c-torture/execute/20020227-1.c execution, -O2
XPASS: gcc.c-torture/execute/20020227-1.c execution, -O3 -fomit-frame-pointer
XPASS: gcc.c-torture/execute/20020227-1.c execution, -O3 -g
XPASS: gcc.c-torture/execute/20020227-1.c execution, -Os
XPASS: gcc.c-torture/execute/20020720-1.c compilation, -O1
XPASS: gcc.c-torture/execute/20020720-1.c compilation, -O2
XPASS: gcc.c-torture/execute/20020720-1.c compilation, -O3 -fomit-frame-pointer
XPASS: gcc.c-torture/execute/20020720-1.c compilation, -O3 -g
XPASS: gcc.c-torture/execute/20020720-1.c compilation, -Os
FAIL: gcc.c-torture/execute/loop-2e.c execution, -Os
FAIL: gcc.c-torture/execute/ieee/20010114-2.c execution, -O1
FAIL: gcc.c-torture/execute/ieee/20010114-2.c execution, -O2
FAIL: gcc.c-torture/execute/ieee/20010114-2.c execution, -Os
FAIL: gcc.c-torture/execute/ieee/20030331-1.c execution, -O1
FAIL: gcc.c-torture/execute/ieee/20030331-1.c execution, -O2
FAIL: gcc.c-torture/execute/ieee/20030331-1.c execution, -O3 -fomit-frame-pointer
FAIL: gcc.c-torture/execute/ieee/20030331-1.c execution, -O3 -g
FAIL: gcc.c-torture/execute/ieee/20030331-1.c execution, -Os
FAIL: gcc.c-torture/execute/ieee/980619-1.c execution, -O1
FAIL: gcc.c-torture/execute/ieee/980619-1.c execution, -O2
FAIL: gcc.c-torture/execute/ieee/980619-1.c execution, -O3 -fomit-frame-pointer
FAIL: gcc.c-torture/execute/ieee/980619-1.c execution, -O3 -fomit-frame-pointer -funroll-loops
FAIL: gcc.c-torture/execute/ieee/980619-1.c execution, -O3 -fomit-frame-pointer -funroll-all-loops -finline-functions
FAIL: gcc.c-torture/execute/ieee/980619-1.c execution, -O3 -g
FAIL: gcc.c-torture/execute/ieee/980619-1.c execution, -Os
FAIL: gcc.c-torture/execute/ieee/20010114-2.c execution, -O1
FAIL: gcc.c-torture/execute/ieee/20010114-2.c execution, -O2
FAIL: gcc.c-torture/execute/ieee/20010114-2.c execution, -Os
FAIL: gcc.c-torture/execute/ieee/20030331-1.c execution, -O1
FAIL: gcc.c-torture/execute/ieee/20030331-1.c execution, -O2
FAIL: gcc.c-torture/execute/ieee/20030331-1.c execution, -O3 -fomit-frame-pointer
FAIL: gcc.c-torture/execute/ieee/20030331-1.c execution, -O3 -g
FAIL: gcc.c-torture/execute/ieee/20030331-1.c execution, -Os
FAIL: gcc.c-torture/execute/ieee/980619-1.c execution, -O1
FAIL: gcc.c-torture/execute/ieee/980619-1.c execution, -O2
FAIL: gcc.c-torture/execute/ieee/980619-1.c execution, -O3 -fomit-frame-pointer
FAIL: gcc.c-torture/execute/ieee/980619-1.c execution, -O3 -fomit-frame-pointer -funroll-loops
FAIL: gcc.c-torture/execute/ieee/980619-1.c execution, -O3 -fomit-frame-pointer -funroll-all-loops -finline-functions
FAIL: gcc.c-torture/execute/ieee/980619-1.c execution, -O3 -g
FAIL: gcc.c-torture/execute/ieee/980619-1.c execution, -Os
FAIL: gcc.dg/duff-2.c (test for excess errors)
FAIL: gcc.dg/uninit-C.c (test for excess errors)
FAIL: linkage.c
=== gcc Summary for unix/-m32 ===
# of expected passes 22642
# of unexpected failures 34
# of unexpected successes 11
# of expected failures 74
# of unsupported tests 178
Running target unix
FAIL: gcc.c-torture/compile/simd-3.c, -O1
XPASS: gcc.c-torture/execute/20020227-1.c execution, -O0
XPASS: gcc.c-torture/execute/20020227-1.c execution, -O1
XPASS: gcc.c-torture/execute/20020227-1.c execution, -O2
XPASS: gcc.c-torture/execute/20020227-1.c execution, -O3 -fomit-frame-pointer
XPASS: gcc.c-torture/execute/20020227-1.c execution, -O3 -g
XPASS: gcc.c-torture/execute/20020227-1.c execution, -Os
XPASS: gcc.c-torture/execute/20020720-1.c compilation, -O1
XPASS: gcc.c-torture/execute/20020720-1.c compilation, -O2
XPASS: gcc.c-torture/execute/20020720-1.c compilation, -O3 -fomit-frame-pointer
XPASS: gcc.c-torture/execute/20020720-1.c compilation, -O3 -g
XPASS: gcc.c-torture/execute/20020720-1.c compilation, -Os
FAIL: gcc.dg/compat/struct-by-value-5 c_compat_x_tst.o-c_compat_y_tst.o execute
FAIL: gcc.dg/20020103-1.c scan-assembler-not LC
FAIL: gcc.dg/builtins-10.c (test for excess errors)
FAIL: gcc.dg/builtins-2.c (test for excess errors)
FAIL: gcc.dg/builtins-9.c (test for excess errors)
FAIL: gcc.dg/duff-2.c (test for excess errors)
FAIL: gcc.dg/i386-local.c scan-assembler magic.*eax
FAIL: gcc.dg/pch/system-1.c -O0 -g assembly comparison
FAIL: gcc.dg/pch/system-1.c -O3 -g assembly comparison
FAIL: gcc.dg/tls/nonpic-1.c (test for excess errors)
FAIL: gcc.dg/tls/pic-1.c (test for excess errors)
=== gcc Summary for unix ===
# of expected passes 22664
# of unexpected failures 12
# of unexpected successes 11
# of expected failures 74
# of unsupported tests 178
=== gcc Summary ===
# of expected passes 45306
# of unexpected failures 46
# of unexpected successes 22
# of expected failures 148
# of unsupported tests 356
/usr/src/aj/build/gcc/misc/gcc/xgcc version 3.4 20030512 (experimental)
=== objc tests ===
Running target unix/-m32
=== objc Summary for unix/-m32 ===
# of expected passes 1156
Running target unix
=== objc Summary for unix ===
# of expected passes 1156
=== objc Summary ===
# of expected passes 2312
/usr/src/aj/build/gcc/misc/gcc/xgcc version 3.4 20030512 (experimental)
=== treelang tests ===
Running target unix/-m32
=== treelang Summary for unix/-m32 ===
# of expected passes 1
Running target unix
=== treelang Summary for unix ===
=== treelang Summary ===
# of expected passes 1
=== libjava tests ===
Running target unix/-m32
WARNING: program timed out.
FAIL: SyncTest execution - gij test
WARNING: program timed out.
FAIL: SyncTest execution - gij test
FAIL: Throw_2 execution - source compiled test
FAIL: Throw_2 execution - gij test
FAIL: Throw_2 execution - bytecode->native test
FAIL: Throw_2 -O execution - source compiled test
FAIL: Throw_2 execution - gij test
FAIL: Throw_2 -O execution - bytecode->native test
=== libjava Summary for unix/-m32 ===
# of expected passes 3003
# of unexpected failures 8
# of expected failures 16
# of untested testcases 20
Running target unix
=== libjava Summary for unix ===
# of expected passes 3019
# of expected failures 16
# of untested testcases 12
=== libjava Summary ===
# of expected passes 6022
# of unexpected failures 8
# of expected failures 32
# of untested testcases 32
=== libstdc++-v3 tests ===
Running target unix/-m32
FAIL: 22_locale/codecvt/in/wchar_t/2.cc execution test
FAIL: 22_locale/codecvt/out/wchar_t/2.cc execution test
FAIL: 22_locale/codecvt/out/wchar_t/7.cc execution test
FAIL: 22_locale/messages/members/char/1.cc execution test
FAIL: 22_locale/messages/members/char/2.cc execution test
FAIL: 22_locale/messages/members/char/wrapped_env.cc execution test
FAIL: 22_locale/messages/members/char/wrapped_locale.cc execution test
FAIL: 22_locale/messages_byname/1.cc execution test
XPASS: 26_numerics/c99_classification_macros_c.cc (test for excess errors)
=== libstdc++-v3 Summary for unix/-m32 ===
# of expected passes 1818
# of unexpected failures 8
# of unexpected successes 1
# of expected failures 3
Running target unix
FAIL: 22_locale/codecvt/in/wchar_t/2.cc execution test
FAIL: 22_locale/codecvt/out/wchar_t/2.cc execution test
FAIL: 22_locale/codecvt/out/wchar_t/7.cc execution test
FAIL: 22_locale/messages/members/char/1.cc execution test
FAIL: 22_locale/messages/members/char/2.cc execution test
FAIL: 22_locale/messages/members/char/wrapped_env.cc execution test
FAIL: 22_locale/messages/members/char/wrapped_locale.cc execution test
FAIL: 22_locale/messages_byname/1.cc execution test
XPASS: 26_numerics/c99_classification_macros_c.cc (test for excess errors)
=== libstdc++-v3 Summary for unix ===
# of expected passes 1818
# of unexpected failures 8
# of unexpected successes 1
# of expected failures 3
=== libstdc++-v3 Summary ===
# of expected passes 3636
# of unexpected failures 16
# of unexpected successes 2
# of expected failures 6
Compiler version: 3.4 20030512 (experimental)
Platform: x86_64-suse-linux-gnu
configure flags: --prefix=/opt/gcc/3.4-devel --disable-nls --enable-threads=posix --enable-clocale=gnu --enable-__cxa_atexit --enable-shared --enable-languages=c,c++,f77,objc,ada,treelang,java,f77 --enable-checking=misc,tree,rtl,gc,rtlflag --with-system-zlib x86_64-suse-linux-gnu