This is the mail archive of the gcc-testresults@gcc.gnu.org mailing list for the GCC project.


Index Nav: [Date Index] [Subject Index] [Author Index] [Thread Index]
Message Nav: [Date Prev] [Date Next] [Thread Prev] [Thread Next]
Other format: [Raw text]

Results for 3.3 20030509 (prerelease) testsuite on i686-pc-linux-gnu


LAST_UPDATED:
Native configuration is i686-pc-linux-gnu

		=== gcc tests ===


Running target unix
FAIL: gcc.dg/duff-2.c (test for excess errors)
FAIL: gcc.dg/uninit-C.c (test for excess errors)

		=== gcc Summary ===

# of expected passes		21026
# of unexpected failures	2
# of expected failures		69
# of unsupported tests		83
/home/david/gcc-3.3-build/gcc/xgcc version 3.3 20030509 (prerelease)

		=== g++ tests ===


Running target unix
FAIL: g++.dg/tls/init-2.C (test for excess errors)
XPASS: g++.other/init5.C  Execution test

		=== g++ Summary ===

# of expected passes		7997
# of unexpected failures	1
# of unexpected successes	1
# of expected failures		96
# of untested testcases		9
# of unsupported tests		4
/home/david/gcc-3.3-build/gcc/testsuite/../g++ version 3.3 20030509
(prerelease)

		=== g77 tests ===


Running target unix

		=== g77 Summary ===

# of expected passes		1702
/home/david/gcc-3.3-build/gcc/testsuite/../g77 version 3.3 20030509
(prerelease)

		=== objc tests ===


Running target unix

		=== objc Summary ===

# of expected passes		1153
/home/david/gcc-3.3-build/gcc/xgcc version 3.3 20030509 (prerelease)

		=== libjava tests ===


Running target unix
WARNING: program timed out.
FAIL: SyncTest execution - gij test
WARNING: program timed out.
FAIL: SyncTest execution - gij test

		=== libjava Summary ===

# of expected passes		2987
# of unexpected failures	2
# of expected failures		16
# of untested testcases		14
		=== libstdc++-v3 tests ===


Running target unix
XPASS: 22_locale/ctype_is_wchar_t.cc execution test

		=== libstdc++-v3 Summary ===

# of expected passes		453
# of unexpected successes	1
# of expected failures		27

Compiler version: 3.3 20030509 (prerelease)
Platform: i686-pc-linux-gnu
configure flags: --host=i686-pc-linux-gnu
--prefix=/usr/local/gcc-3.3/linux --enable-shared --enable-threads=posix
--disable-checking --enable-long-long --enable-__cxa_atexit
--enable-languages=c,c++,ada,f77,objc,java




Index Nav: [Date Index] [Subject Index] [Author Index] [Thread Index]
Message Nav: [Date Prev] [Date Next] [Thread Prev] [Thread Next]