This is the mail archive of the
gcc-testresults@gcc.gnu.org
mailing list for the GCC project.
Results for 3.2.3 testsuite on powerpc-yellowdog-linux-gnu
- From: Andreas Tobler <toa at pop dot agri dot ch>
- To: gcc-results <gcc-testresults at gcc dot gnu dot org>
- Date: Mon, 12 May 2003 06:28:44 +0200
- Subject: Results for 3.2.3 testsuite on powerpc-yellowdog-linux-gnu
LAST_UPDATED:
Native configuration is powerpc-yellowdog-linux-gnu
=== gcc tests ===
Running target unix
FAIL: gcc.dg/20020103-1.c scan-assembler-not LC
FAIL: gcc.dg/20020118-1.c execution test
=== gcc Summary ===
# of expected passes 18603
# of unexpected failures 2
# of expected failures 66
# of unsupported tests 119
/home/andreas/gcc/gcc-3.2.3-rel/objdir/gcc/xgcc version 3.2.3
=== g++ tests ===
Running target unix
XPASS: g++.other/init5.C Execution test
=== g++ Summary ===
# of expected passes 7349
# of unexpected successes 1
# of expected failures 88
# of untested testcases 23
# of unsupported tests 6
/home/andreas/gcc/gcc-3.2.3-rel/objdir/gcc/testsuite/../g++ version 3.2.3
=== libjava tests ===
Running target unix
=== libjava Summary ===
# of expected passes 2061
# of expected failures 18
# of untested testcases 14
=== libstdc++-v3 tests ===
Running target unix
XPASS: 22_locale/ctype_is_wchar_t.cc execution test
FAIL: 26_numerics/c99_classification_macros_c.cc (test for excess errors)
=== libstdc++-v3 Summary ===
# of expected passes 432
# of unexpected failures 1
# of unexpected successes 1
# of expected failures 25
Compiler version: 3.2.3
Platform: powerpc-yellowdog-linux-gnu
configure flags: --prefix=/usr --mandir=/usr/share/man --infodir=/usr/share/info --enable-languages=c,c++,java --enable-shared --enable-threads=posix --disable-checking --with-system-zlib --enable-__cxa_atexit --host=ppc-yellowdog-linux