This is the mail archive of the gcc-testresults@gcc.gnu.org mailing list for the GCC project.


Index Nav: [Date Index] [Subject Index] [Author Index] [Thread Index]
Message Nav: [Date Prev] [Date Next] [Thread Prev] [Thread Next]
Other format: [Raw text]

Results for 3.3 20030509 (prerelease) testsuite on h8300-unknown-coff


LAST_UPDATED: 
Target is h8300-unknown-coff
Host   is i686-pc-linux-gnu

		=== gcc tests ===


Running target h8300-sim
FAIL: gcc.c-torture/compile/20010327-1.c,  -O0  
FAIL: gcc.c-torture/compile/20010327-1.c,  -O1  
FAIL: gcc.c-torture/compile/20010327-1.c,  -O2  
FAIL: gcc.c-torture/compile/20010327-1.c,  -O3 -fomit-frame-pointer  
FAIL: gcc.c-torture/compile/20010327-1.c,  -O3 -g  
FAIL: gcc.c-torture/compile/20010327-1.c,  -Os  
FAIL: gcc.c-torture/compile/20020312-1.c,  -O1  
FAIL: gcc.c-torture/compile/20020312-1.c,  -O2  
FAIL: gcc.c-torture/compile/20020312-1.c,  -O3 -fomit-frame-pointer  
FAIL: gcc.c-torture/compile/20020312-1.c,  -O3 -g  
FAIL: gcc.c-torture/compile/20020312-1.c,  -Os  
FAIL: gcc.c-torture/compile/simd-3.c,  -O0  
FAIL: gcc.c-torture/compile/simd-3.c,  -O1  
FAIL: gcc.c-torture/compile/simd-3.c,  -O2  
FAIL: gcc.c-torture/compile/simd-3.c,  -O3 -fomit-frame-pointer  
FAIL: gcc.c-torture/compile/simd-3.c,  -O3 -g  
FAIL: gcc.c-torture/compile/simd-3.c,  -Os  
FAIL: gcc.c-torture/execute/20020227-1.c compilation,  -O1 
UNRESOLVED: gcc.c-torture/execute/20020227-1.c execution,  -O1 
FAIL: gcc.c-torture/execute/20020227-1.c compilation,  -O2 
UNRESOLVED: gcc.c-torture/execute/20020227-1.c execution,  -O2 
FAIL: gcc.c-torture/execute/20020227-1.c compilation,  -O3 -fomit-frame-pointer 
UNRESOLVED: gcc.c-torture/execute/20020227-1.c execution,  -O3 -fomit-frame-pointer 
FAIL: gcc.c-torture/execute/20020227-1.c compilation,  -O3 -g 
UNRESOLVED: gcc.c-torture/execute/20020227-1.c execution,  -O3 -g 
FAIL: gcc.c-torture/execute/20020227-1.c compilation,  -Os 
UNRESOLVED: gcc.c-torture/execute/20020227-1.c execution,  -Os 
FAIL: gcc.c-torture/execute/20020720-1.c compilation,  -O1 
UNRESOLVED: gcc.c-torture/execute/20020720-1.c execution,  -O1 
FAIL: gcc.c-torture/execute/20020720-1.c compilation,  -O2 
UNRESOLVED: gcc.c-torture/execute/20020720-1.c execution,  -O2 
FAIL: gcc.c-torture/execute/20020720-1.c compilation,  -O3 -fomit-frame-pointer 
UNRESOLVED: gcc.c-torture/execute/20020720-1.c execution,  -O3 -fomit-frame-pointer 
FAIL: gcc.c-torture/execute/20020720-1.c compilation,  -O3 -g 
UNRESOLVED: gcc.c-torture/execute/20020720-1.c execution,  -O3 -g 
FAIL: gcc.c-torture/execute/20020720-1.c compilation,  -Os 
UNRESOLVED: gcc.c-torture/execute/20020720-1.c execution,  -Os 
FAIL: gcc.dg/cpp/if-2.c multi-character charconst (test for warnings, line 20)
FAIL: gcc.dg/cpp/if-2.c (test for excess errors)
FAIL: gcc.dg/20021014-1.c (test for excess errors)
WARNING: gcc.dg/20021014-1.c compilation failed to produce executable
FAIL: gcc.dg/20021018-1.c (test for excess errors)
FAIL: gcc.dg/bitfld-3.c (test for excess errors)
FAIL: gcc.dg/bitfld-3.c execution test
FAIL: gcc.dg/bitfld-4.c execution test
XPASS: gcc.dg/c99-flex-array-4.c sizeof != offsetof (test for bogus messages, line 24)
FAIL: gcc.dg/c99-intconst-1.c (test for excess errors)
FAIL: gcc.dg/duff-2.c (test for excess errors)
FAIL: gcc.dg/enum1.c (test for excess errors)
FAIL: gcc.dg/nest.c (test for excess errors)
WARNING: gcc.dg/nest.c compilation failed to produce executable
FAIL: gcc.dg/struct-by-value-1.c (test for excess errors)
WARNING: gcc.dg/struct-by-value-1.c compilation failed to produce executable
FAIL: gcc.dg/ultrasp3.c (test for excess errors)
FAIL: gcc.dg/ultrasp4.c (test for excess errors)
FAIL: gcc.dg/uninit-A.c uninitialized variable warning (test for bogus messages, line 52)
FAIL: gcc.dg/uninit-A.c uninitialized variable warning (test for bogus messages, line 53)
FAIL: gcc.dg/uninit-C.c (test for excess errors)
FAIL: gcc.dg/wtr-conversion-1.c (test for excess errors)
FAIL: gcc.dg/wtr-int-type-1.c decimal constant (test for warnings, line 28)
FAIL: gcc.dg/wtr-int-type-1.c (test for excess errors)
FAIL: gcc.dg/special/gcsec-1.c (test for excess errors)
FAIL: gcc.misc-tests/bprob-1.c compilation,  -g  -fprofile-arcs
UNRESOLVED: gcc.misc-tests/bprob-1.c execution,    -g  -fprofile-arcs
UNRESOLVED: gcc.misc-tests/bprob-1.c compilation,  -g  -fbranch-probabilities
UNRESOLVED: gcc.misc-tests/bprob-1.c execution,    -g  -fbranch-probabilities
FAIL: gcc.misc-tests/bprob-1.c compilation,  -O0  -fprofile-arcs
UNRESOLVED: gcc.misc-tests/bprob-1.c execution,    -O0  -fprofile-arcs
UNRESOLVED: gcc.misc-tests/bprob-1.c compilation,  -O0  -fbranch-probabilities
UNRESOLVED: gcc.misc-tests/bprob-1.c execution,    -O0  -fbranch-probabilities
FAIL: gcc.misc-tests/bprob-1.c compilation,  -O1  -fprofile-arcs
UNRESOLVED: gcc.misc-tests/bprob-1.c execution,    -O1  -fprofile-arcs
UNRESOLVED: gcc.misc-tests/bprob-1.c compilation,  -O1  -fbranch-probabilities
UNRESOLVED: gcc.misc-tests/bprob-1.c execution,    -O1  -fbranch-probabilities
FAIL: gcc.misc-tests/bprob-1.c compilation,  -O2 -DPERFTIME  -fprofile-arcs
UNRESOLVED: gcc.misc-tests/bprob-1.c execution,    -O2 -DPERFTIME  -fprofile-arcs
UNRESOLVED: gcc.misc-tests/bprob-1.c compilation,  -O2 -DPERFTIME  -fbranch-probabilities
UNRESOLVED: gcc.misc-tests/bprob-1.c execution,    -O2 -DPERFTIME  -fbranch-probabilities
FAIL: gcc.misc-tests/bprob-1.c compilation,  -O3 -DPERFTIME  -fprofile-arcs
UNRESOLVED: gcc.misc-tests/bprob-1.c execution,    -O3 -DPERFTIME  -fprofile-arcs
UNRESOLVED: gcc.misc-tests/bprob-1.c compilation,  -O3 -DPERFTIME  -fbranch-probabilities
UNRESOLVED: gcc.misc-tests/bprob-1.c execution,    -O3 -DPERFTIME  -fbranch-probabilities
FAIL: gcc.misc-tests/bprob-1.c compilation,  -O3 -g -DPERFTIME  -fprofile-arcs
UNRESOLVED: gcc.misc-tests/bprob-1.c execution,    -O3 -g -DPERFTIME  -fprofile-arcs
UNRESOLVED: gcc.misc-tests/bprob-1.c compilation,  -O3 -g -DPERFTIME  -fbranch-probabilities
UNRESOLVED: gcc.misc-tests/bprob-1.c execution,    -O3 -g -DPERFTIME  -fbranch-probabilities
FAIL: gcc.misc-tests/bprob-1.c compilation,  -Os  -fprofile-arcs
UNRESOLVED: gcc.misc-tests/bprob-1.c execution,    -Os  -fprofile-arcs
UNRESOLVED: gcc.misc-tests/bprob-1.c compilation,  -Os  -fbranch-probabilities
UNRESOLVED: gcc.misc-tests/bprob-1.c execution,    -Os  -fbranch-probabilities
FAIL: gcc.misc-tests/bprob-2.c compilation,  -g  -fprofile-arcs
UNRESOLVED: gcc.misc-tests/bprob-2.c execution,    -g  -fprofile-arcs
UNRESOLVED: gcc.misc-tests/bprob-2.c compilation,  -g  -fbranch-probabilities
UNRESOLVED: gcc.misc-tests/bprob-2.c execution,    -g  -fbranch-probabilities
FAIL: gcc.misc-tests/bprob-2.c compilation,  -O0  -fprofile-arcs
UNRESOLVED: gcc.misc-tests/bprob-2.c execution,    -O0  -fprofile-arcs
UNRESOLVED: gcc.misc-tests/bprob-2.c compilation,  -O0  -fbranch-probabilities
UNRESOLVED: gcc.misc-tests/bprob-2.c execution,    -O0  -fbranch-probabilities
FAIL: gcc.misc-tests/bprob-2.c compilation,  -O1  -fprofile-arcs
UNRESOLVED: gcc.misc-tests/bprob-2.c execution,    -O1  -fprofile-arcs
UNRESOLVED: gcc.misc-tests/bprob-2.c compilation,  -O1  -fbranch-probabilities
UNRESOLVED: gcc.misc-tests/bprob-2.c execution,    -O1  -fbranch-probabilities
FAIL: gcc.misc-tests/bprob-2.c compilation,  -O2 -DPERFTIME  -fprofile-arcs
UNRESOLVED: gcc.misc-tests/bprob-2.c execution,    -O2 -DPERFTIME  -fprofile-arcs
UNRESOLVED: gcc.misc-tests/bprob-2.c compilation,  -O2 -DPERFTIME  -fbranch-probabilities
UNRESOLVED: gcc.misc-tests/bprob-2.c execution,    -O2 -DPERFTIME  -fbranch-probabilities
FAIL: gcc.misc-tests/bprob-2.c compilation,  -O3 -DPERFTIME  -fprofile-arcs
UNRESOLVED: gcc.misc-tests/bprob-2.c execution,    -O3 -DPERFTIME  -fprofile-arcs
UNRESOLVED: gcc.misc-tests/bprob-2.c compilation,  -O3 -DPERFTIME  -fbranch-probabilities
UNRESOLVED: gcc.misc-tests/bprob-2.c execution,    -O3 -DPERFTIME  -fbranch-probabilities
FAIL: gcc.misc-tests/bprob-2.c compilation,  -O3 -g -DPERFTIME  -fprofile-arcs
UNRESOLVED: gcc.misc-tests/bprob-2.c execution,    -O3 -g -DPERFTIME  -fprofile-arcs
UNRESOLVED: gcc.misc-tests/bprob-2.c compilation,  -O3 -g -DPERFTIME  -fbranch-probabilities
UNRESOLVED: gcc.misc-tests/bprob-2.c execution,    -O3 -g -DPERFTIME  -fbranch-probabilities
FAIL: gcc.misc-tests/bprob-2.c compilation,  -Os  -fprofile-arcs
UNRESOLVED: gcc.misc-tests/bprob-2.c execution,    -Os  -fprofile-arcs
UNRESOLVED: gcc.misc-tests/bprob-2.c compilation,  -Os  -fbranch-probabilities
UNRESOLVED: gcc.misc-tests/bprob-2.c execution,    -Os  -fbranch-probabilities

		=== gcc Summary ===

# of expected passes		19905
# of unexpected failures	62
# of unexpected successes	1
# of expected failures		68
# of unresolved testcases	52
# of unsupported tests		738
gcc version 3.3 20030509 (prerelease)

Host   is i686-pc-linux-gnu

		=== g++ tests ===


Running target h8300-sim
FAIL: g++.dg/bprob/g++-bprob-1.C compilation,  -g  -fprofile-arcs
UNRESOLVED: g++.dg/bprob/g++-bprob-1.C execution,    -g  -fprofile-arcs
UNRESOLVED: g++.dg/bprob/g++-bprob-1.C compilation,  -g  -fbranch-probabilities
UNRESOLVED: g++.dg/bprob/g++-bprob-1.C execution,    -g  -fbranch-probabilities
FAIL: g++.dg/bprob/g++-bprob-1.C compilation,  -O0  -fprofile-arcs
UNRESOLVED: g++.dg/bprob/g++-bprob-1.C execution,    -O0  -fprofile-arcs
UNRESOLVED: g++.dg/bprob/g++-bprob-1.C compilation,  -O0  -fbranch-probabilities
UNRESOLVED: g++.dg/bprob/g++-bprob-1.C execution,    -O0  -fbranch-probabilities
FAIL: g++.dg/bprob/g++-bprob-1.C compilation,  -O1  -fprofile-arcs
UNRESOLVED: g++.dg/bprob/g++-bprob-1.C execution,    -O1  -fprofile-arcs
UNRESOLVED: g++.dg/bprob/g++-bprob-1.C compilation,  -O1  -fbranch-probabilities
UNRESOLVED: g++.dg/bprob/g++-bprob-1.C execution,    -O1  -fbranch-probabilities
FAIL: g++.dg/bprob/g++-bprob-1.C compilation,  -O2  -fprofile-arcs
UNRESOLVED: g++.dg/bprob/g++-bprob-1.C execution,    -O2  -fprofile-arcs
UNRESOLVED: g++.dg/bprob/g++-bprob-1.C compilation,  -O2  -fbranch-probabilities
UNRESOLVED: g++.dg/bprob/g++-bprob-1.C execution,    -O2  -fbranch-probabilities
FAIL: g++.dg/bprob/g++-bprob-1.C compilation,  -O3  -fprofile-arcs
UNRESOLVED: g++.dg/bprob/g++-bprob-1.C execution,    -O3  -fprofile-arcs
UNRESOLVED: g++.dg/bprob/g++-bprob-1.C compilation,  -O3  -fbranch-probabilities
UNRESOLVED: g++.dg/bprob/g++-bprob-1.C execution,    -O3  -fbranch-probabilities
FAIL: g++.dg/bprob/g++-bprob-1.C compilation,  -O3 -g  -fprofile-arcs
UNRESOLVED: g++.dg/bprob/g++-bprob-1.C execution,    -O3 -g  -fprofile-arcs
UNRESOLVED: g++.dg/bprob/g++-bprob-1.C compilation,  -O3 -g  -fbranch-probabilities
UNRESOLVED: g++.dg/bprob/g++-bprob-1.C execution,    -O3 -g  -fbranch-probabilities
FAIL: g++.dg/bprob/g++-bprob-1.C compilation,  -Os  -fprofile-arcs
UNRESOLVED: g++.dg/bprob/g++-bprob-1.C execution,    -Os  -fprofile-arcs
UNRESOLVED: g++.dg/bprob/g++-bprob-1.C compilation,  -Os  -fbranch-probabilities
UNRESOLVED: g++.dg/bprob/g++-bprob-1.C execution,    -Os  -fbranch-probabilities
FAIL: g++.dg/compat/eh/ctor1 x_tst.o-y_tst.o link
UNRESOLVED: g++.dg/compat/eh/ctor1 x_tst.o-y_tst.o execute 
FAIL: g++.dg/compat/eh/ctor2 x_tst.o-y_tst.o link
UNRESOLVED: g++.dg/compat/eh/ctor2 x_tst.o-y_tst.o execute 
FAIL: g++.dg/compat/eh/dtor1 x_tst.o-y_tst.o link
UNRESOLVED: g++.dg/compat/eh/dtor1 x_tst.o-y_tst.o execute 
FAIL: g++.dg/compat/eh/filter1 x_tst.o-y_tst.o link
UNRESOLVED: g++.dg/compat/eh/filter1 x_tst.o-y_tst.o execute 
FAIL: g++.dg/compat/eh/filter2 x_tst.o-y_tst.o link
UNRESOLVED: g++.dg/compat/eh/filter2 x_tst.o-y_tst.o execute 
FAIL: g++.dg/compat/eh/new1 x_tst.o-y_tst.o link
UNRESOLVED: g++.dg/compat/eh/new1 x_tst.o-y_tst.o execute 
FAIL: g++.dg/compat/eh/nrv1 x_tst.o-y_tst.o link
UNRESOLVED: g++.dg/compat/eh/nrv1 x_tst.o-y_tst.o execute 
FAIL: g++.dg/compat/eh/spec3 x_tst.o-y_tst.o link
UNRESOLVED: g++.dg/compat/eh/spec3 x_tst.o-y_tst.o execute 
FAIL: g++.dg/compat/eh/template1 x_tst.o-y_tst.o link
UNRESOLVED: g++.dg/compat/eh/template1 x_tst.o-y_tst.o execute 
FAIL: g++.dg/compat/eh/unexpected1 x_tst.o-y_tst.o link
UNRESOLVED: g++.dg/compat/eh/unexpected1 x_tst.o-y_tst.o execute 
FAIL: g++.dg/compat/init/array5 x_tst.o-y_tst.o link
UNRESOLVED: g++.dg/compat/init/array5 x_tst.o-y_tst.o execute 
FAIL: g++.dg/compat/init/byval1 x_tst.o-y_tst.o link
UNRESOLVED: g++.dg/compat/init/byval1 x_tst.o-y_tst.o execute 
FAIL: g++.dg/compat/init/dtor1 x_tst.o-y_tst.o link
UNRESOLVED: g++.dg/compat/init/dtor1 x_tst.o-y_tst.o execute 
FAIL: g++.dg/compat/init/elide1 x_tst.o-y_tst.o link
UNRESOLVED: g++.dg/compat/init/elide1 x_tst.o-y_tst.o execute 
FAIL: g++.dg/abi/bitfield4.C execution test
FAIL: g++.dg/abi/empty6.C  (test for warnings, line 6)
FAIL: g++.dg/abi/enum1.C (test for excess errors)
WARNING: g++.dg/abi/enum1.C compilation failed to produce executable
FAIL: g++.dg/abi/mangle17.C (test for excess errors)
FAIL: g++.dg/abi/offsetof.C (test for excess errors)
FAIL: g++.dg/abi/rtti2.C (test for excess errors)
FAIL: g++.dg/abi/vcall1.C (test for excess errors)
FAIL: g++.dg/abi/vthunk1.C (test for excess errors)
FAIL: g++.dg/eh/ctor1.C (test for excess errors)
FAIL: g++.dg/eh/ctor1.C execution test
FAIL: g++.dg/eh/ctor2.C (test for excess errors)
FAIL: g++.dg/eh/ctor2.C execution test
FAIL: g++.dg/eh/dtor1.C (test for excess errors)
FAIL: g++.dg/eh/filter1.C (test for excess errors)
FAIL: g++.dg/eh/filter1.C execution test
FAIL: g++.dg/eh/filter2.C (test for excess errors)
FAIL: g++.dg/eh/filter2.C execution test
FAIL: g++.dg/eh/forced1.C (test for excess errors)
WARNING: g++.dg/eh/forced1.C compilation failed to produce executable
FAIL: g++.dg/eh/forced2.C (test for excess errors)
WARNING: g++.dg/eh/forced2.C compilation failed to produce executable
FAIL: g++.dg/eh/forced3.C (test for excess errors)
WARNING: g++.dg/eh/forced3.C compilation failed to produce executable
FAIL: g++.dg/eh/forced4.C (test for excess errors)
WARNING: g++.dg/eh/forced4.C compilation failed to produce executable
FAIL: g++.dg/eh/loop1.C (test for excess errors)
FAIL: g++.dg/eh/loop1.C execution test
FAIL: g++.dg/eh/new1.C (test for excess errors)
FAIL: g++.dg/eh/registers1.C (test for excess errors)
FAIL: g++.dg/eh/registers1.C execution test
FAIL: g++.dg/eh/spec3.C (test for excess errors)
FAIL: g++.dg/eh/template1.C (test for excess errors)
FAIL: g++.dg/eh/template1.C execution test
FAIL: g++.dg/eh/unexpected1.C (test for excess errors)
FAIL: g++.dg/eh/unexpected1.C execution test
FAIL: g++.dg/ext/attrib5.C (test for excess errors)
FAIL: g++.dg/init/array5.C (test for excess errors)
FAIL: g++.dg/init/array5.C execution test
FAIL: g++.dg/init/ctor1.C (test for excess errors)
FAIL: g++.dg/init/ctor2.C (test for excess errors)
FAIL: g++.dg/init/init-ref3.C (test for excess errors)
FAIL: g++.dg/opt/cleanup1.C (test for excess errors)
FAIL: g++.dg/opt/const1.C (test for excess errors)
FAIL: g++.dg/opt/preinc1.C (test for excess errors)
FAIL: g++.dg/opt/reg-stack.C (test for excess errors)
FAIL: g++.dg/opt/thunk1.C (test for excess errors)
WARNING: g++.dg/opt/thunk1.C compilation failed to produce executable
FAIL: g++.dg/other/stdarg1.C execution test
FAIL: g++.dg/rtti/cv1.C (test for excess errors)
FAIL: g++.dg/template/friend18.C (test for excess errors)
FAIL: g++.dg/template/friend18.C execution test
FAIL: conpr-1.C
FAIL: g++.dg/special/conpr-2.C (test for excess errors)
FAIL: g++.dg/special/conpr-2.C execution test
FAIL: g++.dg/special/conpr-3.C (test for excess errors)
FAIL: g++.dg/special/conpr-3.C execution test
FAIL: g++.dg/special/conpr-3.C (test for excess errors)
FAIL: g++.dg/special/conpr-3.C execution test
FAIL: initp1.C
FAIL: g++.abi/cxa_vec.C (test for excess errors)
FAIL: g++.abi/ptrflags.C (test for excess errors)
FAIL: g++.abi/vbase2.C (test for excess errors)
FAIL: g++.abi/vbase4.C (test for excess errors)
FAIL: g++.abi/vtable3a.C (test for excess errors)
FAIL: g++.abi/vtable3b.C (test for excess errors)
FAIL: g++.abi/vtable3c.C (test for excess errors)
FAIL: g++.abi/vtable3d.C (test for excess errors)
FAIL: g++.abi/vtable3e.C (test for excess errors)
FAIL: g++.abi/vtable3f.C (test for excess errors)
FAIL: g++.abi/vtable3g.C (test for excess errors)
FAIL: g++.abi/vtable3h.C (test for excess errors)
FAIL: g++.abi/vtable3i.C (test for excess errors)
FAIL: g++.abi/vtable3j.C (test for excess errors)
FAIL: g++.benjamin/typeid01.C (test for excess errors)
FAIL: g++.brendan/dtors2.C (test for excess errors)
FAIL: g++.brendan/dtors3.C (test for excess errors)
FAIL: g++.brendan/eh1.C (test for excess errors)
FAIL: g++.brendan/eh1.C  Execution test
FAIL: g++.brendan/groff1.C (test for excess errors)
FAIL: g++.brendan/new3.C (test for excess errors)
FAIL: g++.brendan/vtables1.C (test for excess errors)
FAIL: g++.bugs/900321_02.C (test for excess errors)
FAIL: g++.bugs/900520_04.C (test for excess errors)
FAIL: g++.bugs/900520_05.C (test for excess errors)
FAIL: g++.eh/badalloc1.C (test for excess errors)
FAIL: g++.eh/catch11.C (test for excess errors)
FAIL: g++.eh/catch11.C  Execution test
FAIL: g++.eh/catch12.C (test for excess errors)
FAIL: g++.eh/catch12.C  Execution test
FAIL: g++.eh/catch3.C (test for excess errors)
FAIL: g++.eh/catch3.C  Execution test
FAIL: g++.eh/catch3p.C (test for excess errors)
FAIL: g++.eh/catch3p.C  Execution test
FAIL: g++.eh/catch4.C (test for excess errors)
FAIL: g++.eh/catch4.C  Execution test
FAIL: g++.eh/catch4p.C (test for excess errors)
FAIL: g++.eh/catch4p.C  Execution test
FAIL: g++.eh/catch5.C (test for excess errors)
FAIL: g++.eh/catch5.C  Execution test
FAIL: g++.eh/catch5p.C (test for excess errors)
FAIL: g++.eh/catch5p.C  Execution test
FAIL: g++.eh/catch6.C (test for excess errors)
FAIL: g++.eh/catch6.C  Execution test
FAIL: g++.eh/catch6p.C (test for excess errors)
FAIL: g++.eh/catch6p.C  Execution test
FAIL: g++.eh/catch7.C (test for excess errors)
FAIL: g++.eh/catch7.C  Execution test
FAIL: g++.eh/catch7p.C (test for excess errors)
FAIL: g++.eh/catch7p.C  Execution test
FAIL: g++.eh/catch8.C (test for excess errors)
FAIL: g++.eh/catch8.C  Execution test
FAIL: g++.eh/catch8p.C (test for excess errors)
FAIL: g++.eh/catch8p.C  Execution test
FAIL: g++.eh/catch9.C (test for excess errors)
FAIL: g++.eh/catch9.C  Execution test
FAIL: g++.eh/catch9p.C (test for excess errors)
FAIL: g++.eh/catch9p.C  Execution test
FAIL: g++.eh/catchptr1.C (test for excess errors)
FAIL: g++.eh/catchptr1.C  Execution test
FAIL: g++.eh/cleanup1.C (test for excess errors)
FAIL: g++.eh/cleanup1.C  Execution test
FAIL: g++.eh/cleanup2.C (test for excess errors)
FAIL: g++.eh/flow1.C (test for excess errors)
FAIL: g++.eh/flow1.C  Execution test
FAIL: g++.eh/fntry1.C (test for excess errors)
FAIL: g++.eh/fntry1.C  Execution test
FAIL: g++.eh/ia64-1.C (test for excess errors)
FAIL: g++.eh/ia64-1.C  Execution test
FAIL: g++.eh/inline2.C (test for excess errors)
FAIL: g++.eh/inline2.C  Execution test
FAIL: g++.eh/new1.C (test for excess errors)
FAIL: g++.eh/new1.C  Execution test
FAIL: g++.eh/new2.C (test for excess errors)
FAIL: g++.eh/new2.C  Execution test
FAIL: g++.eh/pdel1.C (test for excess errors)
FAIL: g++.eh/pdel1.C  Execution test
FAIL: g++.eh/pdel2.C (test for excess errors)
FAIL: g++.eh/pdel2.C  Execution test
FAIL: g++.eh/ptr1.C (test for excess errors)
FAIL: g++.eh/ptr1.C  Execution test
FAIL: g++.eh/ptrmem1.C (test for excess errors)
FAIL: g++.eh/ptrmem1.C  Execution test
FAIL: g++.eh/rethrow1.C (test for excess errors)
FAIL: g++.eh/rethrow1.C  Execution test
FAIL: g++.eh/rethrow2.C (test for excess errors)
FAIL: g++.eh/rethrow2.C  Execution test
FAIL: g++.eh/rethrow3.C (test for excess errors)
FAIL: g++.eh/rethrow3.C  Execution test
FAIL: g++.eh/rethrow4.C (test for excess errors)
FAIL: g++.eh/rethrow4.C  Execution test
FAIL: g++.eh/rethrow5.C (test for excess errors)
FAIL: g++.eh/rethrow5.C  Execution test
FAIL: g++.eh/rethrow6.C (test for excess errors)
FAIL: g++.eh/rethrow6.C  Execution test
FAIL: g++.eh/spec1.C (test for excess errors)
FAIL: g++.eh/spec2.C (test for excess errors)
FAIL: g++.eh/spec2.C  Execution test
FAIL: g++.eh/spec3.C (test for excess errors)
FAIL: g++.eh/spec3.C  Execution test
FAIL: g++.eh/spec4.C (test for excess errors)
FAIL: g++.eh/spec4.C  Execution test
FAIL: g++.eh/terminate1.C (test for excess errors)
FAIL: g++.eh/terminate2.C (test for excess errors)
FAIL: g++.eh/tmpl1.C (test for excess errors)
FAIL: g++.eh/tmpl1.C  Execution test
FAIL: g++.eh/unwind1.C (test for excess errors)
FAIL: g++.eh/unwind1.C  Execution test
FAIL: g++.eh/vbase1.C (test for excess errors)
FAIL: g++.eh/vbase1.C  Execution test
FAIL: g++.eh/vbase2.C (test for excess errors)
FAIL: g++.eh/vbase2.C  Execution test
FAIL: g++.eh/vbase4.C (test for excess errors)
FAIL: g++.eh/vbase4.C  Execution test
FAIL: g++.jason/dtor5.C (test for excess errors)
FAIL: g++.jason/init3.C (test for excess errors)
FAIL: g++.jason/inline3.C (test for excess errors)
FAIL: g++.jason/mi.C (test for excess errors)
FAIL: g++.jason/new2.C (test for excess errors)
FAIL: g++.jason/new4.C (test for excess errors)
FAIL: g++.jason/new5.C (test for excess errors)
FAIL: g++.jason/parse12.C (test for excess errors)
FAIL: g++.jason/ref10.C (test for excess errors)
FAIL: g++.jason/ref11.C (test for excess errors)
FAIL: g++.jason/ref9.C (test for excess errors)
FAIL: g++.jason/rvalue1.C (test for excess errors)
FAIL: g++.jason/synth5.C (test for excess errors)
FAIL: g++.jason/synth7.C (test for excess errors)
FAIL: g++.jason/template40.C (test for excess errors)
FAIL: g++.jason/thunk1.C (test for excess errors)
FAIL: g++.jason/vecdel.C (test for excess errors)
FAIL: g++.jason/virtual2.C (test for excess errors)
FAIL: g++.law/arm7.C (test for excess errors)
FAIL: g++.law/array1.C (test for excess errors)
FAIL: g++.law/ctors15.C (test for excess errors)
FAIL: g++.law/ctors8.C (test for excess errors)
FAIL: g++.law/operators15.C (test for excess errors)
FAIL: g++.law/operators23.C (test for excess errors)
FAIL: g++.law/operators8.C (test for excess errors)
FAIL: g++.law/scope2.C (test for excess errors)
FAIL: g++.law/virtual4.C (test for excess errors)
FAIL: g++.martin/eval1.C (test for excess errors)
FAIL: g++.martin/new1.C (test for excess errors)
FAIL: g++.martin/pmf1.C (test for excess errors)
FAIL: g++.mike/align1.C (test for excess errors)
FAIL: g++.mike/dyncast1.C (test for excess errors)
FAIL: g++.mike/dyncast1.C  Execution test
FAIL: g++.mike/dyncast2.C (test for excess errors)
FAIL: g++.mike/dyncast2.C  Execution test
FAIL: g++.mike/dyncast5.C (test for excess errors)
FAIL: g++.mike/dyncast7.C (test for excess errors)
FAIL: g++.mike/eh10.C (test for excess errors)
FAIL: g++.mike/eh10.C  Execution test
FAIL: g++.mike/eh12.C (test for excess errors)
FAIL: g++.mike/eh12.C  Execution test
FAIL: g++.mike/eh14.C (test for excess errors)
FAIL: g++.mike/eh14.C  Execution test
FAIL: g++.mike/eh16.C (test for excess errors)
FAIL: g++.mike/eh16.C  Execution test
FAIL: g++.mike/eh17.C (test for excess errors)
FAIL: g++.mike/eh17.C  Execution test
FAIL: g++.mike/eh18.C (test for excess errors)
FAIL: g++.mike/eh18.C  Execution test
FAIL: g++.mike/eh21.C (test for excess errors)
FAIL: g++.mike/eh21.C  Execution test
FAIL: g++.mike/eh23.C (test for excess errors)
FAIL: g++.mike/eh23.C  Execution test
FAIL: g++.mike/eh24.C (test for excess errors)
FAIL: g++.mike/eh24.C  Execution test
FAIL: g++.mike/eh25.C (test for excess errors)
FAIL: g++.mike/eh25.C  Execution test
FAIL: g++.mike/eh26.C (test for excess errors)
FAIL: g++.mike/eh26.C  Execution test
FAIL: g++.mike/eh27.C (test for excess errors)
FAIL: g++.mike/eh27.C  Execution test
FAIL: g++.mike/eh28.C (test for excess errors)
FAIL: g++.mike/eh28.C  Execution test
FAIL: g++.mike/eh29.C (test for excess errors)
FAIL: g++.mike/eh29.C  Execution test
FAIL: g++.mike/eh3.C (test for excess errors)
FAIL: g++.mike/eh3.C  Execution test
FAIL: g++.mike/eh31.C (test for excess errors)
FAIL: g++.mike/eh31.C  Execution test
FAIL: g++.mike/eh33.C (test for excess errors)
FAIL: g++.mike/eh33.C  Execution test
FAIL: g++.mike/eh34.C (test for excess errors)
FAIL: g++.mike/eh34.C  Execution test
FAIL: g++.mike/eh35.C (test for excess errors)
FAIL: g++.mike/eh35.C  Execution test
FAIL: g++.mike/eh36.C (test for excess errors)
FAIL: g++.mike/eh36.C  Execution test
FAIL: g++.mike/eh37.C (test for excess errors)
FAIL: g++.mike/eh37.C  Execution test
FAIL: g++.mike/eh38.C (test for excess errors)
FAIL: g++.mike/eh38.C  Execution test
FAIL: g++.mike/eh39.C (test for excess errors)
FAIL: g++.mike/eh40.C (test for excess errors)
FAIL: g++.mike/eh40.C  Execution test
FAIL: g++.mike/eh41.C (test for excess errors)
FAIL: g++.mike/eh41.C  Execution test
FAIL: g++.mike/eh42.C (test for excess errors)
FAIL: g++.mike/eh42.C  Execution test
FAIL: g++.mike/eh44.C (test for excess errors)
FAIL: g++.mike/eh44.C  Execution test
FAIL: g++.mike/eh47.C (test for excess errors)
FAIL: g++.mike/eh47.C  Execution test
FAIL: g++.mike/eh48.C (test for excess errors)
FAIL: g++.mike/eh48.C  Execution test
FAIL: g++.mike/eh49.C (test for excess errors)
FAIL: g++.mike/eh49.C  Execution test
FAIL: g++.mike/eh5.C (test for excess errors)
FAIL: g++.mike/eh5.C  Execution test
FAIL: g++.mike/eh50.C (test for excess errors)
FAIL: g++.mike/eh50.C  Execution test
FAIL: g++.mike/eh51.C (test for excess errors)
FAIL: g++.mike/eh51.C  Execution test
FAIL: g++.mike/eh55.C (test for excess errors)
FAIL: g++.mike/eh59.C (test for excess errors)
FAIL: g++.mike/eh6.C (test for excess errors)
FAIL: g++.mike/eh6.C  Execution test
FAIL: g++.mike/eh8.C (test for excess errors)
FAIL: g++.mike/eh8.C  Execution test
FAIL: g++.mike/mi1.C (test for excess errors)
FAIL: g++.mike/misc14.C (test for excess errors)
FAIL: g++.mike/net15.C (test for excess errors)
FAIL: g++.mike/net21.C (test for excess errors)
FAIL: g++.mike/net40.C (test for excess errors)
FAIL: g++.mike/ns15.C (test for excess errors)
FAIL: g++.mike/offset1.C (test for excess errors)
FAIL: g++.mike/p11667.C (test for excess errors)
FAIL: g++.mike/p1248.C (test for excess errors)
FAIL: g++.mike/p1567.C (test for excess errors)
FAIL: g++.mike/p16146.C (test for excess errors)
FAIL: g++.mike/p1862.C (test for excess errors)
FAIL: g++.mike/p2846.C (test for excess errors)
FAIL: g++.mike/p3041.C (test for excess errors)
FAIL: g++.mike/p3068.C (test for excess errors)
FAIL: g++.mike/p3139.C (test for excess errors)
FAIL: g++.mike/p3708.C (test for excess errors)
FAIL: g++.mike/p3708a.C (test for excess errors)
FAIL: g++.mike/p3708b.C (test for excess errors)
FAIL: g++.mike/p4246.C (test for excess errors)
FAIL: g++.mike/p4511.C (test for excess errors)
FAIL: g++.mike/p4736c.C (test for excess errors)
FAIL: g++.mike/p5571.C (test for excess errors)
FAIL: g++.mike/p6610a.C (test for excess errors)
FAIL: g++.mike/p6610b.C (test for excess errors)
FAIL: g++.mike/p6927.C (test for excess errors)
FAIL: g++.mike/p700.C (test for excess errors)
FAIL: g++.mike/p755.C (test for excess errors)
FAIL: g++.mike/p755a.C (test for excess errors)
FAIL: g++.mike/p7912.C (test for excess errors)
FAIL: g++.mike/p7912.C  Execution test
FAIL: g++.mike/p8018.C (test for excess errors)
FAIL: g++.mike/p9706.C (test for excess errors)
FAIL: g++.mike/p9706.C  Execution test
FAIL: g++.mike/pmf9.C (test for excess errors)
FAIL: g++.mike/rtti3.C (test for excess errors)
FAIL: g++.mike/thunk2.C (test for excess errors)
FAIL: g++.mike/thunk3.C (test for excess errors)
FAIL: g++.mike/virt2.C (test for excess errors)
FAIL: g++.mike/virt4.C (test for excess errors)
FAIL: g++.mike/virt5.C (test for excess errors)
FAIL: g++.ns/new1.C (test for excess errors)
FAIL: g++.ns/template9.C (test for excess errors)
FAIL: g++.oliva/delete2.C (test for excess errors)
FAIL: g++.oliva/delete3.C (test for excess errors)
FAIL: g++.oliva/delete3.C  Execution test
FAIL: g++.oliva/new1.C (test for excess errors)
FAIL: g++.oliva/new1.C  Execution test
FAIL: g++.oliva/thunk1.C (test for excess errors)
FAIL: g++.other/array1.C (test for excess errors)
FAIL: g++.other/array1.C  Execution test
FAIL: g++.other/badopt1.C (test for excess errors)
FAIL: g++.other/comdat3.C (test for excess errors)
FAIL: g++.other/delete3.C (test for excess errors)
FAIL: g++.other/delete7.C (test for excess errors)
FAIL: g++.other/eh3.C (test for excess errors)
FAIL: g++.other/eh3.C  Execution test
FAIL: g++.other/exprstmt1.C (test for excess errors)
FAIL: g++.other/init7.C (test for excess errors)
FAIL: g++.other/init7.C  Execution test
FAIL: g++.other/local3.C (test for excess errors)
FAIL: g++.other/loop1.C (test for excess errors)
FAIL: g++.other/mangle3.C (test for excess errors)
FAIL: g++.other/new3.C (test for excess errors)
FAIL: g++.other/new5.C (test for excess errors)
FAIL: g++.other/new7.C (test for excess errors)
FAIL: g++.other/new7.C  Execution test
FAIL: g++.other/optimize2.C (test for excess errors)
FAIL: g++.other/overload9.C (test for excess errors)
FAIL: g++.other/pmf4.C (test for excess errors)
FAIL: g++.other/pmf5.C (test for excess errors)
FAIL: g++.other/reload1.C (test for excess errors)
FAIL: g++.other/rtti1.C (test for excess errors)
FAIL: g++.other/rtti2.C (test for excess errors)
FAIL: g++.other/rtti3.C (test for excess errors)
FAIL: g++.other/rtti4.C (test for excess errors)
FAIL: g++.other/singleton.C (test for excess errors)
FAIL: g++.other/singleton.C  Execution test
FAIL: g++.other/thunk1.C (test for excess errors)
FAIL: g++.other/vbase2.C (test for excess errors)
FAIL: g++.other/vbase5.C (test for excess errors)
FAIL: g++.other/vtbl2.C (test for excess errors)
FAIL: g++.pt/crash16.C (test for excess errors)
FAIL: g++.pt/explicit55.C (test for excess errors)
FAIL: g++.pt/explicit56.C (test for excess errors)
FAIL: g++.pt/expr1.C (test for excess errors)
FAIL: g++.pt/fntry1.C (test for excess errors)
FAIL: g++.pt/fntry1.C  Execution test
FAIL: g++.pt/local6.C (test for excess errors)
FAIL: g++.pt/mangle2.C (test for excess errors)
FAIL: g++.pt/mi1.C (test for excess errors)
FAIL: g++.pt/spec3.C (test for excess errors)
FAIL: g++.pt/spec30.C (test for excess errors)
FAIL: g++.pt/static11.C  Execution test
FAIL: g++.pt/virtual4.C (test for excess errors)
FAIL: g++.robertl/eb102.C (test for excess errors)
FAIL: g++.robertl/eb104.C (test for excess errors)
FAIL: g++.robertl/eb114.C (test for excess errors)
FAIL: g++.robertl/eb126.C (test for excess errors)
FAIL: g++.robertl/eb50.C (test for excess errors)
FAIL: g++.robertl/eb50.C  Execution test
FAIL: g++.robertl/eb58.C (test for excess errors)
FAIL: g++.robertl/eb63.C (test for excess errors)
FAIL: g++.robertl/eb88.C (test for excess errors)
FAIL: g++.robertl/eb88.C  Execution test
FAIL: g++.robertl/eh990323-1.C (test for excess errors)
FAIL: g++.robertl/eh990323-1.C  Execution test
FAIL: g++.robertl/eh990323-2.C (test for excess errors)
FAIL: g++.robertl/eh990323-2.C  Execution test
FAIL: g++.robertl/eh990323-3.C (test for excess errors)
FAIL: g++.robertl/eh990323-3.C  Execution test
FAIL: g++.robertl/eh990323-4.C (test for excess errors)
FAIL: g++.robertl/eh990323-4.C  Execution test
FAIL: g++.robertl/eh990323-5.C (test for excess errors)
FAIL: g++.robertl/eh990323-5.C  Execution test
FAIL: g++.robertl/ice990323-2.C (test for excess errors)

		=== g++ Summary ===

# of expected passes		7362
# of unexpected failures	413
# of expected failures		107
# of unresolved testcases	35
# of untested testcases		29
# of unsupported tests		62
gcc version 3.3 20030509 (prerelease)


Compiler version: 3.3 20030509 (prerelease) 
Platform: h8300-unknown-coff
configure flags: --target=h8300-coff --prefix=/opt/gnucross-test --with-gnu-as --with-gnu-ld --with-newlib --verbose --with-system-zlib --disable-nls --enable-version-specific-runtime-libs --enable-languages=c,c++%g


Index Nav: [Date Index] [Subject Index] [Author Index] [Thread Index]
Message Nav: [Date Prev] [Date Next] [Thread Prev] [Thread Next]