This is the mail archive of the gcc-testresults@gcc.gnu.org mailing list for the GCC project.


Index Nav: [Date Index] [Subject Index] [Author Index] [Thread Index]
Message Nav: [Date Prev] [Date Next] [Thread Prev] [Thread Next]
Other format: [Raw text]

Results for 3.3 20030509 (prerelease) testsuite on sh-unknown-coff


LAST_UPDATED: 
Target is sh-unknown-coff
Host   is i686-pc-linux-gnu

		=== gcc tests ===


Running target sh-hms-sim
FAIL: gcc.c-torture/compile/20000923-1.c,  -O3 -g  
FAIL: gcc.c-torture/compile/920428-4.c,  -O3 -g  
FAIL: gcc.c-torture/compile/961203-1.c,  -O3 -g  
FAIL: gcc.c-torture/execute/20010209-1.c compilation,  -O3 -g 
UNRESOLVED: gcc.c-torture/execute/20010209-1.c execution,  -O3 -g 
FAIL: gcc.c-torture/execute/20020720-1.c compilation,  -O1 
UNRESOLVED: gcc.c-torture/execute/20020720-1.c execution,  -O1 
FAIL: gcc.c-torture/execute/20020720-1.c compilation,  -O2 
UNRESOLVED: gcc.c-torture/execute/20020720-1.c execution,  -O2 
FAIL: gcc.c-torture/execute/20020720-1.c compilation,  -O3 -fomit-frame-pointer 
UNRESOLVED: gcc.c-torture/execute/20020720-1.c execution,  -O3 -fomit-frame-pointer 
FAIL: gcc.c-torture/execute/20020720-1.c compilation,  -O3 -g 
UNRESOLVED: gcc.c-torture/execute/20020720-1.c execution,  -O3 -g 
FAIL: gcc.c-torture/execute/20020720-1.c compilation,  -Os 
UNRESOLVED: gcc.c-torture/execute/20020720-1.c execution,  -Os 
FAIL: gcc.c-torture/execute/920721-2.c compilation,  -O3 -g 
UNRESOLVED: gcc.c-torture/execute/920721-2.c execution,  -O3 -g 
FAIL: gcc.c-torture/execute/920929-1.c compilation,  -O3 -g 
UNRESOLVED: gcc.c-torture/execute/920929-1.c execution,  -O3 -g 
FAIL: gcc.dg/debug/20020104-2.c (test for excess errors)
FAIL: gcc.dg/debug/20020104-2.c (test for excess errors)
FAIL: gcc.dg/debug/20020104-2.c (test for excess errors)
FAIL: gcc.dg/debug/20020104-2.c (test for excess errors)
FAIL: gcc.dg/debug/20020104-2.c (test for excess errors)
FAIL: gcc.dg/debug/20020104-2.c (test for excess errors)
FAIL: gcc.dg/20010912-1.c (test for excess errors)
WARNING: gcc.dg/20010912-1.c compilation failed to produce executable
FAIL: gcc.dg/20020415-1.c (test for excess errors)
FAIL: gcc.dg/20021014-1.c (test for excess errors)
WARNING: gcc.dg/20021014-1.c compilation failed to produce executable
FAIL: gcc.dg/20021018-1.c (test for excess errors)
WARNING: gcc.dg/20021018-1.c compilation failed to produce executable
FAIL: gcc.dg/20030213-1.c (test for excess errors)
FAIL: gcc.dg/20030225-1.c (test for excess errors)
WARNING: gcc.dg/20030225-1.c compilation failed to produce executable
FAIL: gcc.dg/bitfld-3.c execution test
FAIL: gcc.dg/bitfld-4.c execution test
FAIL: gcc.dg/duff-2.c (test for excess errors)
FAIL: gcc.dg/nest.c (test for excess errors)
WARNING: gcc.dg/nest.c compilation failed to produce executable
FAIL: gcc.dg/struct-by-value-1.c (test for excess errors)
WARNING: gcc.dg/struct-by-value-1.c compilation failed to produce executable
FAIL: gcc.dg/special/gcsec-1.c (test for excess errors)
FAIL: gcc.misc-tests/bprob-1.c compilation,  -O2 -DPERFTIME  -fbranch-probabilities
UNRESOLVED: gcc.misc-tests/bprob-1.c execution,    -O2 -DPERFTIME  -fbranch-probabilities
FAIL: gcc.misc-tests/bprob-1.c compilation,  -O3 -DPERFTIME  -fbranch-probabilities
UNRESOLVED: gcc.misc-tests/bprob-1.c execution,    -O3 -DPERFTIME  -fbranch-probabilities
FAIL: gcc.misc-tests/bprob-1.c compilation,  -O3 -g -DPERFTIME  -fbranch-probabilities
UNRESOLVED: gcc.misc-tests/bprob-1.c execution,    -O3 -g -DPERFTIME  -fbranch-probabilities
FAIL: gcc.misc-tests/bprob-1.c compilation,  -Os  -fbranch-probabilities
UNRESOLVED: gcc.misc-tests/bprob-1.c execution,    -Os  -fbranch-probabilities
FAIL: gcc.misc-tests/bprob-2.c compilation,  -O2 -DPERFTIME  -fbranch-probabilities
UNRESOLVED: gcc.misc-tests/bprob-2.c execution,    -O2 -DPERFTIME  -fbranch-probabilities
FAIL: gcc.misc-tests/bprob-2.c compilation,  -O3 -DPERFTIME  -fbranch-probabilities
UNRESOLVED: gcc.misc-tests/bprob-2.c execution,    -O3 -DPERFTIME  -fbranch-probabilities
FAIL: gcc.misc-tests/bprob-2.c compilation,  -O3 -g -DPERFTIME  -fbranch-probabilities
UNRESOLVED: gcc.misc-tests/bprob-2.c execution,    -O3 -g -DPERFTIME  -fbranch-probabilities
FAIL: gcc.misc-tests/bprob-2.c compilation,  -Os  -fbranch-probabilities
UNRESOLVED: gcc.misc-tests/bprob-2.c execution,    -Os  -fbranch-probabilities

		=== gcc Summary ===

# of expected passes		20580
# of unexpected failures	37
# of expected failures		67
# of unresolved testcases	16
# of unsupported tests		188
gcc version 3.3 20030509 (prerelease)

Host   is i686-pc-linux-gnu

		=== g++ tests ===


Running target sh-hms-sim
FAIL: g++.dg/bprob/g++-bprob-1.C compilation,  -O2  -fbranch-probabilities
UNRESOLVED: g++.dg/bprob/g++-bprob-1.C execution,    -O2  -fbranch-probabilities
FAIL: g++.dg/bprob/g++-bprob-1.C compilation,  -O3  -fbranch-probabilities
UNRESOLVED: g++.dg/bprob/g++-bprob-1.C execution,    -O3  -fbranch-probabilities
FAIL: g++.dg/bprob/g++-bprob-1.C compilation,  -O3 -g  -fbranch-probabilities
UNRESOLVED: g++.dg/bprob/g++-bprob-1.C execution,    -O3 -g  -fbranch-probabilities
FAIL: g++.dg/bprob/g++-bprob-1.C compilation,  -Os  -fbranch-probabilities
UNRESOLVED: g++.dg/bprob/g++-bprob-1.C execution,    -Os  -fbranch-probabilities
FAIL: g++.dg/debug/debug5.C (test for excess errors)
FAIL: g++.dg/debug/debug5.C (test for excess errors)
FAIL: g++.dg/debug/debug5.C (test for excess errors)
FAIL: g++.dg/debug/debug5.C (test for excess errors)
FAIL: g++.dg/debug/debug6.C (test for excess errors)
FAIL: g++.dg/debug/debug6.C (test for excess errors)
FAIL: g++.dg/debug/debug6.C (test for excess errors)
FAIL: g++.dg/debug/debug6.C (test for excess errors)
FAIL: g++.dg/debug/debug6.C (test for excess errors)
FAIL: g++.dg/debug/debug6.C (test for excess errors)
FAIL: g++.dg/abi/bitfield4.C execution test
FAIL: g++.dg/abi/empty6.C  (test for warnings, line 6)
FAIL: g++.dg/abi/mangle17.C (test for excess errors)
FAIL: g++.dg/template/friend10.C execution test
FAIL: conpr-1.C
FAIL: g++.dg/special/conpr-2.C (test for excess errors)
FAIL: g++.dg/special/conpr-2.C execution test
FAIL: g++.dg/special/conpr-3.C (test for excess errors)
FAIL: g++.dg/special/conpr-3.C execution test
FAIL: g++.dg/special/conpr-3.C (test for excess errors)
FAIL: g++.dg/special/conpr-3.C execution test
FAIL: initp1.C
FAIL: g++.benjamin/15071.C  Execution test
FAIL: g++.brendan/copy9.C  Execution test
FAIL: g++.brendan/nest21.C  Execution test
FAIL: g++.brendan/ptolemy2.C  Execution test
XPASS: g++.ext/attrib5.C  Execution test
FAIL: g++.jason/2371.C  Execution test
FAIL: g++.jason/template24.C  Execution test
FAIL: g++.jason/typeid1.C  Execution test
FAIL: g++.law/arg8.C  Execution test
FAIL: g++.law/ctors12.C  Execution test
FAIL: g++.law/cvt2.C  Execution test
FAIL: g++.law/virtual3.C  Execution test
FAIL: g++.mike/eh2.C  Execution test
FAIL: g++.other/comdat3.C (test for excess errors)
FAIL: g++.other/inline7.C  Execution test
FAIL: g++.other/inline8.C  Execution test
FAIL: g++.other/local-alloc1.C (test for excess errors)
FAIL: g++.other/mangle3.C (test for excess errors)
FAIL: g++.robertl/eb27.C  Execution test
FAIL: g++.robertl/eb31.C  Execution test
FAIL: g++.robertl/eb41.C  Execution test
FAIL: g++.robertl/eb46.C  Execution test
FAIL: g++.robertl/eb54.C  Execution test
FAIL: g++.robertl/eb66.C  Execution test
FAIL: g++.robertl/eb73.C  Execution test

		=== g++ Summary ===

# of expected passes		7842
# of unexpected failures	50
# of unexpected successes	1
# of expected failures		105
# of unresolved testcases	4
# of untested testcases		29
# of unsupported tests		21
gcc version 3.3 20030509 (prerelease)


Compiler version: 3.3 20030509 (prerelease) 
Platform: sh-unknown-coff
configure flags: --target=sh-coff --prefix=/opt/gnucross-test --with-gnu-as --with-gnu-ld --with-newlib --verbose --with-system-zlib --disable-nls --enable-version-specific-runtime-libs --enable-languages=c,c++%g


Index Nav: [Date Index] [Subject Index] [Author Index] [Thread Index]
Message Nav: [Date Prev] [Date Next] [Thread Prev] [Thread Next]