This is the mail archive of the
gcc-testresults@gcc.gnu.org
mailing list for the GCC project.
Results for 3.3 20030509 (prerelease) testsuite on mips-unknown-elf
- From: "Joel Sherrill <joel at OARcorp dot com>" <joel at britain>
- To: gcc-testresults at gcc dot gnu dot org
- Date: Fri, 9 May 2003 21:20:10 -0500
- Subject: Results for 3.3 20030509 (prerelease) testsuite on mips-unknown-elf
LAST_UPDATED:
Target is mips-unknown-elf
Host is i686-pc-linux-gnu
=== gcc tests ===
Running target mips-sim
FAIL: gcc.c-torture/compile/20001226-1.c, -Os
FAIL: gcc.c-torture/execute/20020412-1.c execution, -O0
FAIL: gcc.c-torture/execute/20020412-1.c execution, -O1
FAIL: gcc.c-torture/execute/20020412-1.c execution, -O2
FAIL: gcc.c-torture/execute/20020412-1.c execution, -O3 -fomit-frame-pointer
FAIL: gcc.c-torture/execute/20020412-1.c execution, -O3 -fomit-frame-pointer -funroll-loops
FAIL: gcc.c-torture/execute/20020412-1.c execution, -O3 -fomit-frame-pointer -funroll-all-loops -finline-functions
FAIL: gcc.c-torture/execute/20020412-1.c execution, -O3 -g
FAIL: gcc.c-torture/execute/20020412-1.c execution, -Os
FAIL: gcc.dg/20021014-1.c (test for excess errors)
WARNING: gcc.dg/20021014-1.c compilation failed to produce executable
FAIL: gcc.dg/duff-2.c (test for excess errors)
FAIL: gcc.dg/nest.c (test for excess errors)
WARNING: gcc.dg/nest.c compilation failed to produce executable
FAIL: gcc.dg/special/gcsec-1.c execution test
FAIL: gcc.misc-tests/bprob-1.c compilation, -g -fprofile-arcs
UNRESOLVED: gcc.misc-tests/bprob-1.c execution, -g -fprofile-arcs
UNRESOLVED: gcc.misc-tests/bprob-1.c compilation, -g -fbranch-probabilities
UNRESOLVED: gcc.misc-tests/bprob-1.c execution, -g -fbranch-probabilities
FAIL: gcc.misc-tests/bprob-1.c compilation, -O0 -fprofile-arcs
UNRESOLVED: gcc.misc-tests/bprob-1.c execution, -O0 -fprofile-arcs
UNRESOLVED: gcc.misc-tests/bprob-1.c compilation, -O0 -fbranch-probabilities
UNRESOLVED: gcc.misc-tests/bprob-1.c execution, -O0 -fbranch-probabilities
FAIL: gcc.misc-tests/bprob-1.c compilation, -O1 -fprofile-arcs
UNRESOLVED: gcc.misc-tests/bprob-1.c execution, -O1 -fprofile-arcs
UNRESOLVED: gcc.misc-tests/bprob-1.c compilation, -O1 -fbranch-probabilities
UNRESOLVED: gcc.misc-tests/bprob-1.c execution, -O1 -fbranch-probabilities
FAIL: gcc.misc-tests/bprob-1.c compilation, -O2 -DPERFTIME -fprofile-arcs
UNRESOLVED: gcc.misc-tests/bprob-1.c execution, -O2 -DPERFTIME -fprofile-arcs
UNRESOLVED: gcc.misc-tests/bprob-1.c compilation, -O2 -DPERFTIME -fbranch-probabilities
UNRESOLVED: gcc.misc-tests/bprob-1.c execution, -O2 -DPERFTIME -fbranch-probabilities
FAIL: gcc.misc-tests/bprob-1.c compilation, -O3 -DPERFTIME -fprofile-arcs
UNRESOLVED: gcc.misc-tests/bprob-1.c execution, -O3 -DPERFTIME -fprofile-arcs
UNRESOLVED: gcc.misc-tests/bprob-1.c compilation, -O3 -DPERFTIME -fbranch-probabilities
UNRESOLVED: gcc.misc-tests/bprob-1.c execution, -O3 -DPERFTIME -fbranch-probabilities
FAIL: gcc.misc-tests/bprob-1.c compilation, -O3 -g -DPERFTIME -fprofile-arcs
UNRESOLVED: gcc.misc-tests/bprob-1.c execution, -O3 -g -DPERFTIME -fprofile-arcs
UNRESOLVED: gcc.misc-tests/bprob-1.c compilation, -O3 -g -DPERFTIME -fbranch-probabilities
UNRESOLVED: gcc.misc-tests/bprob-1.c execution, -O3 -g -DPERFTIME -fbranch-probabilities
FAIL: gcc.misc-tests/bprob-1.c compilation, -Os -fprofile-arcs
UNRESOLVED: gcc.misc-tests/bprob-1.c execution, -Os -fprofile-arcs
UNRESOLVED: gcc.misc-tests/bprob-1.c compilation, -Os -fbranch-probabilities
UNRESOLVED: gcc.misc-tests/bprob-1.c execution, -Os -fbranch-probabilities
FAIL: gcc.misc-tests/bprob-2.c compilation, -g -fprofile-arcs
UNRESOLVED: gcc.misc-tests/bprob-2.c execution, -g -fprofile-arcs
UNRESOLVED: gcc.misc-tests/bprob-2.c compilation, -g -fbranch-probabilities
UNRESOLVED: gcc.misc-tests/bprob-2.c execution, -g -fbranch-probabilities
FAIL: gcc.misc-tests/bprob-2.c compilation, -O0 -fprofile-arcs
UNRESOLVED: gcc.misc-tests/bprob-2.c execution, -O0 -fprofile-arcs
UNRESOLVED: gcc.misc-tests/bprob-2.c compilation, -O0 -fbranch-probabilities
UNRESOLVED: gcc.misc-tests/bprob-2.c execution, -O0 -fbranch-probabilities
FAIL: gcc.misc-tests/bprob-2.c compilation, -O1 -fprofile-arcs
UNRESOLVED: gcc.misc-tests/bprob-2.c execution, -O1 -fprofile-arcs
UNRESOLVED: gcc.misc-tests/bprob-2.c compilation, -O1 -fbranch-probabilities
UNRESOLVED: gcc.misc-tests/bprob-2.c execution, -O1 -fbranch-probabilities
FAIL: gcc.misc-tests/bprob-2.c compilation, -O2 -DPERFTIME -fprofile-arcs
UNRESOLVED: gcc.misc-tests/bprob-2.c execution, -O2 -DPERFTIME -fprofile-arcs
UNRESOLVED: gcc.misc-tests/bprob-2.c compilation, -O2 -DPERFTIME -fbranch-probabilities
UNRESOLVED: gcc.misc-tests/bprob-2.c execution, -O2 -DPERFTIME -fbranch-probabilities
FAIL: gcc.misc-tests/bprob-2.c compilation, -O3 -DPERFTIME -fprofile-arcs
UNRESOLVED: gcc.misc-tests/bprob-2.c execution, -O3 -DPERFTIME -fprofile-arcs
UNRESOLVED: gcc.misc-tests/bprob-2.c compilation, -O3 -DPERFTIME -fbranch-probabilities
UNRESOLVED: gcc.misc-tests/bprob-2.c execution, -O3 -DPERFTIME -fbranch-probabilities
FAIL: gcc.misc-tests/bprob-2.c compilation, -O3 -g -DPERFTIME -fprofile-arcs
UNRESOLVED: gcc.misc-tests/bprob-2.c execution, -O3 -g -DPERFTIME -fprofile-arcs
UNRESOLVED: gcc.misc-tests/bprob-2.c compilation, -O3 -g -DPERFTIME -fbranch-probabilities
UNRESOLVED: gcc.misc-tests/bprob-2.c execution, -O3 -g -DPERFTIME -fbranch-probabilities
FAIL: gcc.misc-tests/bprob-2.c compilation, -Os -fprofile-arcs
UNRESOLVED: gcc.misc-tests/bprob-2.c execution, -Os -fprofile-arcs
UNRESOLVED: gcc.misc-tests/bprob-2.c compilation, -Os -fbranch-probabilities
UNRESOLVED: gcc.misc-tests/bprob-2.c execution, -Os -fbranch-probabilities
=== gcc Summary ===
# of expected passes 20660
# of unexpected failures 27
# of expected failures 93
# of unresolved testcases 42
# of unsupported tests 180
gcc version 3.3 20030509 (prerelease)
Host is i686-pc-linux-gnu
=== g++ tests ===
Running target mips-sim
FAIL: g++.dg/bprob/g++-bprob-1.C compilation, -g -fprofile-arcs
UNRESOLVED: g++.dg/bprob/g++-bprob-1.C execution, -g -fprofile-arcs
UNRESOLVED: g++.dg/bprob/g++-bprob-1.C compilation, -g -fbranch-probabilities
UNRESOLVED: g++.dg/bprob/g++-bprob-1.C execution, -g -fbranch-probabilities
FAIL: g++.dg/bprob/g++-bprob-1.C compilation, -O0 -fprofile-arcs
UNRESOLVED: g++.dg/bprob/g++-bprob-1.C execution, -O0 -fprofile-arcs
UNRESOLVED: g++.dg/bprob/g++-bprob-1.C compilation, -O0 -fbranch-probabilities
UNRESOLVED: g++.dg/bprob/g++-bprob-1.C execution, -O0 -fbranch-probabilities
FAIL: g++.dg/bprob/g++-bprob-1.C compilation, -O1 -fprofile-arcs
UNRESOLVED: g++.dg/bprob/g++-bprob-1.C execution, -O1 -fprofile-arcs
UNRESOLVED: g++.dg/bprob/g++-bprob-1.C compilation, -O1 -fbranch-probabilities
UNRESOLVED: g++.dg/bprob/g++-bprob-1.C execution, -O1 -fbranch-probabilities
FAIL: g++.dg/bprob/g++-bprob-1.C compilation, -O2 -fprofile-arcs
UNRESOLVED: g++.dg/bprob/g++-bprob-1.C execution, -O2 -fprofile-arcs
UNRESOLVED: g++.dg/bprob/g++-bprob-1.C compilation, -O2 -fbranch-probabilities
UNRESOLVED: g++.dg/bprob/g++-bprob-1.C execution, -O2 -fbranch-probabilities
FAIL: g++.dg/bprob/g++-bprob-1.C compilation, -O3 -fprofile-arcs
UNRESOLVED: g++.dg/bprob/g++-bprob-1.C execution, -O3 -fprofile-arcs
UNRESOLVED: g++.dg/bprob/g++-bprob-1.C compilation, -O3 -fbranch-probabilities
UNRESOLVED: g++.dg/bprob/g++-bprob-1.C execution, -O3 -fbranch-probabilities
FAIL: g++.dg/bprob/g++-bprob-1.C compilation, -O3 -g -fprofile-arcs
UNRESOLVED: g++.dg/bprob/g++-bprob-1.C execution, -O3 -g -fprofile-arcs
UNRESOLVED: g++.dg/bprob/g++-bprob-1.C compilation, -O3 -g -fbranch-probabilities
UNRESOLVED: g++.dg/bprob/g++-bprob-1.C execution, -O3 -g -fbranch-probabilities
FAIL: g++.dg/bprob/g++-bprob-1.C compilation, -Os -fprofile-arcs
UNRESOLVED: g++.dg/bprob/g++-bprob-1.C execution, -Os -fprofile-arcs
UNRESOLVED: g++.dg/bprob/g++-bprob-1.C compilation, -Os -fbranch-probabilities
UNRESOLVED: g++.dg/bprob/g++-bprob-1.C execution, -Os -fbranch-probabilities
FAIL: g++.dg/compat/abi/bitfield1 x_tst.o-y_tst.o link
UNRESOLVED: g++.dg/compat/abi/bitfield1 x_tst.o-y_tst.o execute
FAIL: g++.dg/compat/abi/bitfield2 x_tst.o-y_tst.o link
UNRESOLVED: g++.dg/compat/abi/bitfield2 x_tst.o-y_tst.o execute
FAIL: g++.dg/compat/abi/vbase8-10 x_tst.o-y_tst.o link
UNRESOLVED: g++.dg/compat/abi/vbase8-10 x_tst.o-y_tst.o execute
FAIL: g++.dg/compat/abi/vbase8-21 x_tst.o-y_tst.o link
UNRESOLVED: g++.dg/compat/abi/vbase8-21 x_tst.o-y_tst.o execute
FAIL: g++.dg/compat/abi/vbase8-22 x_tst.o-y_tst.o link
UNRESOLVED: g++.dg/compat/abi/vbase8-22 x_tst.o-y_tst.o execute
FAIL: g++.dg/compat/abi/vbase8-4 x_tst.o-y_tst.o link
UNRESOLVED: g++.dg/compat/abi/vbase8-4 x_tst.o-y_tst.o execute
FAIL: g++.dg/compat/break/bitfield5 x_tst.o-y_tst.o link
UNRESOLVED: g++.dg/compat/break/bitfield5 x_tst.o-y_tst.o execute
FAIL: g++.dg/compat/break/bitfield7 x_tst.o-y_tst.o link
UNRESOLVED: g++.dg/compat/break/bitfield7 x_tst.o-y_tst.o execute
FAIL: g++.dg/compat/break/empty6 x_tst.o-y_tst.o link
UNRESOLVED: g++.dg/compat/break/empty6 x_tst.o-y_tst.o execute
FAIL: g++.dg/compat/break/vbase10 x_tst.o-y_tst.o link
UNRESOLVED: g++.dg/compat/break/vbase10 x_tst.o-y_tst.o execute
FAIL: g++.dg/compat/break/vbase11 x_tst.o-y_tst.o link
UNRESOLVED: g++.dg/compat/break/vbase11 x_tst.o-y_tst.o execute
FAIL: g++.dg/compat/eh/dtor1 x_tst.o-y_tst.o link
UNRESOLVED: g++.dg/compat/eh/dtor1 x_tst.o-y_tst.o execute
FAIL: g++.dg/compat/init/init-ref2 x_tst.o-y_tst.o link
UNRESOLVED: g++.dg/compat/init/init-ref2 x_tst.o-y_tst.o execute
FAIL: g++.dg/abi/empty11.C (test for excess errors)
WARNING: g++.dg/abi/empty11.C compilation failed to produce executable
FAIL: g++.dg/abi/layout1.C (test for excess errors)
WARNING: g++.dg/abi/layout1.C compilation failed to produce executable
FAIL: g++.dg/abi/layout2.C (test for excess errors)
WARNING: g++.dg/abi/layout2.C compilation failed to produce executable
FAIL: g++.dg/abi/mangle17.C (test for excess errors)
FAIL: g++.dg/abi/rtti2.C (test for excess errors)
WARNING: g++.dg/abi/rtti2.C compilation failed to produce executable
FAIL: g++.dg/abi/vbase12.C (test for excess errors)
WARNING: g++.dg/abi/vbase12.C compilation failed to produce executable
FAIL: g++.dg/abi/vbase13.C (test for excess errors)
WARNING: g++.dg/abi/vbase13.C compilation failed to produce executable
FAIL: g++.dg/abi/vbase8-10.C (test for excess errors)
WARNING: g++.dg/abi/vbase8-10.C compilation failed to produce executable
FAIL: g++.dg/abi/vbase8-21.C (test for excess errors)
WARNING: g++.dg/abi/vbase8-21.C compilation failed to produce executable
FAIL: g++.dg/abi/vbase8-22.C (test for excess errors)
WARNING: g++.dg/abi/vbase8-22.C compilation failed to produce executable
FAIL: g++.dg/abi/vbase8-4.C (test for excess errors)
WARNING: g++.dg/abi/vbase8-4.C compilation failed to produce executable
FAIL: g++.dg/abi/vthunk1.C (test for excess errors)
FAIL: g++.dg/eh/dtor1.C (test for excess errors)
WARNING: g++.dg/eh/dtor1.C compilation failed to produce executable
FAIL: g++.dg/eh/loop1.C (test for excess errors)
WARNING: g++.dg/eh/loop1.C compilation failed to produce executable
FAIL: g++.dg/eh/omit-frame-pointer.C (test for excess errors)
WARNING: g++.dg/eh/omit-frame-pointer.C compilation failed to produce executable
FAIL: g++.dg/inherit/operator1.C (test for excess errors)
WARNING: g++.dg/inherit/operator1.C compilation failed to produce executable
FAIL: g++.dg/inherit/using2.C (test for excess errors)
WARNING: g++.dg/inherit/using2.C compilation failed to produce executable
FAIL: g++.dg/init/ctor2.C (test for excess errors)
WARNING: g++.dg/init/ctor2.C compilation failed to produce executable
FAIL: g++.dg/init/dtor1.C (test for excess errors)
WARNING: g++.dg/init/dtor1.C compilation failed to produce executable
FAIL: g++.dg/init/new5.C (test for excess errors)
WARNING: g++.dg/init/new5.C compilation failed to produce executable
FAIL: g++.dg/opt/inline2.C (test for excess errors)
FAIL: g++.dg/opt/longbranch1.C (test for excess errors)
FAIL: g++.dg/opt/nrv5.C (test for excess errors)
WARNING: g++.dg/opt/nrv5.C compilation failed to produce executable
FAIL: g++.dg/opt/thunk1.C (test for excess errors)
WARNING: g++.dg/opt/thunk1.C compilation failed to produce executable
FAIL: g++.dg/rtti/cv1.C (test for excess errors)
WARNING: g++.dg/rtti/cv1.C compilation failed to produce executable
FAIL: g++.dg/template/friend.C (test for excess errors)
FAIL: g++.dg/template/friend10.C (test for excess errors)
WARNING: g++.dg/template/friend10.C compilation failed to produce executable
FAIL: g++.dg/template/vtable1.C (test for excess errors)
WARNING: g++.dg/template/vtable1.C compilation failed to produce executable
FAIL: g++.benjamin/15071.C Execution test
FAIL: g++.brendan/copy9.C Execution test
FAIL: g++.brendan/ptolemy2.C Execution test
FAIL: g++.jason/2371.C Execution test
FAIL: g++.jason/template24.C Execution test
FAIL: g++.jason/typeid1.C Execution test
FAIL: g++.law/arg8.C Execution test
FAIL: g++.mike/eh2.C Execution test
FAIL: g++.mike/net34.C Execution test
FAIL: g++.other/unchanging1.C Execution test
FAIL: g++.robertl/eb115.C Execution test
FAIL: g++.robertl/eb118.C Execution test
FAIL: g++.robertl/eb27.C Execution test
FAIL: g++.robertl/eb41.C Execution test
FAIL: g++.robertl/eb46.C Execution test
FAIL: g++.robertl/eb54.C Execution test
FAIL: g++.robertl/eb77.C Execution test
=== g++ Summary ===
# of expected passes 7781
# of unexpected failures 65
# of expected failures 100
# of unresolved testcases 34
# of untested testcases 29
# of unsupported tests 21
gcc version 3.3 20030509 (prerelease)
Compiler version: 3.3 20030509 (prerelease)
Platform: mips-unknown-elf
configure flags: --target=mips-elf --prefix=/opt/gnucross-test --with-gnu-as --with-gnu-ld --with-newlib --verbose --with-system-zlib --disable-nls --enable-version-specific-runtime-libs --enable-languages=c,c++%g