This is the mail archive of the gcc-testresults@gcc.gnu.org mailing list for the GCC project.


Index Nav: [Date Index] [Subject Index] [Author Index] [Thread Index]
Message Nav: [Date Prev] [Date Next] [Thread Prev] [Thread Next]
Other format: [Raw text]

Results for 3.4 20030509 (experimental) testsuite on ia64-unknown-linux-gnu


LAST_UPDATED: Fri May  9 04:50:58 UTC 2003

Native configuration is ia64-unknown-linux-gnu

		=== g77 tests ===


Running target unix
FAIL: g77.f-torture/execute/980520-1.f compilation,  -O0 

		=== g77 Summary ===

# of expected passes		1696
# of unexpected failures	1
# of untested testcases		1
# of unsupported tests		8
/export/build/gnu/gcc/build-ia64-linux/gcc/testsuite/../g77 version 3.4 20030509 (experimental)

		=== gcc tests ===


Running target unix
XPASS: gcc.c-torture/compile/920625-1.c,  -O2  
XPASS: gcc.c-torture/compile/920625-1.c,  -O3 -fomit-frame-pointer  
XPASS: gcc.c-torture/compile/920625-1.c,  -O3 -fomit-frame-pointer -funroll-loops  
XPASS: gcc.c-torture/compile/920625-1.c,  -O3 -fomit-frame-pointer -funroll-all-loops -finline-functions  
XPASS: gcc.c-torture/compile/920625-1.c,  -O3 -g  
FAIL: gcc.c-torture/compile/930117-1.c,  -O1  
XPASS: gcc.c-torture/compile/981223-1.c,  -O2  
XPASS: gcc.c-torture/compile/981223-1.c,  -O3 -fomit-frame-pointer  
XPASS: gcc.c-torture/compile/981223-1.c,  -O3 -g  
XPASS: gcc.c-torture/compile/981223-1.c,  -Os  
XPASS: gcc.c-torture/execute/990208-1.c execution,  -O3 -fomit-frame-pointer 
XPASS: gcc.c-torture/execute/990208-1.c execution,  -O3 -g 
FAIL: gcc.dg/compat/struct-by-value-5 c_compat_x_tst.o compile
UNRESOLVED: gcc.dg/compat/struct-by-value-5 c_compat_x_tst.o-c_compat_y_tst.o link 
UNRESOLVED: gcc.dg/compat/struct-by-value-5 c_compat_x_tst.o-c_compat_y_tst.o execute 
FAIL: gcc.dg/builtins-10.c (test for excess errors)
FAIL: gcc.dg/duff-2.c (test for excess errors)

		=== gcc Summary ===

# of expected passes		21658
# of unexpected failures	4
# of unexpected successes	11
# of expected failures		82
# of unresolved testcases	2
# of unsupported tests		197
/export/build/gnu/gcc/build-ia64-linux/gcc/xgcc version 3.4 20030509 (experimental)

		=== g++ tests ===


Running target unix
WARNING: g++.old-deja/g++.mike/p10769a.C compilation failed to produce executable
WARNING: g++.old-deja/g++.other/enum5.C compilation failed to produce executable
WARNING: g++.old-deja/g++.pt/friend44.C compilation failed to produce executable

		=== g++ Summary ===

# of expected passes		8257
# of expected failures		69
# of unsupported tests		42
/export/build/gnu/gcc/build-ia64-linux/gcc/testsuite/../g++ version 3.4 20030509 (experimental)

		=== objc tests ===


Running target unix

		=== objc Summary ===

# of expected passes		1156
/export/build/gnu/gcc/build-ia64-linux/gcc/xgcc version 3.4 20030509 (experimental)

		=== libjava tests ===


Running target unix
WARNING: program timed out.
FAIL: SyncTest execution - gij test
FAIL: Thread_Interrupt output - gij test
FAIL: Thread_Interrupt -O output - source compiled test

		=== libjava Summary ===

# of expected passes		3015
# of unexpected failures	3
# of expected failures		16
# of untested testcases		13
		=== libstdc++-v3 tests ===


Running target unix
FAIL: 22_locale/codecvt/encoding/wchar_t/wrapped_locale.cc execution test
FAIL: 22_locale/codecvt/max_length/wchar_t/wrapped_locale.cc execution test
FAIL: 22_locale/collate/transform/char/2.cc execution test
FAIL: 22_locale/collate/transform/char/3.cc execution test
FAIL: 22_locale/collate/transform/char/wrapped_env.cc execution test
FAIL: 22_locale/collate/transform/char/wrapped_locale.cc execution test
FAIL: 22_locale/collate/transform/wchar_t/2.cc execution test
FAIL: 22_locale/collate/transform/wchar_t/3.cc execution test
FAIL: 22_locale/collate/transform/wchar_t/wrapped_env.cc execution test
FAIL: 22_locale/collate/transform/wchar_t/wrapped_locale.cc execution test
FAIL: 22_locale/collate_byname/1.cc execution test
FAIL: 22_locale/ctype/widen/wchar_t/2.cc execution test
FAIL: 25_algorithms/min_max.cc (test for excess errors)
XPASS: 26_numerics/c99_classification_macros_c.cc (test for excess errors)

		=== libstdc++-v3 Summary ===

# of expected passes		1771
# of unexpected failures	13
# of unexpected successes	1
# of expected failures		3

Compiler version: 3.4 20030509 (experimental) 
Platform: ia64-unknown-linux-gnu
configure flags: --enable-clocale=gnu --with-system-zlib --enable-shared --enable-threads=posix --enable-haifa --disable-checking --prefix=/usr/gcc-3.4 --with-local-prefix=/usr/local


Index Nav: [Date Index] [Subject Index] [Author Index] [Thread Index]
Message Nav: [Date Prev] [Date Next] [Thread Prev] [Thread Next]