This is the mail archive of the
gcc-testresults@gcc.gnu.org
mailing list for the GCC project.
Results for 3.3 20030509 (prerelease) testsuite on sparc-sun-solaris2.9
- From: Eric Botcazou <eric at localhost dot localdomain>
- To: gcc-testresults at gcc dot gnu dot org
- Date: Fri, 9 May 2003 15:28:38 +0200
- Subject: Results for 3.3 20030509 (prerelease) testsuite on sparc-sun-solaris2.9
LAST_UPDATED: Fri May 9 03:25:26 UTC 2003
Native configuration is sparc-sun-solaris2.9
=== g++ tests ===
Running target unix
ERROR: g++.dg/abi/rtti1.C: error executing dg-final: couldn't execute "c++filt": no such file or directory
UNRESOLVED: g++.dg/abi/rtti1.C: error executing dg-final: couldn't execute "c++filt": no such file or directory
FAIL: g++.other/decl5.C caused compiler crash
=== g++ Summary ===
# of expected passes 7918
# of unexpected failures 1
# of expected failures 94
# of unresolved testcases 1
# of untested testcases 21
# of unsupported tests 16
/opt/build/eric/gcc-3_3-branch/gcc/testsuite/../g++ version 3.3 20030509 (prerelease)
=== g77 tests ===
Running target unix
=== g77 Summary ===
# of expected passes 1686
# of unsupported tests 8
/opt/build/eric/gcc-3_3-branch/gcc/testsuite/../g77 version 3.3 20030509 (prerelease)
=== gcc tests ===
Running target unix
WARNING: gcc.dg/20021014-1.c compilation failed to produce executable
FAIL: gcc.dg/duff-2.c (test for excess errors)
=== gcc Summary ===
# of expected passes 20777
# of unexpected failures 1
# of expected failures 67
# of unsupported tests 161
/opt/build/eric/gcc-3_3-branch/gcc/xgcc version 3.3 20030509 (prerelease)
=== objc tests ===
Running target unix
=== objc Summary ===
# of expected passes 1153
/opt/build/eric/gcc-3_3-branch/gcc/xgcc version 3.3 20030509 (prerelease)
=== libstdc++-v3 tests ===
Running target unix
WARNING: program timed out.
FAIL: thread/pthread4.cc execution test
=== libstdc++-v3 Summary ===
# of expected passes 428
# of unexpected failures 1
# of expected failures 18
Compiler version: 3.3 20030509 (prerelease)
Platform: sparc-sun-solaris2.9
configure flags: --host=sparc-sun-solaris2.9 --prefix=/opt/TWWfsw/gcc33 --with-local-prefix=/opt/TWWfsw/gcc33 --enable-languages=c,c++,objc,f77 --enable-checking=misc,tree,rtlflag --disable-nls