This is the mail archive of the gcc-testresults@gcc.gnu.org mailing list for the GCC project.
Index Nav: | [Date Index] [Subject Index] [Author Index] [Thread Index] | |
---|---|---|
Message Nav: | [Date Prev] [Date Next] | [Thread Prev] [Thread Next] |
Other format: | [Raw text] |
LAST_UPDATED: Fri May 9 02:35:22 UTC 2003 Native configuration is powerpc-unknown-linux-gnu === g++ tests === Running target unix XPASS: g++.dg/other/packed1.C execution test === g++ Summary === # of expected passes 7923 # of unexpected successes 1 # of expected failures 97 # of untested testcases 23 # of unsupported tests 18 /usr/local/mirror/mmitchel/gcc_auto_build/gcc/powerpc-unknown-linux-gnu/gcc/testsuite/../g++ version 3.3 20030509 (prerelease) === g77 tests === Running target unix === g77 Summary === # of expected passes 1686 # of unsupported tests 8 /usr/local/mirror/mmitchel/gcc_auto_build/gcc/powerpc-unknown-linux-gnu/gcc/testsuite/../g77 version 3.3 20030509 (prerelease) === gcc tests === Running target unix FAIL: gcc.dg/20020103-1.c scan-assembler-not LC FAIL: gcc.dg/20020118-1.c execution test FAIL: gcc.dg/altivec-5.c (test for excess errors) FAIL: gcc.dg/duff-2.c (test for excess errors) === gcc Summary === # of expected passes 20804 # of unexpected failures 4 # of expected failures 67 # of unsupported tests 152 /usr/local/mirror/mmitchel/gcc_auto_build/gcc/powerpc-unknown-linux-gnu/gcc/xgcc version 3.3 20030509 (prerelease) === objc tests === Running target unix === objc Summary === # of expected passes 1153 /usr/local/mirror/mmitchel/gcc_auto_build/gcc/powerpc-unknown-linux-gnu/gcc/xgcc version 3.3 20030509 (prerelease) === libjava tests === Running target unix FAIL: Array_3 -O execution - source compiled test WARNING: program timed out. FAIL: SyncTest execution - gij test WARNING: program timed out. FAIL: SyncTest execution - gij test === libjava Summary === # of expected passes 2985 # of unexpected failures 3 # of expected failures 16 # of untested testcases 15 === libstdc++-v3 tests === Running target unix XPASS: 22_locale/collate_byname.cc execution test XPASS: 22_locale/collate_members_char.cc execution test XPASS: 22_locale/collate_members_wchar_t.cc execution test XPASS: 22_locale/ctype_is_char.cc execution test XPASS: 22_locale/ctype_is_wchar_t.cc execution test XPASS: 22_locale/members.cc execution test XPASS: 22_locale/messages_byname.cc execution test XPASS: 22_locale/messages_members_char.cc execution test XPASS: 22_locale/money_get_members_char.cc execution test XPASS: 22_locale/money_get_members_wchar_t.cc execution test XPASS: 22_locale/money_put_members_char.cc execution test XPASS: 22_locale/money_put_members_wchar_t.cc execution test XPASS: 22_locale/moneypunct_byname.cc execution test XPASS: 22_locale/moneypunct_members_char.cc execution test XPASS: 22_locale/moneypunct_members_wchar_t.cc execution test XPASS: 22_locale/num_get_members_char.cc execution test XPASS: 22_locale/num_get_members_wchar_t.cc execution test XPASS: 22_locale/num_put_members_char.cc execution test XPASS: 22_locale/num_put_members_wchar_t.cc execution test XPASS: 22_locale/numpunct_byname.cc execution test XPASS: 22_locale/numpunct_members_char.cc execution test XPASS: 22_locale/numpunct_members_wchar_t.cc execution test XPASS: 22_locale/time_get_members_char.cc execution test XPASS: 22_locale/time_get_members_wchar_t.cc execution test WARNING: program timed out. FAIL: thread/pthread4.cc execution test === libstdc++-v3 Summary === # of expected passes 452 # of unexpected failures 1 # of unexpected successes 24 # of expected failures 4 Compiler version: 3.3 20030509 (prerelease) Platform: powerpc-unknown-linux-gnu configure flags: --host=powerpc-unknown-linux-gnu --prefix=/usr/local/mirror/mmitchel/gcc_auto_build/install/powerpc-unknown-linux-gnu
Index Nav: | [Date Index] [Subject Index] [Author Index] [Thread Index] | |
---|---|---|
Message Nav: | [Date Prev] [Date Next] | [Thread Prev] [Thread Next] |