This is the mail archive of the
gcc-testresults@gcc.gnu.org
mailing list for the GCC project.
Results for 3.3 20030506 (Debian prerelease) testsuite on arm-unknown-linux-gnu
- From: Matthias Klose <doko at auric dot debian dot org>
- To: gcc-testresults at gcc dot gnu dot org
- Cc: debian-gcc at lists dot debian dot org
- Date: Thu, 08 May 2003 17:54:04 -0400
- Subject: Results for 3.3 20030506 (Debian prerelease) testsuite on arm-unknown-linux-gnu
- Reply-to: Matthias Klose <doko at debian dot org>
LAST_UPDATED: Tue May 6 04:44:29 UTC 2003
Native configuration is arm-unknown-linux-gnu
=== libjava tests ===
Running target unix
FAIL: calls run
WARNING: program timed out.
FAIL: cxxtest run
FAIL: field run
FAIL: final_method run
FAIL: findclass run
FAIL: invoke run
FAIL: martin run
FAIL: noclass run
FAIL: overload run
FAIL: register run
FAIL: simple_int run
FAIL: throwit run
FAIL: virtual run
FAIL: ArrayStore output - source compiled test
FAIL: ArrayStore -O output - source compiled test
FAIL: ArrayStore2 output - bytecode->native test
FAIL: ArrayStore2 -O output - bytecode->native test
FAIL: Array_1 output - source compiled test
FAIL: Array_1 output - bytecode->native test
FAIL: Array_1 -O output - source compiled test
FAIL: Array_1 -O output - bytecode->native test
FAIL: Array_2 output - source compiled test
FAIL: Array_2 output - bytecode->native test
FAIL: Array_2 -O output - source compiled test
FAIL: Array_2 -O output - bytecode->native test
FAIL: Array_3 output - source compiled test
FAIL: Array_3 output - bytecode->native test
FAIL: Array_3 -O output - source compiled test
FAIL: Array_3 -O output - bytecode->native test
FAIL: Class_1 output - source compiled test
FAIL: Class_1 output - bytecode->native test
FAIL: Class_1 -O output - source compiled test
FAIL: Class_1 -O output - bytecode->native test
FAIL: Divide_1 output - source compiled test
FAIL: Divide_1 output - bytecode->native test
FAIL: Divide_1 -O output - source compiled test
FAIL: Divide_1 -O output - bytecode->native test
FAIL: EvaluationOrder output - source compiled test
FAIL: EvaluationOrder output - bytecode->native test
FAIL: EvaluationOrder -O output - source compiled test
FAIL: EvaluationOrder -O output - bytecode->native test
FAIL: FileHandleGcTest output - source compiled test
FAIL: FileHandleGcTest output - bytecode->native test
FAIL: FileHandleGcTest -O output - source compiled test
FAIL: FileHandleGcTest -O output - bytecode->native test
FAIL: Final output - source compiled test
FAIL: Final output - bytecode->native test
FAIL: Final -O output - source compiled test
FAIL: Final -O output - bytecode->native test
FAIL: Float_1 output - source compiled test
FAIL: Float_1 output - bytecode->native test
FAIL: Float_1 -O output - source compiled test
FAIL: Float_1 -O output - bytecode->native test
FAIL: G19990301_01 output - source compiled test
FAIL: G19990301_01 output - bytecode->native test
FAIL: G19990301_01 -O output - source compiled test
FAIL: G19990301_01 -O output - bytecode->native test
FAIL: G19990302_02 output - source compiled test
FAIL: G19990302_02 output - bytecode->native test
FAIL: G19990302_02 -O output - source compiled test
FAIL: G19990302_02 -O output - bytecode->native test
FAIL: G19990303_01 output - source compiled test
FAIL: G19990303_01 output - bytecode->native test
FAIL: G19990303_01 -O output - source compiled test
FAIL: G19990303_01 -O output - bytecode->native test
FAIL: G19990303_02 output - source compiled test
FAIL: G19990303_02 output - bytecode->native test
FAIL: G19990303_02 -O output - source compiled test
FAIL: G19990303_02 -O output - bytecode->native test
FAIL: G19990304_01 output - source compiled test
FAIL: G19990304_01 output - bytecode->native test
FAIL: G19990304_01 -O output - source compiled test
FAIL: G19990304_01 -O output - bytecode->native test
FAIL: G19990310_01 output - source compiled test
FAIL: G19990310_01 output - bytecode->native test
FAIL: G19990310_01 -O output - source compiled test
FAIL: G19990310_01 -O output - bytecode->native test
FAIL: II output - source compiled test
FAIL: II output - bytecode->native test
FAIL: II -O output - source compiled test
FAIL: II -O output - bytecode->native test
FAIL: InterfaceDispatch output - source compiled test
FAIL: InterfaceDispatch output - bytecode->native test
FAIL: InterfaceDispatch -O output - source compiled test
FAIL: InterfaceDispatch -O output - bytecode->native test
FAIL: InvokeReturn output - source compiled test
FAIL: InvokeReturn output - bytecode->native test
FAIL: InvokeReturn -O output - source compiled test
FAIL: InvokeReturn -O output - bytecode->native test
FAIL: Invoke_1 output - source compiled test
FAIL: Invoke_1 output - bytecode->native test
FAIL: Invoke_1 -O output - source compiled test
FAIL: Invoke_1 -O output - bytecode->native test
FAIL: Invoke_2 output - source compiled test
FAIL: Invoke_2 output - bytecode->native test
FAIL: Invoke_2 -O output - source compiled test
FAIL: Invoke_2 -O output - bytecode->native test
FAIL: KeepInline output - source compiled test
FAIL: KeepInline output - bytecode->native test
FAIL: KeepInline -O output - source compiled test
FAIL: KeepInline -O output - bytecode->native test
FAIL: Matrix4f output - source compiled test
FAIL: Matrix4f output - bytecode->native test
FAIL: Matrix4f -O output - source compiled test
FAIL: Matrix4f -O output - bytecode->native test
FAIL: N19990310_02 output - source compiled test
FAIL: N19990310_02 output - bytecode->native test
FAIL: N19990310_02 -O output - source compiled test
FAIL: N19990310_02 -O output - bytecode->native test
FAIL: N19990310_3 output - source compiled test
FAIL: N19990310_3 output - bytecode->native test
FAIL: N19990310_3 -O output - source compiled test
FAIL: N19990310_3 -O output - bytecode->native test
FAIL: N19990310_4 output - source compiled test
FAIL: N19990310_4 output - bytecode->native test
FAIL: N19990310_4 -O output - source compiled test
FAIL: N19990310_4 -O output - bytecode->native test
FAIL: N19990310_5 output - source compiled test
FAIL: N19990310_5 output - bytecode->native test
FAIL: N19990310_5 -O output - source compiled test
FAIL: N19990310_5 -O output - bytecode->native test
FAIL: PR141 output - source compiled test
FAIL: PR141 output - bytecode->native test
FAIL: PR141 -O output - source compiled test
FAIL: PR141 -O output - bytecode->native test
FAIL: PR160 output - source compiled test
FAIL: PR160 output - bytecode->native test
FAIL: PR160 -O output - source compiled test
FAIL: PR160 -O output - bytecode->native test
FAIL: PR162 output - source compiled test
FAIL: PR162 output - bytecode->native test
FAIL: PR162 -O output - source compiled test
FAIL: PR162 -O output - bytecode->native test
FAIL: PR218 output - source compiled test
FAIL: PR218 output - bytecode->native test
FAIL: PR218 -O output - source compiled test
FAIL: PR218 -O output - bytecode->native test
FAIL: PR242 output - source compiled test
FAIL: PR242 output - bytecode->native test
FAIL: PR242 -O output - source compiled test
FAIL: PR242 -O output - bytecode->native test
FAIL: PR260 output - source compiled test
FAIL: PR260 output - bytecode->native test
FAIL: PR260 -O output - source compiled test
FAIL: PR260 -O output - bytecode->native test
FAIL: PR3096 output - source compiled test
FAIL: PR3096 output - bytecode->native test
FAIL: PR3096 -O output - source compiled test
FAIL: PR3096 -O output - bytecode->native test
FAIL: PR3731 output - source compiled test
FAIL: PR3731 output - bytecode->native test
FAIL: PR3731 -O output - source compiled test
FAIL: PR3731 -O output - bytecode->native test
FAIL: PR5057 output - source compiled test
FAIL: PR5057 output - bytecode->native test
FAIL: PR5057 -O output - source compiled test
FAIL: PR5057 -O output - bytecode->native test
FAIL: PR5057_2 output - source compiled test
FAIL: PR5057_2 output - bytecode->native test
FAIL: PR5057_2 -O output - source compiled test
FAIL: PR5057_2 -O output - bytecode->native test
FAIL: PR55 output - source compiled test
FAIL: PR55 output - bytecode->native test
FAIL: PR55 -O output - source compiled test
FAIL: PR55 -O output - bytecode->native test
FAIL: PR56 output - source compiled test
FAIL: PR56 output - bytecode->native test
FAIL: PR56 -O output - source compiled test
FAIL: PR56 -O output - bytecode->native test
FAIL: PR6085 output - source compiled test
FAIL: PR6085 output - bytecode->native test
FAIL: PR6085 -O output - source compiled test
FAIL: PR6085 -O output - bytecode->native test
FAIL: PR6204 output - source compiled test
FAIL: PR6204 output - bytecode->native test
FAIL: PR6204 -O output - source compiled test
FAIL: PR6204 -O output - bytecode->native test
FAIL: PR6729 output - source compiled test
FAIL: PR6729 output - bytecode->native test
FAIL: PR6729 -O output - source compiled test
FAIL: PR6729 -O output - bytecode->native test
FAIL: PR6820 output - source compiled test
FAIL: PR6820 output - bytecode->native test
FAIL: PR6820 -O output - source compiled test
FAIL: PR6820 -O output - bytecode->native test
FAIL: Shazam output - source compiled test
FAIL: Shazam output - bytecode->native test
FAIL: Shazam -O output - source compiled test
FAIL: Shazam -O output - bytecode->native test
FAIL: StaticConstructor output - source compiled test
FAIL: StaticConstructor output - bytecode->native test
FAIL: StaticConstructor -O output - source compiled test
FAIL: StaticConstructor -O output - bytecode->native test
FAIL: StringBuffer_1 output - source compiled test
FAIL: StringBuffer_1 output - bytecode->native test
FAIL: StringBuffer_1 -O output - source compiled test
FAIL: StringBuffer_1 -O output - bytecode->native test
FAIL: SyncGlobal output - source compiled test
FAIL: SyncGlobal output - bytecode->native test
FAIL: SyncGlobal -O output - source compiled test
FAIL: SyncGlobal -O output - bytecode->native test
FAIL: SyncTest output - source compiled test
WARNING: program timed out.
FAIL: SyncTest execution - bytecode->native test
FAIL: SyncTest -O output - source compiled test
WARNING: program timed out.
FAIL: SyncTest -O execution - bytecode->native test
FAIL: Synch output - source compiled test
FAIL: Synch output - bytecode->native test
FAIL: Synch -O output - source compiled test
FAIL: Synch -O output - bytecode->native test
FAIL: TLtest output - source compiled test
FAIL: TLtest output - bytecode->native test
FAIL: TLtest -O output - source compiled test
FAIL: TLtest -O output - bytecode->native test
FAIL: TestProxy execution - source compiled test
FAIL: TestProxy execution - bytecode->native test
FAIL: TestProxy -O execution - source compiled test
FAIL: TestProxy -O execution - bytecode->native test
FAIL: Thread_Alive output - source compiled test
FAIL: Thread_Alive output - bytecode->native test
FAIL: Thread_Alive -O output - source compiled test
FAIL: Thread_Alive -O output - bytecode->native test
FAIL: Thread_Interrupt output - source compiled test
FAIL: Thread_Interrupt output - bytecode->native test
FAIL: Thread_Interrupt -O output - source compiled test
FAIL: Thread_Interrupt -O output - bytecode->native test
FAIL: Thread_Join output - source compiled test
FAIL: Thread_Join output - bytecode->native test
FAIL: Thread_Join -O output - source compiled test
FAIL: Thread_Join -O output - bytecode->native test
FAIL: Thread_Monitor output - source compiled test
FAIL: Thread_Monitor output - bytecode->native test
FAIL: Thread_Monitor -O output - source compiled test
FAIL: Thread_Monitor -O output - bytecode->native test
FAIL: Thread_Sleep output - source compiled test
FAIL: Thread_Sleep output - bytecode->native test
FAIL: Thread_Sleep -O output - source compiled test
FAIL: Thread_Sleep -O output - bytecode->native test
FAIL: Thread_Wait output - source compiled test
FAIL: Thread_Wait output - bytecode->native test
FAIL: Thread_Wait -O output - source compiled test
FAIL: Thread_Wait -O output - bytecode->native test
FAIL: Thread_Wait_2 output - source compiled test
FAIL: Thread_Wait_2 output - bytecode->native test
FAIL: Thread_Wait_2 -O output - source compiled test
FAIL: Thread_Wait_2 -O output - bytecode->native test
FAIL: Thread_Wait_Interrupt output - source compiled test
FAIL: Thread_Wait_Interrupt output - bytecode->native test
FAIL: Thread_Wait_Interrupt -O output - source compiled test
FAIL: Thread_Wait_Interrupt -O output - bytecode->native test
FAIL: Throw_1 output - source compiled test
FAIL: Throw_1 output - bytecode->native test
FAIL: Throw_1 -O output - source compiled test
FAIL: Throw_1 -O output - bytecode->native test
FAIL: Throw_2 output - source compiled test
FAIL: Throw_2 output - bytecode->native test
FAIL: Throw_2 -O output - source compiled test
FAIL: Throw_2 -O output - bytecode->native test
FAIL: anfi output - source compiled test
FAIL: anfi output - bytecode->native test
FAIL: anfi -O output - source compiled test
FAIL: anfi -O output - bytecode->native test
FAIL: anon output - source compiled test
FAIL: anon output - bytecode->native test
FAIL: anon -O output - source compiled test
FAIL: anon -O output - bytecode->native test
FAIL: anon2 output - source compiled test
FAIL: anon2 output - bytecode->native test
FAIL: anon2 -O output - source compiled test
FAIL: anon2 -O output - bytecode->native test
FAIL: anon3 output - source compiled test
FAIL: anon3 output - bytecode->native test
FAIL: anon3 -O output - source compiled test
FAIL: anon3 -O output - bytecode->native test
FAIL: anon4 output - source compiled test
FAIL: anon4 output - bytecode->native test
FAIL: anon4 -O output - source compiled test
FAIL: anon4 -O output - bytecode->native test
FAIL: anon_ctor_itf_arg output - source compiled test
FAIL: anon_ctor_itf_arg output - bytecode->native test
FAIL: anon_ctor_itf_arg -O output - source compiled test
FAIL: anon_ctor_itf_arg -O output - bytecode->native test
FAIL: anonarray output - source compiled test
FAIL: anonarray output - bytecode->native test
FAIL: anonarray -O output - source compiled test
FAIL: anonarray -O output - bytecode->native test
FAIL: anonarray2 output - source compiled test
FAIL: anonarray2 output - bytecode->native test
FAIL: anonarray2 -O output - source compiled test
FAIL: anonarray2 -O output - bytecode->native test
FAIL: anonarray3 output - source compiled test
FAIL: anonarray3 output - bytecode->native test
FAIL: anonarray3 -O output - source compiled test
FAIL: anonarray3 -O output - bytecode->native test
FAIL: assign output - source compiled test
FAIL: assign output - bytecode->native test
FAIL: assign -O output - source compiled test
FAIL: assign -O output - bytecode->native test
FAIL: direct_read output - source compiled test
FAIL: direct_read output - bytecode->native test
FAIL: direct_read -O output - source compiled test
FAIL: direct_read -O output - bytecode->native test
FAIL: direct_write output - source compiled test
FAIL: direct_write output - bytecode->native test
FAIL: direct_write -O output - source compiled test
FAIL: direct_write -O output - bytecode->native test
FAIL: emptystring output - source compiled test
FAIL: emptystring output - bytecode->native test
FAIL: emptystring -O output - source compiled test
FAIL: emptystring -O output - bytecode->native test
FAIL: err1 output - source compiled test
FAIL: err1 output - bytecode->native test
FAIL: err1 -O output - source compiled test
FAIL: err1 -O output - bytecode->native test
FAIL: err10 output - source compiled test
FAIL: err10 output - bytecode->native test
FAIL: err10 -O output - source compiled test
FAIL: err10 -O output - bytecode->native test
FAIL: err11 output - source compiled test
FAIL: err11 output - bytecode->native test
FAIL: err11 -O output - source compiled test
FAIL: err11 -O output - bytecode->native test
FAIL: err12 output - source compiled test
FAIL: err12 output - bytecode->native test
FAIL: err12 -O output - source compiled test
FAIL: err12 -O output - bytecode->native test
FAIL: err13 output - source compiled test
FAIL: err13 output - bytecode->native test
FAIL: err13 -O output - source compiled test
FAIL: err13 -O output - bytecode->native test
FAIL: err2 output - source compiled test
FAIL: err2 output - bytecode->native test
FAIL: err2 -O output - source compiled test
FAIL: err2 -O output - bytecode->native test
FAIL: err3 output - source compiled test
FAIL: err3 output - bytecode->native test
FAIL: err3 -O output - source compiled test
FAIL: err3 -O output - bytecode->native test
FAIL: err4 output - source compiled test
FAIL: err4 output - bytecode->native test
FAIL: err4 -O output - source compiled test
FAIL: err4 -O output - bytecode->native test
FAIL: err5 output - source compiled test
FAIL: err5 output - bytecode->native test
FAIL: err5 -O output - source compiled test
FAIL: err5 -O output - bytecode->native test
FAIL: err6 output - source compiled test
FAIL: err6 output - bytecode->native test
FAIL: err6 -O output - source compiled test
FAIL: err6 -O output - bytecode->native test
FAIL: err7 output - source compiled test
FAIL: err7 output - bytecode->native test
FAIL: err7 -O output - source compiled test
FAIL: err7 -O output - bytecode->native test
FAIL: err8 output - source compiled test
FAIL: err8 output - bytecode->native test
FAIL: err8 -O output - source compiled test
FAIL: err8 -O output - bytecode->native test
FAIL: err9 output - source compiled test
FAIL: err9 output - bytecode->native test
FAIL: err9 -O output - source compiled test
FAIL: err9 -O output - bytecode->native test
FAIL: final_inner output - source compiled test
FAIL: final_inner output - bytecode->native test
FAIL: final_inner -O output - source compiled test
FAIL: final_inner -O output - bytecode->native test
FAIL: final_int output - source compiled test
FAIL: final_int output - bytecode->native test
FAIL: final_int -O output - source compiled test
FAIL: final_int -O output - bytecode->native test
FAIL: final_static_and_friend output - source compiled test
FAIL: final_static_and_friend output - bytecode->native test
FAIL: final_static_and_friend -O output - source compiled test
FAIL: final_static_and_friend -O output - bytecode->native test
FAIL: indirect output - source compiled test
FAIL: indirect output - bytecode->native test
FAIL: indirect -O output - source compiled test
FAIL: indirect -O output - bytecode->native test
FAIL: indirect_read output - source compiled test
FAIL: indirect_read output - bytecode->native test
FAIL: indirect_read -O output - source compiled test
FAIL: indirect_read -O output - bytecode->native test
FAIL: indirect_write output - source compiled test
FAIL: indirect_write output - bytecode->native test
FAIL: indirect_write -O output - source compiled test
FAIL: indirect_write -O output - bytecode->native test
FAIL: initexc output - source compiled test
FAIL: initexc output - bytecode->native test
FAIL: initexc -O output - source compiled test
FAIL: initexc -O output - bytecode->native test
FAIL: initfield output - source compiled test
FAIL: initfield output - bytecode->native test
FAIL: initfield -O output - source compiled test
FAIL: initfield -O output - bytecode->native test
FAIL: inline output - source compiled test
FAIL: inline output - bytecode->native test
FAIL: inline -O output - source compiled test
FAIL: inline -O output - bytecode->native test
FAIL: inner1 output - source compiled test
FAIL: inner1 output - bytecode->native test
FAIL: inner1 -O output - source compiled test
FAIL: inner1 -O output - bytecode->native test
FAIL: inner2 output - source compiled test
FAIL: inner2 output - bytecode->native test
FAIL: inner2 -O output - source compiled test
FAIL: inner2 -O output - bytecode->native test
FAIL: inner3 output - source compiled test
FAIL: inner3 output - bytecode->native test
FAIL: inner3 -O output - source compiled test
FAIL: inner3 -O output - bytecode->native test
FAIL: inner4 output - source compiled test
FAIL: inner4 output - bytecode->native test
FAIL: inner4 -O output - source compiled test
FAIL: inner4 -O output - bytecode->native test
FAIL: inner_array output - source compiled test
FAIL: inner_array output - bytecode->native test
FAIL: inner_array -O output - source compiled test
FAIL: inner_array -O output - bytecode->native test
FAIL: inner_interface output - source compiled test
FAIL: inner_interface output - bytecode->native test
FAIL: inner_interface -O output - source compiled test
FAIL: inner_interface -O output - bytecode->native test
FAIL: instance output - source compiled test
FAIL: instance output - bytecode->native test
FAIL: instance -O output - source compiled test
FAIL: instance -O output - bytecode->native test
FAIL: instinit output - source compiled test
FAIL: instinit output - bytecode->native test
FAIL: instinit -O output - source compiled test
FAIL: instinit -O output - bytecode->native test
FAIL: instinit2 output - source compiled test
FAIL: instinit2 output - bytecode->native test
FAIL: instinit2 -O output - source compiled test
FAIL: instinit2 -O output - bytecode->native test
FAIL: invoke_from_inner output - source compiled test
FAIL: invoke_from_inner output - bytecode->native test
FAIL: invoke_from_inner -O output - source compiled test
FAIL: invoke_from_inner -O output - bytecode->native test
FAIL: invokethrow output - source compiled test
FAIL: invokethrow output - bytecode->native test
FAIL: invokethrow -O output - source compiled test
FAIL: invokethrow -O output - bytecode->native test
FAIL: klass output - source compiled test
FAIL: klass output - bytecode->native test
FAIL: klass -O output - source compiled test
FAIL: klass -O output - bytecode->native test
FAIL: multiple_finit output - source compiled test
FAIL: multiple_finit output - bytecode->native test
FAIL: multiple_finit -O output - source compiled test
FAIL: multiple_finit -O output - bytecode->native test
FAIL: negzero output - source compiled test
FAIL: negzero output - bytecode->native test
FAIL: negzero -O output - source compiled test
FAIL: negzero -O output - bytecode->native test
FAIL: nested_with_ctor output - source compiled test
FAIL: nested_with_ctor output - bytecode->native test
FAIL: nested_with_ctor -O output - source compiled test
FAIL: nested_with_ctor -O output - bytecode->native test
FAIL: override output - source compiled test
FAIL: override output - bytecode->native test
FAIL: override -O output - source compiled test
FAIL: override -O output - bytecode->native test
FAIL: pr109 output - source compiled test
FAIL: pr109 output - bytecode->native test
FAIL: pr109 -O output - source compiled test
FAIL: pr109 -O output - bytecode->native test
FAIL: pr133 output - source compiled test
FAIL: pr133 output - bytecode->native test
FAIL: pr133 -O output - source compiled test
FAIL: pr133 -O output - bytecode->native test
FAIL: pr179 output - source compiled test
FAIL: pr179 output - bytecode->native test
FAIL: pr179 -O output - source compiled test
FAIL: pr179 -O output - bytecode->native test
FAIL: pr184 output - source compiled test
FAIL: pr184 output - bytecode->native test
FAIL: pr184 -O output - source compiled test
FAIL: pr184 -O output - bytecode->native test
FAIL: pr6388 output - source compiled test
FAIL: pr6388 output - bytecode->native test
FAIL: pr6388 -O output - source compiled test
FAIL: pr6388 -O output - bytecode->native test
FAIL: pr83 output - source compiled test
FAIL: pr83 output - bytecode->native test
FAIL: pr83 -O output - source compiled test
FAIL: pr83 -O output - bytecode->native test
FAIL: pr8415 output - source compiled test
FAIL: pr8415 output - bytecode->native test
FAIL: pr8415 -O output - source compiled test
FAIL: pr8415 -O output - bytecode->native test
FAIL: pr8676 output - source compiled test
FAIL: pr8676 output - bytecode->native test
FAIL: pr8676 -O output - source compiled test
FAIL: pr8676 -O output - bytecode->native test
FAIL: pr8823 output - source compiled test
FAIL: pr8823 -O output - source compiled test
FAIL: pr8945 output - source compiled test
FAIL: pr8945 output - bytecode->native test
FAIL: pr8945 -O output - source compiled test
FAIL: pr8945 -O output - bytecode->native test
FAIL: private_direct_read output - source compiled test
FAIL: private_direct_read output - bytecode->native test
FAIL: private_direct_read -O output - source compiled test
FAIL: private_direct_read -O output - bytecode->native test
FAIL: search_outer output - source compiled test
FAIL: search_outer output - bytecode->native test
FAIL: search_outer -O output - source compiled test
FAIL: search_outer -O output - bytecode->native test
FAIL: stringconst output - bytecode->native test
FAIL: stringconst -O output - bytecode->native test
FAIL: stringconst2 output - source compiled test
FAIL: stringconst2 output - bytecode->native test
FAIL: stringconst2 -O output - source compiled test
FAIL: stringconst2 -O output - bytecode->native test
FAIL: stub output - source compiled test
FAIL: stub output - bytecode->native test
FAIL: stub -O output - source compiled test
FAIL: stub -O output - bytecode->native test
FAIL: test_long output - source compiled test
FAIL: test_long output - bytecode->native test
FAIL: test_long -O output - source compiled test
FAIL: test_long -O output - bytecode->native test
FAIL: tmi output - source compiled test
FAIL: tmi output - bytecode->native test
FAIL: tmi -O output - source compiled test
FAIL: tmi -O output - bytecode->native test
FAIL: tp output - source compiled test
FAIL: tp output - bytecode->native test
FAIL: tp -O output - source compiled test
FAIL: tp -O output - bytecode->native test
FAIL: update_outer output - source compiled test
FAIL: update_outer output - bytecode->native test
FAIL: update_outer -O output - source compiled test
FAIL: update_outer -O output - bytecode->native test
FAIL: utf8concat output - source compiled test
FAIL: utf8concat output - bytecode->native test
FAIL: utf8concat -O output - source compiled test
FAIL: utf8concat -O output - bytecode->native test
FAIL: utilTest output - source compiled test
FAIL: utilTest output - bytecode->native test
FAIL: utilTest -O output - source compiled test
FAIL: utilTest -O output - bytecode->native test
FAIL: /build/buildd/gcc-3.3-3.3ds8/build/arm-linux/libjava/testsuite/TestEarlyGC.exe output - /build/buildd/gcc-3.3-3.3ds8/build/arm-linux/libjava/testsuite/TestEarlyGC.exe
FAIL: /build/buildd/gcc-3.3-3.3ds8/build/arm-linux/libjava/testsuite/TestLeak.exe execution - /build/buildd/gcc-3.3-3.3ds8/build/arm-linux/libjava/testsuite/TestLeak.exe
FAIL: /build/buildd/gcc-3.3-3.3ds8/build/arm-linux/libjava/testsuite/TestMultiple.exe execution - /build/buildd/gcc-3.3-3.3ds8/build/arm-linux/libjava/testsuite/TestMultiple.exe
FAIL: /build/buildd/gcc-3.3-3.3ds8/build/arm-linux/libjava/testsuite/TestParent.exe execution - /build/buildd/gcc-3.3-3.3ds8/build/arm-linux/libjava/testsuite/TestParent.exe
=== libjava Summary ===
# of expected passes 1883
# of unexpected failures 545
# of expected failures 16
# of untested testcases 34
=== libstdc++-v3 tests ===
Running target unix
XPASS: 22_locale/collate_byname.cc execution test
XPASS: 22_locale/collate_members_char.cc execution test
XPASS: 22_locale/collate_members_wchar_t.cc execution test
XPASS: 22_locale/ctype_is_char.cc execution test
XPASS: 22_locale/ctype_is_wchar_t.cc execution test
XPASS: 22_locale/members.cc execution test
XPASS: 22_locale/messages_byname.cc execution test
XPASS: 22_locale/messages_members_char.cc execution test
XPASS: 22_locale/moneypunct_byname.cc execution test
XPASS: 22_locale/moneypunct_members_char.cc execution test
XPASS: 22_locale/moneypunct_members_wchar_t.cc execution test
XPASS: 22_locale/numpunct_byname.cc execution test
XPASS: 22_locale/numpunct_members_char.cc execution test
XPASS: 22_locale/numpunct_members_wchar_t.cc execution test
WARNING: program timed out.
FAIL: thread/pthread2.cc execution test
WARNING: program timed out.
FAIL: thread/pthread3.cc execution test
WARNING: program timed out.
FAIL: thread/pthread5.cc execution test
WARNING: program timed out.
FAIL: thread/pthread6.cc execution test
=== libstdc++-v3 Summary ===
# of expected passes 449
# of unexpected failures 4
# of unexpected successes 14
# of expected failures 14
=== g++ tests ===
Running target unix
FAIL: g++.dg/abi/empty6.C (test for warnings, line 6)
FAIL: g++.dg/abi/vbase10.C (test for warnings, line 6)
XPASS: g++.dg/other/packed1.C execution test
FAIL: g++.dg/parse/crash2.C (test for errors, line 5)
FAIL: g++.dg/parse/crash2.C (test for excess errors)
FAIL: 258: expected branch percentages not found: 25
FAIL: g++.dg/gcov/gcov-1.C gcov: 0 failures in line counts, 1 in branch percentages, 0 in return percentages
XPASS: g++.other/init5.C Execution test
=== g++ Summary ===
# of expected passes 7918
# of unexpected failures 6
# of unexpected successes 2
# of expected failures 96
# of untested testcases 23
# of unsupported tests 18
/build/buildd/gcc-3.3-3.3ds8/build/gcc/testsuite/../g++ version 3.3 20030506 (Debian prerelease)
=== g77 tests ===
Running target unix
=== g77 Summary ===
# of expected passes 1686
# of unsupported tests 8
/build/buildd/gcc-3.3-3.3ds8/build/gcc/testsuite/../g77 version 3.3 20030506 (Debian prerelease)
=== gcc tests ===
Running target unix
XPASS: gcc.c-torture/execute/20020720-1.c compilation, -O1
XPASS: gcc.c-torture/execute/20020720-1.c compilation, -O2
XPASS: gcc.c-torture/execute/20020720-1.c compilation, -O3 -fomit-frame-pointer
XPASS: gcc.c-torture/execute/20020720-1.c compilation, -O3 -g
XPASS: gcc.c-torture/execute/20020720-1.c compilation, -Os
FAIL: gcc.dg/20021014-1.c execution test
FAIL: gcc.dg/duff-2.c (test for excess errors)
FAIL: gcc.dg/nest.c execution test
FAIL: gcc.dg/pack-test-1.c (test for excess errors)
FAIL: gcc.dg/pack-test-2.c (test for errors, line 7)
FAIL: gcc.dg/pack-test-2.c (test for errors, line 14)
FAIL: gcc.dg/pack-test-2.c (test for errors, line 19)
FAIL: gcc.dg/pack-test-2.c (test for excess errors)
FAIL: gcc.dg/uninit-C.c (test for excess errors)
FAIL: gcc.dg/unused-4.c (test for warnings, line 4)
FAIL: 209: expected branch percentages not found: 25
FAIL: gcc.misc-tests/gcov-4b.c gcov: 0 failures in line counts, 1 in branch percentages, 0 in return percentages
=== gcc Summary ===
# of expected passes 21187
# of unexpected failures 12
# of unexpected successes 5
# of expected failures 69
# of unsupported tests 171
/build/buildd/gcc-3.3-3.3ds8/build/gcc/xgcc version 3.3 20030506 (Debian prerelease)
=== objc tests ===
Running target unix
FAIL: objc.dg/naming-1.m (test for errors, line 20)
FAIL: objc.dg/naming-1.m (test for excess errors)
FAIL: objc.dg/naming-2.m (test for errors, line 7)
FAIL: objc.dg/naming-2.m (test for excess errors)
=== objc Summary ===
# of expected passes 1149
# of unexpected failures 4
/build/buildd/gcc-3.3-3.3ds8/build/gcc/xgcc version 3.3 20030506 (Debian prerelease)
=== treelang tests ===
Running target unix
=== treelang Summary ===
# of expected passes 1
Compiler version: 3.3 20030506 (Debian prerelease)
Platform: arm-unknown-linux-gnu
configure flags: --host=arm-linux -v --enable-languages=c,c++,java,f77,pascal,objc,treelang --prefix=/usr --mandir=/usr/share/man --infodir=/usr/share/info --with-gxx-include-dir=/usr/include/c++/3.3 --enable-shared --with-system-zlib --enable-nls --without-included-gettext --enable-__cxa_atexit --enable-clocale=gnu --enable-debug --enable-java-gc=boehm --enable-java-awt=xlib --enable-objc-gc
BOOT_CFLAGS=-g -O2
Build Dependencies:
Desired=Unknown/Install/Remove/Purge/Hold
| Status=Not/Installed/Config-files/Unpacked/Failed-config/Half-installed
|/ Err?=(none)/Hold/Reinst-required/X=both-problems (Status,Err: uppercase=bad)
||/ Name Version Description
+++-==============-==============-============================================
ii binutils 2.13.90.0.18-1 The GNU assembler, linker and binary utiliti
ii libc6-dev 2.3.1-17 GNU C Library: Development Libraries and Hea
Patches that Debian applied in this version:
gcc-names:
versioned gcc names
gcc-version:
Add "(Debian)" to the gcc version string
libstdc++-pic:
Build and install libstdc++_pic.a library.
libstdc++-doclink:
link local libstdc++ documentation to local source-level documentation
gccbug:
Use sensible-editor instead of vi as fallback editor
gccbug-manpage:
add gccbug(1) manpage
libtool-rpath:
2003-03-10 Andreas Schwab <schwab at suse dot de>
With the introduction of multi-os-directory the libdir specification in
*.la files have /. appended to \$(libdir). This confuses libtool when it
tries to find out whether to add -rpath, because it only matches literally
against sys_lib_dlsearch_path members. Tested on i386-linux.
gcj-debian-policy:
add /usr/share/java/repository to the classpath.
gcj-names:
versioned gcj info names
gcj-without-rpath:
don't define runtime link path for java binaries and libraries
libffi-install:
Allows libffi to be installed
libffi-no-debug:
Do not build libffi with debug information, although configuring
with --enable-debug
deb-protoize:
build protoize/unprotoize by default
libobjc:
Find gc.h header in /usr/include/gc for --enable-objc-gc enabled builds.
g77-names:
versioned g77 names
treelang-names:
Install treelang info pages under versioned name
gpc-3.x:
The gpc patch from the gpc tarball.
gpc-updates:
gpc-updates2:
gpc-updates3:
gpc-updates4:
gpc-version:
Update date in gpc version number
reporting:
<compiler> --help gives hint to /usr/share/doc/debian/bug-reporting.txt
autoreconf:
autoreconf several directories for proper mipsen libtool support
Counting all warnings,
there are 389 warnings in stage3 of this bootstrap.
Number of warnings per file:
225 SYSCALLS.c
45 gcc/gengtype-lex.c
12 gcc/treelang/lex.c
10 gcc/dwarf2out.c
6 gcc/p/util.c
6 gcc/p/lang-specs.h
5 op26601.c
5 gcc/treelang/parse.c
5 gcc/p/gpc.c
5 c-p20348.c
4 gcc/stor-layout.c
4 gcc/reload1.c
4 gcc/gcc.c
4 gcc/dbxout.c
4 ./intdoc.texi
3 gcc/unwind-sjlj.c
3 gcc/tlink.c
3 gcc/emit-rtl.c
2 gengtype-yacc.c
2 gcc/varasm.c
2 gcc/regclass.c
2 gcc/p/rts/endian.pas
2 gcc/p/predef.c
2 gcc/objc/lang-specs.h
2 gcc/function.c
2 gcc/flow.c
2 gcc/f/sta.c
2 gcc/cp/class.c
1 parse.y
1 gcc/unwind.inc
1 gcc/unwind-pe.h
1 gcc/reload.c
1 gcc/regmove.c
1 gcc/ra-colorize.c
1 gcc/p/rts/file.c
1 gcc/p/objects.c
1 gcc/p/lang.c
1 gcc/p/gpc-lex.c
1 gcc/p/gpc-decl.c
1 gcc/java/jvspec.c
1 gcc/java/jcf-write.c
1 gcc/java/jcf-parse.c
1 gcc/cp/typeck.c
1 gcc/collect2.c
Number of warning types:
224 function declaration isn't a prototype
52 traditional C rejects ISO C style function definitions
28 comparison between signed and unsigned
22 no previous prototype for `???'
11 string length `???' is greater than the length `???' ISO C89 compilers are required to support
6 traditional C rejects string concatenation
5 signed and unsigned type in conditional expression
5 comparison of unsigned expression < 0 is always false
4 unused parameter `???'
4 implicit declaration of function `???'
4 assignment makes pointer from integer without a cast
3 dereferencing type-punned pointer will break strict-aliasing rules
3 `???' might be used uninitialized in this function
2 unlikely character ) in @var.
2 unlikely character ( in @var.
2 statement with no effect
2 conflicting types for built-in function `???'
2 `???' defined but not used
2 `/*' within comment
1 unused variable `???'
1 traditional C ignores #define with the # indented
1 static declaration for `???' follows non-static
1 return makes integer from pointer without a cast
1 initialization makes pointer from integer without a cast
1 `return' with a value, in function returning void