This is the mail archive of the gcc-testresults@gcc.gnu.org mailing list for the GCC project.
Index Nav: | [Date Index] [Subject Index] [Author Index] [Thread Index] | |
---|---|---|
Message Nav: | [Date Prev] [Date Next] | [Thread Prev] [Thread Next] |
Other format: | [Raw text] |
LAST_UPDATED: Native configuration is i686-pc-cygwin === g++ tests === Running target unix FAIL: g++.dg/abi/bitfield3.C execution test FAIL: g++.dg/abi/rtti1.C scan-assembler-dem-not \\ntypeinfo for A[: \\t\\n] FAIL: g++.dg/ext/dllimport1.C (test for excess errors) FAIL: g++.dg/ext/instantiate3.C scan-assembler-not FAIL: g++.dg/opt/vt1.C scan-assembler-not section[^ FAIL: g++.dg/special/initp1.C execution test FAIL: g++.eh/badalloc1.C Execution test XPASS: g++.ext/attrib5.C Execution test XPASS: g++.jason/template18.C Execution test FAIL: g++.law/profile1.C (test for excess errors) FAIL: g++.pt/instantiate4.C (test for excess errors) FAIL: g++.pt/instantiate6.C (test for excess errors) FAIL: g++.pt/repo1.C (test for excess errors) FAIL: g++.pt/repo2.C (test for excess errors) FAIL: g++.pt/repo4.C (test for excess errors) === g++ Summary === # of expected passes 7953 # of unexpected failures 13 # of unexpected successes 2 # of expected failures 98 # of untested testcases 15 # of unsupported tests 3 /home/kcook34/obj/gcc/testsuite/../g++ version 3.3 20030506 (prerelease) === g77 tests === Running target unix === g77 Summary === # of expected passes 1702 /home/kcook34/obj/gcc/testsuite/../g77 version 3.3 20030506 (prerelease) === gcc tests === Running target unix FAIL: gcc.c-torture/execute/20010904-1.c execution, -O0 FAIL: gcc.c-torture/execute/20010904-1.c execution, -O1 FAIL: gcc.c-torture/execute/20010904-1.c execution, -O2 FAIL: gcc.c-torture/execute/20010904-1.c execution, -O3 -fomit-frame-pointer FAIL: gcc.c-torture/execute/20010904-1.c execution, -O3 -g FAIL: gcc.c-torture/execute/20010904-1.c execution, -Os FAIL: gcc.c-torture/execute/20010904-2.c execution, -O0 FAIL: gcc.c-torture/execute/20010904-2.c execution, -O1 FAIL: gcc.c-torture/execute/20010904-2.c execution, -O2 FAIL: gcc.c-torture/execute/20010904-2.c execution, -O3 -fomit-frame-pointer FAIL: gcc.c-torture/execute/20010904-2.c execution, -O3 -g FAIL: gcc.c-torture/execute/20010904-2.c execution, -Os FAIL: gcc.dg/20021014-1.c (test for excess errors) WARNING: gcc.dg/20021014-1.c compilation failed to produce executable FAIL: gcc.dg/duff-2.c (test for excess errors) FAIL: gcc.dg/i386-bitfield1.c execution test FAIL: gcc.dg/nest.c (test for excess errors) WARNING: gcc.dg/nest.c compilation failed to produce executable FAIL: gcc.dg/uninit-C.c (test for excess errors) FAIL: gcc.dg/unused-4.c (test for warnings, line 4) === gcc Summary === # of expected passes 21333 # of unexpected failures 18 # of expected failures 68 # of unsupported tests 89 /home/kcook34/obj/gcc/xgcc version 3.3 20030506 (prerelease) === objc tests === Running target unix === objc Summary === # of expected passes 1153 /home/kcook34/obj/gcc/xgcc version 3.3 20030506 (prerelease) === libstdc++-v3 tests === Running target unix FAIL: 23_containers/map_operators_neg.cc (test for excess errors) FAIL: 23_containers/set_operators_neg.cc (test for excess errors) FAIL: 26_numerics/c99_classification_macros_c.cc (test for excess errors) FAIL: 27_io/filebuf_members.cc execution test FAIL: 27_io/filebuf_virtuals.cc execution test FAIL: 27_io/istream_extractor_arith/12.cc execution test FAIL: 27_io/istream_seeks.cc execution test FAIL: ext/rope.cc (test for excess errors) WARNING: ext/rope.cc compilation failed to produce executable FAIL: thread/pthread1.cc (test for excess errors) WARNING: thread/pthread1.cc compilation failed to produce executable FAIL: thread/pthread2.cc (test for excess errors) WARNING: thread/pthread2.cc compilation failed to produce executable FAIL: thread/pthread3.cc (test for excess errors) WARNING: thread/pthread3.cc compilation failed to produce executable FAIL: thread/pthread4.cc (test for excess errors) WARNING: thread/pthread4.cc compilation failed to produce executable FAIL: thread/pthread5.cc (test for excess errors) WARNING: thread/pthread5.cc compilation failed to produce executable FAIL: thread/pthread6.cc (test for excess errors) WARNING: thread/pthread6.cc compilation failed to produce executable === libstdc++-v3 Summary === # of expected passes 409 # of unexpected failures 14 # of expected failures 17 Compiler version: 3.3 20030506 (prerelease) Platform: i686-pc-cygwin configure flags: --host=i686-pc-cygwin --enable-threads --disable-libgcj
Attachment:
smime.p7s
Description: S/MIME cryptographic signature
Index Nav: | [Date Index] [Subject Index] [Author Index] [Thread Index] | |
---|---|---|
Message Nav: | [Date Prev] [Date Next] | [Thread Prev] [Thread Next] |