This is the mail archive of the
gcc-testresults@gcc.gnu.org
mailing list for the GCC project.
Results for 3.3 20030506 (prerelease) testsuite on s390x-ibm-linux-gnu
- From: Ulrich Weigand <weigand at immd1 dot informatik dot uni-erlangen dot de>
- To: gcc-testresults at gcc dot gnu dot org
- Date: Wed, 7 May 2003 00:50:32 +0200 (MET DST)
- Subject: Results for 3.3 20030506 (prerelease) testsuite on s390x-ibm-linux-gnu
LAST_UPDATED:
Native configuration is s390x-ibm-linux-gnu
=== g++ tests ===
Running target unix
FAIL: g++.dg/compat/eh/ctor1 x_tst.o-y_tst.o execute
FAIL: g++.dg/compat/eh/ctor2 x_tst.o-y_tst.o execute
FAIL: g++.dg/compat/eh/dtor1 x_tst.o-y_tst.o execute
FAIL: g++.dg/compat/eh/filter1 x_tst.o-y_tst.o execute
FAIL: g++.dg/compat/eh/new1 x_tst.o-y_tst.o execute
FAIL: g++.dg/compat/eh/nrv1 x_tst.o-y_tst.o execute
FAIL: g++.dg/compat/eh/spec3 x_tst.o-y_tst.o execute
FAIL: g++.dg/compat/eh/template1 x_tst.o-y_tst.o execute
FAIL: g++.dg/compat/eh/unexpected1 x_tst.o-y_tst.o execute
FAIL: g++.dg/compat/init/array5 x_tst.o-y_tst.o execute
FAIL: g++.dg/abi/empty6.C (test for warnings, line 6)
FAIL: g++.dg/eh/ctor1.C execution test
FAIL: g++.dg/eh/ctor2.C execution test
FAIL: g++.dg/eh/dtor1.C execution test
FAIL: g++.dg/eh/filter1.C execution test
FAIL: g++.dg/eh/forced1.C execution test
FAIL: g++.dg/eh/loop1.C execution test
FAIL: g++.dg/eh/new1.C execution test
FAIL: g++.dg/eh/omit-frame-pointer.C execution test
FAIL: g++.dg/eh/registers1.C execution test
FAIL: g++.dg/eh/spec3.C execution test
FAIL: g++.dg/eh/template1.C execution test
FAIL: g++.dg/eh/unexpected1.C execution test
FAIL: g++.dg/init/array5.C execution test
FAIL: g++.dg/init/ctor1.C execution test
FAIL: g++.dg/tls/init-2.C (test for excess errors)
FAIL: g++.abi/cxa_vec.C Execution test
FAIL: g++.brendan/eh1.C Execution test
FAIL: g++.eh/badalloc1.C Execution test
FAIL: g++.eh/catch11.C Execution test
FAIL: g++.eh/catch12.C Execution test
FAIL: g++.eh/catch3.C Execution test
FAIL: g++.eh/catch3p.C Execution test
FAIL: g++.eh/catch4.C Execution test
FAIL: g++.eh/catch4p.C Execution test
FAIL: g++.eh/catch5.C Execution test
FAIL: g++.eh/catch5p.C Execution test
FAIL: g++.eh/catch6.C Execution test
FAIL: g++.eh/catch6p.C Execution test
FAIL: g++.eh/catch7.C Execution test
FAIL: g++.eh/catch7p.C Execution test
FAIL: g++.eh/catch8.C Execution test
FAIL: g++.eh/catch8p.C Execution test
FAIL: g++.eh/catch9.C Execution test
FAIL: g++.eh/catch9p.C Execution test
FAIL: g++.eh/catchptr1.C Execution test
FAIL: g++.eh/cleanup1.C Execution test
FAIL: g++.eh/fntry1.C Execution test
FAIL: g++.eh/inline2.C Execution test
FAIL: g++.eh/new1.C Execution test
FAIL: g++.eh/new2.C Execution test
FAIL: g++.eh/pdel1.C Execution test
FAIL: g++.eh/pdel2.C Execution test
FAIL: g++.eh/ptr1.C Execution test
FAIL: g++.eh/ptrmem1.C Execution test
FAIL: g++.eh/rethrow1.C Execution test
FAIL: g++.eh/rethrow2.C Execution test
FAIL: g++.eh/rethrow3.C Execution test
FAIL: g++.eh/rethrow4.C Execution test
FAIL: g++.eh/rethrow5.C Execution test
FAIL: g++.eh/rethrow6.C Execution test
FAIL: g++.eh/spec1.C Execution test
FAIL: g++.eh/spec2.C Execution test
FAIL: g++.eh/spec3.C Execution test
FAIL: g++.eh/tmpl1.C Execution test
FAIL: g++.eh/unwind1.C Execution test
FAIL: g++.eh/vbase1.C Execution test
FAIL: g++.eh/vbase2.C Execution test
FAIL: g++.eh/vbase4.C Execution test
FAIL: g++.martin/new1.C Execution test
FAIL: g++.mike/eh10.C Execution test
FAIL: g++.mike/eh12.C Execution test
FAIL: g++.mike/eh14.C Execution test
FAIL: g++.mike/eh16.C Execution test
FAIL: g++.mike/eh17.C Execution test
FAIL: g++.mike/eh18.C Execution test
FAIL: g++.mike/eh2.C Execution test
FAIL: g++.mike/eh21.C Execution test
FAIL: g++.mike/eh24.C Execution test
FAIL: g++.mike/eh25.C Execution test
FAIL: g++.mike/eh26.C Execution test
FAIL: g++.mike/eh27.C Execution test
FAIL: g++.mike/eh28.C Execution test
FAIL: g++.mike/eh29.C Execution test
FAIL: g++.mike/eh3.C Execution test
FAIL: g++.mike/eh31.C Execution test
FAIL: g++.mike/eh33.C Execution test
FAIL: g++.mike/eh34.C Execution test
FAIL: g++.mike/eh35.C Execution test
FAIL: g++.mike/eh36.C Execution test
FAIL: g++.mike/eh37.C Execution test
FAIL: g++.mike/eh38.C Execution test
FAIL: g++.mike/eh39.C Execution test
FAIL: g++.mike/eh40.C Execution test
FAIL: g++.mike/eh44.C Execution test
FAIL: g++.mike/eh47.C Execution test
FAIL: g++.mike/eh48.C Execution test
FAIL: g++.mike/eh49.C Execution test
FAIL: g++.mike/eh5.C Execution test
FAIL: g++.mike/eh50.C Execution test
FAIL: g++.mike/eh51.C Execution test
FAIL: g++.mike/eh8.C Execution test
FAIL: g++.mike/p7912.C Execution test
FAIL: g++.mike/p9706.C Execution test
FAIL: g++.oliva/delete3.C Execution test
FAIL: g++.oliva/new1.C Execution test
FAIL: g++.other/array1.C Execution test
FAIL: g++.other/eh3.C Execution test
XPASS: g++.other/init5.C Execution test
FAIL: g++.other/init7.C Execution test
FAIL: g++.other/new7.C Execution test
FAIL: g++.other/singleton.C Execution test
FAIL: g++.other/vbase2.C Execution test
FAIL: g++.pt/fntry1.C Execution test
FAIL: g++.robertl/eb31.C Execution test
FAIL: g++.robertl/eb50.C Execution test
FAIL: g++.robertl/eb88.C Execution test
FAIL: g++.robertl/eh990323-1.C Execution test
FAIL: g++.robertl/eh990323-5.C Execution test
FAIL: g++.robertl/ice990323-2.C Execution test
=== g++ Summary ===
# of expected passes 7829
# of unexpected failures 119
# of unexpected successes 1
# of expected failures 96
# of untested testcases 23
# of unsupported tests 17
/mnt/dasdc1/weigand/fsf/gcc-3.3-build/gcc/testsuite/../g++ version 3.3 20030506 (prerelease)
=== g77 tests ===
Running target unix
=== g77 Summary ===
# of expected passes 1686
# of unsupported tests 8
/mnt/dasdc1/weigand/fsf/gcc-3.3-build/gcc/testsuite/../g77 version 3.3 20030506 (prerelease)
=== gcc tests ===
Running target unix
FAIL: gcc.dg/duff-2.c (test for excess errors)
FAIL: gcc.dg/unused-4.c (test for warnings, line 4)
=== gcc Summary ===
# of expected passes 20792
# of unexpected failures 2
# of expected failures 70
# of unsupported tests 169
/mnt/dasdc1/weigand/fsf/gcc-3.3-build/gcc/xgcc version 3.3 20030506 (prerelease)
=== objc tests ===
Running target unix
=== objc Summary ===
# of expected passes 1153
/mnt/dasdc1/weigand/fsf/gcc-3.3-build/gcc/xgcc version 3.3 20030506 (prerelease)
=== libjava tests ===
Running target unix
FAIL: noclass run
FAIL: ArrayStore execution - gij test
FAIL: ArrayStore -O execution - source compiled test
FAIL: ArrayStore execution - gij test
FAIL: ArrayStore -O execution - bytecode->native test
FAIL: Array_3 execution - source compiled test
FAIL: Array_3 execution - gij test
FAIL: Array_3 execution - bytecode->native test
FAIL: Array_3 -O execution - source compiled test
FAIL: Array_3 execution - gij test
FAIL: Array_3 -O execution - bytecode->native test
FAIL: Divide_1 execution - source compiled test
FAIL: Divide_1 execution - gij test
FAIL: Divide_1 execution - bytecode->native test
FAIL: Divide_1 -O execution - source compiled test
FAIL: Divide_1 execution - gij test
FAIL: Divide_1 -O execution - bytecode->native test
FAIL: FileHandleGcTest execution - source compiled test
FAIL: FileHandleGcTest execution - gij test
FAIL: FileHandleGcTest execution - bytecode->native test
FAIL: FileHandleGcTest -O execution - source compiled test
FAIL: FileHandleGcTest execution - gij test
FAIL: FileHandleGcTest -O execution - bytecode->native test
FAIL: Final execution - gij test
FAIL: Final execution - gij test
FAIL: G19990303_02 execution - source compiled test
FAIL: G19990303_02 execution - bytecode->native test
FAIL: G19990303_02 -O execution - source compiled test
FAIL: G19990303_02 -O execution - bytecode->native test
FAIL: InterfaceDispatch execution - gij test
FAIL: InterfaceDispatch execution - gij test
FAIL: Invoke_1 execution - source compiled test
FAIL: Invoke_1 execution - gij test
FAIL: Invoke_1 execution - bytecode->native test
FAIL: Invoke_1 -O execution - source compiled test
FAIL: Invoke_1 execution - gij test
FAIL: Invoke_1 -O execution - bytecode->native test
FAIL: PR141 execution - source compiled test
FAIL: PR141 execution - gij test
FAIL: PR141 execution - bytecode->native test
FAIL: PR141 -O execution - source compiled test
FAIL: PR141 execution - gij test
FAIL: PR141 -O execution - bytecode->native test
FAIL: PR218 execution - source compiled test
FAIL: PR218 execution - gij test
FAIL: PR218 execution - bytecode->native test
FAIL: PR218 -O execution - source compiled test
FAIL: PR218 execution - gij test
FAIL: PR218 -O execution - bytecode->native test
FAIL: StringBuffer_1 execution - source compiled test
FAIL: StringBuffer_1 execution - gij test
FAIL: StringBuffer_1 execution - bytecode->native test
FAIL: StringBuffer_1 -O execution - source compiled test
FAIL: StringBuffer_1 execution - gij test
FAIL: StringBuffer_1 -O execution - bytecode->native test
FAIL: Thread_Alive execution - source compiled test
FAIL: Thread_Alive execution - gij test
FAIL: Thread_Alive execution - bytecode->native test
FAIL: Thread_Alive -O execution - source compiled test
FAIL: Thread_Alive execution - gij test
FAIL: Thread_Alive -O execution - bytecode->native test
FAIL: Thread_Interrupt execution - source compiled test
FAIL: Thread_Interrupt execution - gij test
FAIL: Thread_Interrupt execution - bytecode->native test
FAIL: Thread_Interrupt -O execution - source compiled test
FAIL: Thread_Interrupt execution - gij test
FAIL: Thread_Interrupt -O execution - bytecode->native test
FAIL: Thread_Wait_2 execution - source compiled test
FAIL: Thread_Wait_2 execution - gij test
FAIL: Thread_Wait_2 execution - bytecode->native test
FAIL: Thread_Wait_2 -O execution - source compiled test
FAIL: Thread_Wait_2 execution - gij test
FAIL: Thread_Wait_2 -O execution - bytecode->native test
FAIL: Thread_Wait_Interrupt execution - source compiled test
FAIL: Thread_Wait_Interrupt execution - gij test
FAIL: Thread_Wait_Interrupt execution - bytecode->native test
FAIL: Thread_Wait_Interrupt -O execution - source compiled test
FAIL: Thread_Wait_Interrupt execution - gij test
FAIL: Thread_Wait_Interrupt -O execution - bytecode->native test
FAIL: Throw_1 execution - source compiled test
FAIL: Throw_1 execution - gij test
FAIL: Throw_1 execution - bytecode->native test
FAIL: Throw_1 -O execution - source compiled test
FAIL: Throw_1 execution - gij test
FAIL: Throw_1 -O execution - bytecode->native test
FAIL: Throw_2 execution - source compiled test
FAIL: Throw_2 execution - gij test
FAIL: Throw_2 execution - bytecode->native test
FAIL: Throw_2 -O execution - source compiled test
FAIL: Throw_2 execution - gij test
FAIL: Throw_2 -O execution - bytecode->native test
FAIL: initexc execution - gij test
FAIL: initexc execution - bytecode->native test
FAIL: initexc execution - gij test
FAIL: instinit2 execution - source compiled test
FAIL: instinit2 execution - gij test
FAIL: instinit2 execution - bytecode->native test
FAIL: instinit2 -O execution - source compiled test
FAIL: instinit2 execution - gij test
FAIL: instinit2 -O execution - bytecode->native test
FAIL: invokethrow execution - source compiled test
FAIL: invokethrow execution - gij test
FAIL: invokethrow execution - bytecode->native test
FAIL: invokethrow -O execution - source compiled test
FAIL: invokethrow execution - gij test
FAIL: invokethrow -O execution - bytecode->native test
FAIL: pr184 execution - gij test
FAIL: pr184 execution - gij test
FAIL: pr83 execution - gij test
FAIL: pr83 execution - gij test
=== libjava Summary ===
# of expected passes 2755
# of unexpected failures 110
# of expected failures 15
# of untested testcases 122
=== libstdc++-v3 tests ===
Running target unix
FAIL: 19_diagnostics/stdexceptions.cc execution test
FAIL: 20_util/allocator_members.cc execution test
FAIL: 21_strings/append.cc execution test
FAIL: 21_strings/ctor_copy_dtor.cc execution test
FAIL: 21_strings/element_access.cc execution test
FAIL: 21_strings/insert.cc execution test
FAIL: 21_strings/substr.cc execution test
XPASS: 22_locale/collate_byname.cc execution test
XPASS: 22_locale/collate_members_char.cc execution test
XPASS: 22_locale/collate_members_wchar_t.cc execution test
FAIL: 22_locale/ctor_copy_dtor.cc execution test
XPASS: 22_locale/ctype_is_char.cc execution test
XPASS: 22_locale/ctype_is_wchar_t.cc execution test
XPASS: 22_locale/members.cc execution test
XPASS: 22_locale/messages_byname.cc execution test
XPASS: 22_locale/messages_members_char.cc execution test
XPASS: 22_locale/money_get_members_char.cc execution test
XPASS: 22_locale/money_get_members_wchar_t.cc execution test
XPASS: 22_locale/money_put_members_char.cc execution test
XPASS: 22_locale/money_put_members_wchar_t.cc execution test
XPASS: 22_locale/moneypunct_byname.cc execution test
XPASS: 22_locale/moneypunct_members_char.cc execution test
XPASS: 22_locale/moneypunct_members_wchar_t.cc execution test
XPASS: 22_locale/num_get_members_char.cc execution test
XPASS: 22_locale/num_get_members_wchar_t.cc execution test
XPASS: 22_locale/num_put_members_char.cc execution test
XPASS: 22_locale/num_put_members_wchar_t.cc execution test
XPASS: 22_locale/numpunct_byname.cc execution test
XPASS: 22_locale/numpunct_members_char.cc execution test
XPASS: 22_locale/numpunct_members_wchar_t.cc execution test
XPASS: 22_locale/time_get_members_char.cc execution test
XPASS: 22_locale/time_get_members_wchar_t.cc execution test
XPASS: 22_locale/time_put_members_char.cc execution test
XPASS: 22_locale/time_put_members_wchar_t.cc execution test
FAIL: 23_containers/bitset_ctor.cc execution test
FAIL: 23_containers/bitset_members.cc execution test
FAIL: 23_containers/deque_ctor.cc execution test
FAIL: 23_containers/list_modifiers.cc execution test
FAIL: 23_containers/vector_capacity.cc execution test
FAIL: 23_containers/vector_ctor.cc execution test
FAIL: 23_containers/vector_element_access.cc execution test
WARNING: program timed out.
FAIL: 23_containers/vector_resize.cc execution test
FAIL: 27_io/ios_base_storage.cc execution test
FAIL: 27_io/ios_init.cc execution test
FAIL: 27_io/ios_members.cc execution test
FAIL: 27_io/istream_exception.cc execution test
FAIL: 27_io/ostream_exception.cc execution test
=== libstdc++-v3 Summary ===
# of expected passes 432
# of unexpected failures 21
# of unexpected successes 26
# of expected failures 2
Compiler version: 3.3 20030506 (prerelease)
Platform: s390x-ibm-linux-gnu
configure flags: --host=s390x-ibm-linux --enable-__cxa_atexit --prefix=/home/weigand/fsf/gcc-3.3-install --disable-multilib