This is the mail archive of the
gcc-testresults@gcc.gnu.org
mailing list for the GCC project.
Results for 3.3 20030506 (prerelease) testsuite on sparc-sun-solaris2.7
- From: Eric Botcazou <eric at localhost dot localdomain>
- To: gcc-testresults at gcc dot gnu dot org
- Date: Tue, 6 May 2003 13:22:55 +0200
- Subject: Results for 3.3 20030506 (prerelease) testsuite on sparc-sun-solaris2.7
LAST_UPDATED: Tue May 6 03:20:22 GMT 2003
Native configuration is sparc-sun-solaris2.7
=== g++ tests ===
Running target unix
ERROR: g++.dg/abi/rtti1.C: error executing dg-final: couldn't execute "c++filt": no such file or directory
UNRESOLVED: g++.dg/abi/rtti1.C: error executing dg-final: couldn't execute "c++filt": no such file or directory
FAIL: g++.other/decl5.C caused compiler crash
=== g++ Summary ===
# of expected passes 7918
# of unexpected failures 1
# of expected failures 94
# of unresolved testcases 1
# of untested testcases 21
# of unsupported tests 16
/opt/build/eric/gcc-3_3-branch/gcc/testsuite/../g++ version 3.3 20030506 (prerelease)
=== g77 tests ===
Running target unix
=== g77 Summary ===
# of expected passes 1686
# of unsupported tests 8
/opt/build/eric/gcc-3_3-branch/gcc/testsuite/../g77 version 3.3 20030506 (prerelease)
=== gcc tests ===
Running target unix
WARNING: program timed out.
FAIL: gcc.c-torture/compile/20001226-1.c, -O3 -g
WARNING: gcc.dg/20021014-1.c compilation failed to produce executable
FAIL: gcc.dg/duff-2.c (test for excess errors)
FAIL: gcc.dg/unused-4.c (test for warnings, line 4)
=== gcc Summary ===
# of expected passes 20776
# of unexpected failures 3
# of expected failures 67
# of unsupported tests 161
/opt/build/eric/gcc-3_3-branch/gcc/xgcc version 3.3 20030506 (prerelease)
=== objc tests ===
Running target unix
=== objc Summary ===
# of expected passes 1153
/opt/build/eric/gcc-3_3-branch/gcc/xgcc version 3.3 20030506 (prerelease)
=== libstdc++-v3 tests ===
Running target unix
WARNING: program timed out.
FAIL: thread/pthread4.cc execution test
=== libstdc++-v3 Summary ===
# of expected passes 428
# of unexpected failures 1
# of expected failures 18
Compiler version: 3.3 20030506 (prerelease)
Platform: sparc-sun-solaris2.7
configure flags: --host=sparc-sun-solaris2.7 --prefix=/opt/TWWfsw/gcc33 --with-local-prefix=/opt/TWWfsw/gcc33 --enable-languages=c,c++,objc,f77 --enable-checking=misc,tree,rtlflag --disable-nls