This is the mail archive of the
gcc-testresults@gcc.gnu.org
mailing list for the GCC project.
Results for 3.3 20030505 (prerelease) testsuite on sparc-sun-solaris2.8
- From: Brad Lucier <lucier at math dot purdue dot edu>
- To: gcc-testresults at gcc dot gnu dot org
- Date: Mon, 5 May 2003 07:42:35 -0500 (EST)
- Subject: Results for 3.3 20030505 (prerelease) testsuite on sparc-sun-solaris2.8
LAST_UPDATED: Mon May 5 04:20:09 UTC 2003
Native configuration is sparc-sun-solaris2.8
=== g++ tests ===
Running target unix
=== g++ Summary ===
# of expected passes 7927
# of expected failures 100
# of untested testcases 21
# of unsupported tests 16
/export/mdd0/users/lucier/programs/gcc/gcc-3.3/objdir-sparc/gcc/testsuite/../g++ version 3.3 20030505 (prerelease)
=== g77 tests ===
Running target unix
=== g77 Summary ===
# of expected passes 1686
# of unsupported tests 8
/export/mdd0/users/lucier/programs/gcc/gcc-3.3/objdir-sparc/gcc/testsuite/../g77 version 3.3 20030505 (prerelease)
=== gcc tests ===
Running target unix
WARNING: gcc.dg/20021014-1.c compilation failed to produce executable
FAIL: gcc.dg/duff-2.c (test for excess errors)
=== gcc Summary ===
# of expected passes 20778
# of unexpected failures 1
# of expected failures 67
# of unsupported tests 161
/export/mdd0/users/lucier/programs/gcc/gcc-3.3/objdir-sparc/gcc/xgcc version 3.3 20030505 (prerelease)
=== objc tests ===
Running target unix
=== objc Summary ===
# of expected passes 1153
/export/mdd0/users/lucier/programs/gcc/gcc-3.3/objdir-sparc/gcc/xgcc version 3.3 20030505 (prerelease)
=== libjava tests ===
Running target unix
FAIL: Array_3 execution - gij test
FAIL: Array_3 execution - gij test
FAIL: FileHandleGcTest execution - source compiled test
FAIL: FileHandleGcTest execution - bytecode->native test
FAIL: FileHandleGcTest -O execution - source compiled test
FAIL: FileHandleGcTest -O execution - bytecode->native test
FAIL: SyncTest execution - gij test
FAIL: TLtest execution - gij test
FAIL: TLtest execution - gij test
FAIL: Thread_Join execution - gij test
FAIL: Thread_Monitor execution - gij test
FAIL: Thread_Monitor execution - gij test
FAIL: Thread_Wait_Interrupt execution - gij test
FAIL: Throw_2 execution - source compiled test
FAIL: Throw_2 execution - gij test
FAIL: Throw_2 execution - bytecode->native test
FAIL: Throw_2 -O execution - source compiled test
FAIL: Throw_2 execution - gij test
FAIL: Throw_2 -O execution - bytecode->native test
=== libjava Summary ===
# of expected passes 2935
# of unexpected failures 19
# of expected failures 16
# of untested testcases 31
=== libstdc++-v3 tests ===
Running target unix
=== libstdc++-v3 Summary ===
# of expected passes 429
# of expected failures 18
Compiler version: 3.3 20030505 (prerelease)
Platform: sparc-sun-solaris2.8
configure flags: --host=sparc-sun-solaris2.8
Counting all warnings,
there are 19 warnings in stage3 of this bootstrap.
Number of warnings per file:
4 gcc/unwind-dw2.c
3 gcc/gcc.c
2 gcc/unwind.inc
2 gcc/libgcc2.c
2 gcc/f/sta.c
2 /pkgs/gnu/share/bison.simple
1 gcc/objc/lang-specs.h
1 gcc/java/jvspec.c
1 gcc/cp/typeck.c
1 gcc/config/sparc/sparc.c
Number of warning types:
4 string length \`???' is greater than the length \`???' ISO C89 compilers are required to support
2 missing braces around initializer
2 implicit declaration of function \`???'
2 dereferencing type-punned pointer will break strict-aliasing rules
2 comparison between signed and unsigned
2 \`return' with a value, in function returning void
2 (near initialization for \`???')
1 unused parameter \`???'
1 traditional C rejects string concatenation
1 \`???' might be used uninitialized in this function