This is the mail archive of the
gcc-testresults@gcc.gnu.org
mailing list for the GCC project.
Results for 3.5-tree-ssa 20030406 (experimental) testsuite on i686-suse-linux-gnu
- From: Andreas Jaeger <aj at suse dot de>
- To: gcc-testresults at gcc dot gnu dot org
- Date: Mon, 5 May 2003 02:30:23 UT
- Subject: Results for 3.5-tree-ssa 20030406 (experimental) testsuite on i686-suse-linux-gnu
Bootstrap and regtesting on i686-suse-linux-gnu.
CVS sources: branch: tree-ssa-20020619-branch.
LAST_UPDATED: Sun May 4 11:08:16 UTC 2003
Native configuration is i686-suse-linux-gnu
=== g++ tests ===
Running target unix
FAIL: g++.dg/eh/cond1.C (test for excess errors)
WARNING: g++.dg/eh/cond1.C compilation failed to produce executable
FAIL: g++.dg/eh/simd-2.C (test for excess errors)
WARNING: g++.dg/eh/simd-2.C compilation failed to produce executable
FAIL: 213: expected branch percentages not found: 11
FAIL: 258: expected branch percentages not found: 20 25
FAIL: g++.dg/gcov/gcov-1.C gcov: 0 failures in line counts, 2 in branch percentages, 0 in return percentages
FAIL: pch/system-1.C -g assembly comparison
FAIL: pch/system-1.C -O2 -g assembly comparison
FAIL: pch/system-2.C -g assembly comparison
FAIL: pch/system-2.C -O2 -g assembly comparison
XPASS: g++.other/init5.C Execution test
FAIL: g++.other/vaarg3.C promote (test for errors, line 23)
FAIL: g++.other/vaarg3.C promote (test for errors, line 26)
=== g++ Summary ===
# of expected passes 8494
# of unexpected failures 11
# of unexpected successes 1
# of expected failures 68
# of untested testcases 9
# of unsupported tests 3
/builds/gcc/misc/gcc/testsuite/../g++ version 3.5-tree-ssa 20030406 (experimental)
=== g77 tests ===
Running target unix
FAIL: g77.f-torture/execute/980520-1.f compilation, -O0
FAIL: g77.f-torture/execute/f90-intrinsic-bit.f execution, -O3 -fomit-frame-pointer -funroll-all-loops -finline-functions
=== g77 Summary ===
# of expected passes 1693
# of unexpected failures 2
# of untested testcases 1
/builds/gcc/misc/gcc/testsuite/../g77 version 3.5-tree-ssa 20030406 (experimental)
=== gcc tests ===
Running target unix
FAIL: gcc.c-torture/execute/20000603-1.c execution, -O3 -fomit-frame-pointer
FAIL: gcc.c-torture/execute/20000603-1.c execution, -O3 -g
FAIL: gcc.dg/20020304-1.c (test for excess errors)
FAIL: gcc.dg/20030331-2.c (test for excess errors)
FAIL: gcc.dg/Wunreachable-3.c (test for warnings, line 9)
FAIL: gcc.dg/old-style-asm-1.c scan-assembler L(:|\\\$0*)?2
FAIL: gcc.dg/typespec-1.c unsigned long long int signed (test for errors, line 935)
FAIL: gcc.dg/typespec-1.c unsigned long long int unsigned (test for errors, line 936)
FAIL: gcc.dg/typespec-1.c unsigned long long int _Bool (test for errors, line 937)
XPASS: gcc.dg/uninit-4.c uninitialized variable warning (test for bogus messages, line 26)
XPASS: gcc.dg/uninit-5.c uninitialized variable warning (test for bogus messages, line 13)
XPASS: gcc.dg/uninit-5.c uninitialized variable warning (test for bogus messages, line 27)
XPASS: gcc.dg/uninit-8.c uninitialized variable warning (test for bogus messages, line 14)
FAIL: gcc.dg/uninit-C.c (test for excess errors)
FAIL: gcc.dg/warn-1.c (test for warnings, line 8)
FAIL: gcc.dg/warn-1.c (test for warnings, line 15)
FAIL: pch/static-1.c -O0 -g assembly comparison
FAIL: pch/static-2.c -O0 -g assembly comparison
FAIL: pch/static-3.c -O0 -g assembly comparison
FAIL: pch/static-3.c -O2 assembly comparison
FAIL: 218:is -:should be 5
FAIL: gcc.misc-tests/gcov-4.c gcov: 1 failures in line counts, 0 in branch percentages, 0 in return percentages
FAIL: 165: expected branch percentages not found: 11
FAIL: 209: expected branch percentages not found: 20 25
FAIL: gcc.misc-tests/gcov-4b.c gcov: 0 failures in line counts, 2 in branch percentages, 0 in return percentages
=== gcc Summary ===
# of expected passes 22025
# of unexpected failures 21
# of unexpected successes 4
# of expected failures 66
# of unsupported tests 95
/builds/gcc/misc/gcc/xgcc version 3.5-tree-ssa 20030406 (experimental)
=== objc tests ===
Running target unix
=== objc Summary ===
# of expected passes 1155
/builds/gcc/misc/gcc/xgcc version 3.5-tree-ssa 20030406 (experimental)
=== treelang tests ===
Running target unix
=== treelang Summary ===
# of expected passes 1
=== libjava tests ===
Running target unix
WARNING: program timed out.
FAIL: SyncTest execution - gij test
WARNING: program timed out.
FAIL: SyncTest execution - bytecode->native test
WARNING: program timed out.
FAIL: SyncTest execution - gij test
FAIL: /builds/gcc/misc/i686-suse-linux-gnu/libjava/testsuite/TestLeak.exe execution - /builds/gcc/misc/i686-suse-linux-gnu/libjava/testsuite/TestLeak.exe
=== libjava Summary ===
# of expected passes 2963
# of unexpected failures 4
# of expected failures 16
# of untested testcases 16
=== libmudflap tests ===
Running target unix
=== libmudflap Summary ===
# of expected passes 628
=== libstdc++-v3 tests ===
Running target unix
FAIL: 20_util/allocator_members.cc execution test
FAIL: 21_strings/basic_string/cons/char/1.cc execution test
FAIL: 21_strings/basic_string/cons/wchar_t/1.cc execution test
FAIL: 21_strings/basic_string/insert/char/1.cc execution test
FAIL: 21_strings/basic_string/insert/wchar_t/1.cc execution test
FAIL: 22_locale/codecvt/always_noconv/wchar_t/3.cc execution test
FAIL: 22_locale/codecvt/encoding/wchar_t/3.cc execution test
FAIL: 22_locale/codecvt/encoding/wchar_t/wrapped_locale.cc execution test
FAIL: 22_locale/codecvt/in/wchar_t/3.cc execution test
FAIL: 22_locale/codecvt/length/wchar_t/3.cc execution test
FAIL: 22_locale/codecvt/max_length/wchar_t/3.cc execution test
FAIL: 22_locale/codecvt/max_length/wchar_t/wrapped_locale.cc execution test
FAIL: 22_locale/codecvt/out/wchar_t/3.cc execution test
FAIL: 22_locale/codecvt/unshift/wchar_t/3.cc execution test
FAIL: 22_locale/ctype/narrow/wchar_t/3.cc execution test
FAIL: 22_locale/ctype/widen/wchar_t/2.cc execution test
FAIL: 22_locale/ctype/widen/wchar_t/3.cc execution test
FAIL: 22_locale/messages/members/char/1.cc execution test
FAIL: 22_locale/messages/members/char/2.cc execution test
FAIL: 22_locale/messages/members/char/wrapped_env.cc execution test
FAIL: 22_locale/messages/members/char/wrapped_locale.cc execution test
FAIL: 22_locale/messages_byname/1.cc execution test
FAIL: 23_containers/deque_ctor.cc execution test
FAIL: 23_containers/vector_ctor.cc execution test
FAIL: 27_io/ios_init.cc execution test
=== libstdc++-v3 Summary ===
# of expected passes 1310
# of unexpected failures 25
# of expected failures 2
Compiler version: 3.5-tree-ssa 20030406 (experimental)
Platform: i686-suse-linux-gnu
configure flags: --prefix=/opt/gcc/tree-ssa-20020619-branch --disable-nls --enable-threads=posix --enable-clocale=gnu --enable-__cxa_atexit --enable-shared --enable-languages=c,c++,f77,objc,treelang,java,f77 --enable-checking=misc,tree,rtl,gc,rtlflag --with-system-zlib i686-suse-linux-gnu --with-libbanshee