This is the mail archive of the
gcc-testresults@gcc.gnu.org
mailing list for the GCC project.
Results for 3.3 20030430 (prerelease) testsuite on sparc64-unknown-linux-gnu
- From: Christian Joensson <c dot christian dot joensson at telia dot com>
- To: gcc-testresults at gcc dot gnu dot org
- Date: Thu, 1 May 2003 06:30:58 +0200
- Subject: Results for 3.3 20030430 (prerelease) testsuite on sparc64-unknown-linux-gnu
Aurora SPARC Linux 1.0 (Ansel) Ultra1 single UltraSparc I sun4u:
binutils 2.14.90 20030430 sparc64-linux
bison-1.35-1
dejagnu-1.4.2-10 (ftp://ftp.redhat.com/pub/redhat/linux/rawhide/SRPMS/SRPMS)
expect-5.32.2-67
gcc 20030427 (prerelease) sparc64-linux
glibc-2.2.5-42
glibc-kernheaders-2.4-7.16sparc
glibc64-2.2.5-42
kernel-2.4.20-3.1sparc (experimental Aurora kernel)
tcl-8.3.3-67
LAST_UPDATED: Wed Apr 30 09:47:15 UTC 2003
Native configuration is sparc64-unknown-linux-gnu
=== g77 tests ===
Running target unix
=== g77 Summary ===
# of expected passes 1686
# of unsupported tests 8
/usr/local/src/gcc-binutils/branch/objdir/gcc/testsuite/../g77 version 3.3 20030430 (prerelease)
=== gcc tests ===
Running target unix
FAIL: gcc.c-torture/compile/simd-5.c, -O0
FAIL: gcc.c-torture/compile/simd-5.c, -O1
FAIL: gcc.c-torture/compile/simd-5.c, -O2
FAIL: gcc.c-torture/compile/simd-5.c, -O3 -fomit-frame-pointer
FAIL: gcc.c-torture/compile/simd-5.c, -O3 -g
FAIL: gcc.c-torture/compile/simd-5.c, -Os
FAIL: gcc.c-torture/execute/conversion.c execution, -O0
FAIL: gcc.c-torture/execute/conversion.c execution, -O1
FAIL: gcc.c-torture/execute/conversion.c execution, -O2
FAIL: gcc.c-torture/execute/conversion.c execution, -Os
FAIL: gcc.c-torture/execute/strncmp-1.c execution, -O0
FAIL: gcc.c-torture/execute/strncmp-1.c execution, -O1
FAIL: gcc.c-torture/execute/strncmp-1.c execution, -O2
FAIL: gcc.c-torture/execute/strncmp-1.c execution, -O3 -fomit-frame-pointer
FAIL: gcc.c-torture/execute/strncmp-1.c execution, -O3 -fomit-frame-pointer -funroll-loops
FAIL: gcc.c-torture/execute/strncmp-1.c execution, -O3 -fomit-frame-pointer -funroll-all-loops -finline-functions
FAIL: gcc.c-torture/execute/strncmp-1.c execution, -O3 -g
FAIL: gcc.c-torture/execute/strncmp-1.c execution, -Os
FAIL: gcc.dg/20021014-1.c execution test
FAIL: gcc.dg/duff-2.c (test for excess errors)
FAIL: gcc.dg/nest.c execution test
FAIL: linkage.c
=== gcc Summary ===
# of expected passes 20754
# of unexpected failures 22
# of expected failures 71
# of unsupported tests 161
/usr/local/src/gcc-binutils/branch/objdir/gcc/xgcc version 3.3 20030430 (prerelease)
=== g++ tests ===
Running target unix
FAIL: g++.dg/other/packed1.C execution test
FAIL: g++.law/profile1.C Execution test
XPASS: g++.other/init5.C Execution test
=== g++ Summary ===
# of expected passes 7917
# of unexpected failures 2
# of unexpected successes 1
# of expected failures 97
# of untested testcases 23
# of unsupported tests 17
/usr/local/src/gcc-binutils/branch/objdir/gcc/testsuite/../g++ version 3.3 20030430 (prerelease)
=== objc tests ===
Running target unix
=== objc Summary ===
# of expected passes 1153
/usr/local/src/gcc-binutils/branch/objdir/gcc/xgcc version 3.3 20030430 (prerelease)
=== libjava tests ===
Running target unix
FAIL: PR141 execution - gij test
FAIL: PR141 execution - gij test
FAIL: SyncTest execution - gij test
WARNING: program timed out.
FAIL: SyncTest execution - bytecode->native test
FAIL: SyncTest execution - gij test
FAIL: SyncTest -O execution - bytecode->native test
=== libjava Summary ===
# of expected passes 2931
# of unexpected failures 6
# of expected failures 16
# of untested testcases 18
=== libstdc++-v3 tests ===
Running target unix
XPASS: 22_locale/collate_byname.cc execution test
XPASS: 22_locale/collate_members_char.cc execution test
XPASS: 22_locale/collate_members_wchar_t.cc execution test
XPASS: 22_locale/ctype_is_char.cc execution test
XPASS: 22_locale/ctype_is_wchar_t.cc execution test
XPASS: 22_locale/members.cc execution test
XPASS: 22_locale/messages_byname.cc execution test
XPASS: 22_locale/messages_members_char.cc execution test
XPASS: 22_locale/money_get_members_char.cc execution test
XPASS: 22_locale/money_get_members_wchar_t.cc execution test
XPASS: 22_locale/money_put_members_char.cc execution test
XPASS: 22_locale/money_put_members_wchar_t.cc execution test
XPASS: 22_locale/moneypunct_byname.cc execution test
XPASS: 22_locale/moneypunct_members_char.cc execution test
XPASS: 22_locale/moneypunct_members_wchar_t.cc execution test
XPASS: 22_locale/num_get_members_char.cc execution test
XPASS: 22_locale/num_get_members_wchar_t.cc execution test
XPASS: 22_locale/num_put_members_char.cc execution test
XPASS: 22_locale/num_put_members_wchar_t.cc execution test
XPASS: 22_locale/numpunct_byname.cc execution test
XPASS: 22_locale/numpunct_members_char.cc execution test
XPASS: 22_locale/numpunct_members_wchar_t.cc execution test
XPASS: 22_locale/time_get_members_char.cc execution test
XPASS: 22_locale/time_get_members_wchar_t.cc execution test
XPASS: 22_locale/time_put_members_char.cc execution test
XPASS: 22_locale/time_put_members_wchar_t.cc execution test
WARNING: program timed out.
FAIL: thread/pthread4.cc execution test
=== libstdc++-v3 Summary ===
# of expected passes 452
# of unexpected failures 1
# of unexpected successes 26
# of expected failures 2
Compiler version: 3.3 20030430 (prerelease)
Platform: sparc64-unknown-linux-gnu
configure flags: --host=sparc64-unknown-linux-gnu --prefix=/usr/local/gcc-binutils --enable-__cxa_atexit --enable-shared --enable-threads=posix
Counting all warnings,
there are 3168 warnings in stage0 of this bootstrap.
Number of warnings per file:
720 include/bits/basic_string.h
412 include/bits/char_traits.h
408 include/bits/streambuf_iterator.h
280 include/bits/basic_string.tcc
224 include/sstream
220 include/fstream
120 include/bits/stl_iterator.h
104 include/streambuf
104 include/bits/locale_facets.h
72 include/bits/locale_facets.tcc
66 include/ostream
66 include/bits/ostream.tcc
60 include/complex
48 include/bits/stl_alloc.h
32 include/bits/streambuf.tcc
30 libiberty/regex.c
24 include/memory
24 include/bits/fstream.tcc
19 libjava/java/lang/mprec.c
12 libjava/gnu/java/nio/natSocketChannelImpl.cc
9 java/lang/Integer.h
8 libjava/java/lang/strtod.c
8 libjava/java/lang/dtoa.c
8 include/bits/sstream.tcc
7 include/xregex2.h
6 libjava/java/lang/e_exp.c
6 libf2c/libI77/rsne.c
6 fastjar/jartool.c
4 libstdc++-v3/src/fstream.cc
4 libobjc/linking.m
4 libjava/java/lang/w_exp.c
4 libffi/src/sparc/v8.S
4 include/bits/stl_construct.h
4 include/bits/stl_algobase.h
2 runtime-info.h
2 libobjc/Protocol.m
2 libobjc/Object.m
2 libobjc/encoding.c
2 libjava/verify.cc
2 libjava/prims.cc
2 libjava/jni.cc
2 libjava/java/net/natNetworkInterface.cc
2 libjava/java/lang/e_rem_pio2.c
2 libjava/java/lang/e_asin.c
2 libjava/gnu/java/nio/natFileChannelImpl.cc
2 libjava/gnu/gcj/runtime/natSharedLibLoader.cc
2 libjava/gnu/gcj/io/shs.cc
2 libffi/src/sparc/v9.S
2 libf2c/libU77/vxtidate_.c
2 libf2c/libU77/date_.c
2 libf2c/libI77/open.c
2 libf2c/libI77/inquire.c
2 include/java-signal.h
2 gcc/boehm-gc/mark_rts.c
1 gcc/boehm-gc/dyn_load.c
Number of warning types:
1502 inlining
1502 called
34 \`???' might be used uninitialized in this function
24 signed and unsigned type in conditional expression
16 unused
12 suggest parentheses around + or - inside shift
9 this decimal constant is unsigned only in ISO
8 dereferencing type-punned pointer will break strict-aliasing rules
8 \`???' defined but not used
7 ISO C90 does not support \`static' or type qualifiers in parameter array declarators
6 unused parameter \`???'
4 unused
4 suggest parentheses around assignment used as truth value
4 pointer targets in passing arg ??? of \`???' differ in signedness
4 control reaches end of non-void function
3 this is the location of the previous definition
3 suggest parentheses around arithmetic in operand of |
3 \`STACKFRAME' redefined
2 string length \`???' is greater than the length \`???' ISO C89 compilers are required to support
2 statement
2 function returns address of local variable
2 \`???' defined but
2 comparison between signed and unsigned
2 comparison
2 \`
1 cast to pointer from integer of different size
Counting all warnings,
there are 25 warnings in stage3 of this bootstrap.
Number of warnings per file:
4 gcc/gcc.c
3 /usr/share/bison/bison.simple
3 gcc/tlink.c
2 gcc/unwind-dw2.c
2 gcc/reload.c
2 gcc/f/sta.c
2 gcc/crtstuff.c
1 gcc/rtlanal.c
1 gcc/ra-build.c
1 gcc/objc/lang-specs.h
1 gcc/java/jvspec.c
1 gcc/cp/typeck.c
1 gcc/config/sparc/sparc.c
1 gcc/collect2.c
Number of warning types:
5 string length \`???' is greater than the length \`???' ISO C89 compilers are required to support
4 comparison of unsigned expression < 0 is always false
3 label \`???' defined but not used
2 return makes integer from pointer without a cast
2 passing arg ??? of \`???' discards qualifiers from pointer target type
2 dereferencing type-punned pointer will break strict-aliasing rules
1 unused parameter \`???'
1 traditional C rejects string concatenation
1 \`???' might be used uninitialized in this function
1 \`long' switch expression not converted to \`int' in ISO C
1 implicit declaration of function \`???'
1 function \`???' was previously declared within a block
1 function declaration isn't a prototype