This is the mail archive of the
gcc-testresults@gcc.gnu.org
mailing list for the GCC project.
Results for 3.3 20030430 (prerelease) testsuite on i686-pc-linux-gnu
- From: Christian Joensson <c dot christian dot joensson at telia dot com>
- To: gcc-testresults at gcc dot gnu dot org
- Date: Wed, 30 Apr 2003 11:57:05 +0200
- Subject: Results for 3.3 20030430 (prerelease) testsuite on i686-pc-linux-gnu
Red Hat Linux 9 (Shrike) ia32 dual pentium III i686:
binutils-2.13.90.0.18-9
bison-1.35-6
dejagnu-1.4.2-10
expect-5.38.0-88
gcc-3.2.2-5
glibc-2.3.2-27.9
glibc-kernheaders-2.4-8.10
kernel-smp-2.4.20-9
tcl-8.3.5-88
LAST_UPDATED: Wed Apr 30 07:31:12 UTC 2003
Native configuration is i686-pc-linux-gnu
=== g77 tests ===
Running target unix
=== g77 Summary ===
# of expected passes 1702
/usr/local/src/branch/objdir/gcc/testsuite/../g77 version 3.3 20030430 (prerelease)
=== gcc tests ===
Running target unix
FAIL: gcc.dg/duff-2.c (test for excess errors)
FAIL: gcc.dg/uninit-C.c (test for excess errors)
=== gcc Summary ===
# of expected passes 21025
# of unexpected failures 2
# of expected failures 69
# of unsupported tests 83
/usr/local/src/branch/objdir/gcc/xgcc version 3.3 20030430 (prerelease)
=== g++ tests ===
Running target unix
FAIL: g++.dg/tls/init-2.C (test for excess errors)
XPASS: g++.other/init5.C Execution test
=== g++ Summary ===
# of expected passes 7991
# of unexpected failures 1
# of unexpected successes 1
# of expected failures 96
# of untested testcases 9
# of unsupported tests 4
/usr/local/src/branch/objdir/gcc/testsuite/../g++ version 3.3 20030430 (prerelease)
=== objc tests ===
Running target unix
=== objc Summary ===
# of expected passes 1153
/usr/local/src/branch/objdir/gcc/xgcc version 3.3 20030430 (prerelease)
=== libjava tests ===
Running target unix
WARNING: program timed out.
FAIL: SyncTest execution - gij test
WARNING: program timed out.
FAIL: SyncTest execution - gij test
FAIL: SyncTest -O execution - bytecode->native test
=== libjava Summary ===
# of expected passes 2937
# of unexpected failures 3
# of expected failures 16
# of untested testcases 15
=== libstdc++-v3 tests ===
Running target unix
XPASS: 22_locale/collate_byname.cc execution test
XPASS: 22_locale/collate_members_char.cc execution test
XPASS: 22_locale/collate_members_wchar_t.cc execution test
XPASS: 22_locale/ctype_is_char.cc execution test
XPASS: 22_locale/ctype_is_wchar_t.cc execution test
XPASS: 22_locale/members.cc execution test
XPASS: 22_locale/messages_byname.cc execution test
XPASS: 22_locale/messages_members_char.cc execution test
XPASS: 22_locale/money_get_members_char.cc execution test
XPASS: 22_locale/money_get_members_wchar_t.cc execution test
XPASS: 22_locale/money_put_members_char.cc execution test
XPASS: 22_locale/money_put_members_wchar_t.cc execution test
XPASS: 22_locale/moneypunct_byname.cc execution test
XPASS: 22_locale/moneypunct_members_char.cc execution test
XPASS: 22_locale/moneypunct_members_wchar_t.cc execution test
XPASS: 22_locale/num_get_members_char.cc execution test
XPASS: 22_locale/num_get_members_wchar_t.cc execution test
XPASS: 22_locale/num_put_members_char.cc execution test
XPASS: 22_locale/num_put_members_wchar_t.cc execution test
XPASS: 22_locale/numpunct_byname.cc execution test
XPASS: 22_locale/numpunct_members_char.cc execution test
XPASS: 22_locale/numpunct_members_wchar_t.cc execution test
XPASS: 22_locale/time_get_members_char.cc execution test
XPASS: 22_locale/time_get_members_wchar_t.cc execution test
XPASS: 22_locale/time_put_members_char.cc execution test
XPASS: 22_locale/time_put_members_wchar_t.cc execution test
=== libstdc++-v3 Summary ===
# of expected passes 453
# of unexpected successes 26
# of expected failures 2
Compiler version: 3.3 20030430 (prerelease)
Platform: i686-pc-linux-gnu
configure flags: --host=i686-linux --prefix=/usr/local/gccbinutils --enable-__cxa_atexit --enable-shared --enable-threads=posix --enable-languages=c,c++,f77,java,objc
Counting all warnings,
there are 1579 warnings in stage0 of this bootstrap.
Number of warnings per file:
358 include/bits/basic_string.h
206 include/bits/char_traits.h
204 include/bits/streambuf_iterator.h
140 include/bits/basic_string.tcc
112 include/sstream
110 include/fstream
60 include/bits/stl_iterator.h
56 include/streambuf
52 include/bits/locale_facets.h
36 include/bits/locale_facets.tcc
33 include/ostream
33 include/bits/ostream.tcc
30 include/complex
24 include/bits/stl_alloc.h
20 libiberty/regex.c
16 include/bits/streambuf.tcc
14 include/memory
12 include/bits/fstream.tcc
6 libjava/gnu/java/nio/natSocketChannelImpl.cc
6 fastjar/jartool.c
5 include/xregex2.h
4 libjava/java/lang/strtod.c
4 libjava/java/lang/dtoa.c
4 include/bits/sstream.tcc
3 libf2c/libI77/rsne.c
2 libtool
2 libstdc++-v3/src/fstream.cc
2 libobjc/linking.m
2 libjava/java/lang/w_exp.c
2 include/i686-linux/bits/time_members.h
2 include/i686-linux/bits/messages_members.h
2 include/bits/stl_construct.h
2 include/bits/stl_algobase.h
1 libobjc/Protocol.m
1 libobjc/Object.m
1 libobjc/encoding.c
1 libjava/verify.cc
1 libjava/jni.cc
1 libjava/java/net/natNetworkInterface.cc
1 libjava/java/lang/e_exp.c
1 libjava/gnu/java/nio/natFileChannelImpl.cc
1 libjava/gnu/gcj/runtime/natSharedLibLoader.cc
1 libjava/gnu/gcj/io/shs.cc
1 libf2c/libU77/vxtidate_.c
1 libf2c/libU77/date_.c
1 libf2c/libI77/open.c
1 libf2c/libI77/inquire.c
1 gcc/boehm-gc/mark_rts.c
Number of warning types:
753 inlining
751 called
16 signed and unsigned type in conditional expression
13 \`???' might be used uninitialized in this function
12 unused
4 unused parameter \`???'
4 pointer targets in passing arg ??? of \`???' differ in signedness
4 dereferencing type-punned pointer will break strict-aliasing rules
3 ISO C89 does not support \`static' or type qualifiers in parameter array declarators
3 \`???' defined but not used
2 string length \`???' is greater than the length \`???' ISO C89 compilers are required to support
2 ISO C90 does not support \`static' or type qualifiers in parameter array declarators
2 control reaches end of non-void function
2 called from
1 \`void
1 unused parameter \`
1 to ensure that POSIX-compatible ar will work
1 statement with no
1 object name conflicts; overriding AR_FLAGS to 'cq'
1 function returns address of local variable
1 comparison between signed and unsigned
1 comparison
Counting all warnings,
there are 26 warnings in stage3 of this bootstrap.
Number of warnings per file:
3 /usr/share/bison/bison.simple
3 gcc/tlink.c
3 gcc/gcc.c
2 insn-conditions.c
2 gcc/reload.c
2 gcc/f/sta.c
2 gcc/crtstuff.c
1 gcc/unwind-dw2.c
1 gcc/rtlanal.c
1 gcc/objc/lang-specs.h
1 gcc/java/jvspec.c
1 gcc/function.c
1 gcc/emit-rtl.c
1 gcc/cp/typeck.c
1 gcc/config/i386/i386.c
1 gcc/collect2.c
Number of warning types:
7 string length \`???' is greater than the length \`???' ISO C89 compilers are required to support
4 comparison of unsigned expression < 0 is always false
3 label \`???' defined but not used
2 unused parameter \`???'
2 passing arg ??? of \`???' discards qualifiers from pointer target type
2 dereferencing type-punned pointer will break strict-aliasing rules
1 signed and unsigned type in conditional expression
1 return makes integer from pointer without a cast
1 implicit declaration of function \`???'
1 function \`???' was previously declared within a block
1 function declaration isn't a prototype
1 comparison between signed and unsigned