This is the mail archive of the gcc-testresults@gcc.gnu.org mailing list for the GCC project.


Index Nav: [Date Index] [Subject Index] [Author Index] [Thread Index]
Message Nav: [Date Prev] [Date Next] [Thread Prev] [Thread Next]
Other format: [Raw text]

Results for 3.4 20030428 (experimental) testsuite on mips-sgi-irix6.5


Native configuration is mips-sgi-irix6.5

		=== g++ tests ===


Running target unix
FAIL: g++.dg/opt/vtgc1.C scan-assembler-dem .vtable_inherit[ 	]*vtable for Multivv3.*0
FAIL: g++.dg/opt/vtgc1.C scan-assembler-dem .vtable_inherit[ 	]*VTT for Multivv3.*0
FAIL: g++.dg/opt/vtgc1.C scan-assembler-dem .vtable_inherit[ 	]*vtable for Multiss2.*vtable for Base2
FAIL: g++.dg/opt/vtgc1.C scan-assembler-dem .vtable_inherit[ 	]*vtable for Multivs1.*vtable for Base2
FAIL: g++.dg/opt/vtgc1.C scan-assembler-dem .vtable_inherit[ 	]*VTT for Multivs1.*vtable for Base2
FAIL: g++.dg/opt/vtgc1.C scan-assembler-dem .vtable_inherit[ 	]*vtable for Multisv0.*vtable for Side0
FAIL: g++.dg/opt/vtgc1.C scan-assembler-dem .vtable_inherit[ 	]*VTT for Multisv0.*vtable for Side0
FAIL: g++.dg/opt/vtgc1.C scan-assembler-dem .vtable_inherit[ 	]*vtable for Side0.*0
FAIL: g++.dg/opt/vtgc1.C scan-assembler-dem .vtable_inherit[ 	]*vtable for VbasedA.*0
FAIL: g++.dg/opt/vtgc1.C scan-assembler-dem .vtable_inherit[ 	]*VTT for VbasedA.*0
FAIL: g++.dg/opt/vtgc1.C scan-assembler-dem .vtable_inherit[ 	]*vtable for Base2.*vtable for Base1
FAIL: g++.dg/opt/vtgc1.C scan-assembler-dem .vtable_inherit[ 	]*vtable for Base1.*vtable for Base0
FAIL: g++.dg/opt/vtgc1.C scan-assembler-dem .vtable_inherit[ 	]*vtable for Base0.*0
FAIL: g++.dg/pch/system-1.C -g assembly comparison
FAIL: g++.dg/pch/system-1.C -O2 -g assembly comparison
FAIL: g++.dg/pch/system-1.C -O2 assembly comparison
FAIL: g++.dg/pch/system-2.C -g assembly comparison
FAIL: g++.dg/pch/system-2.C -O2 -g assembly comparison
FAIL: g++.dg/pch/system-2.C -O2 assembly comparison

		=== g++ Summary for unix ===

# of expected passes		8160
# of unexpected failures	19
# of expected failures		78
# of untested testcases		23
# of unsupported tests		20

Running target unix/-mabi=64
FAIL: g++.dg/opt/vtgc1.C scan-assembler-dem .vtable_inherit[ 	]*vtable for Multivv3.*0
FAIL: g++.dg/opt/vtgc1.C scan-assembler-dem .vtable_inherit[ 	]*VTT for Multivv3.*0
FAIL: g++.dg/opt/vtgc1.C scan-assembler-dem .vtable_inherit[ 	]*vtable for Multiss2.*vtable for Base2
FAIL: g++.dg/opt/vtgc1.C scan-assembler-dem .vtable_inherit[ 	]*vtable for Multivs1.*vtable for Base2
FAIL: g++.dg/opt/vtgc1.C scan-assembler-dem .vtable_inherit[ 	]*VTT for Multivs1.*vtable for Base2
FAIL: g++.dg/opt/vtgc1.C scan-assembler-dem .vtable_inherit[ 	]*vtable for Multisv0.*vtable for Side0
FAIL: g++.dg/opt/vtgc1.C scan-assembler-dem .vtable_inherit[ 	]*VTT for Multisv0.*vtable for Side0
FAIL: g++.dg/opt/vtgc1.C scan-assembler-dem .vtable_inherit[ 	]*vtable for Side0.*0
FAIL: g++.dg/opt/vtgc1.C scan-assembler-dem .vtable_inherit[ 	]*vtable for VbasedA.*0
FAIL: g++.dg/opt/vtgc1.C scan-assembler-dem .vtable_inherit[ 	]*VTT for VbasedA.*0
FAIL: g++.dg/opt/vtgc1.C scan-assembler-dem .vtable_inherit[ 	]*vtable for Base2.*vtable for Base1
FAIL: g++.dg/opt/vtgc1.C scan-assembler-dem .vtable_inherit[ 	]*vtable for Base1.*vtable for Base0
FAIL: g++.dg/opt/vtgc1.C scan-assembler-dem .vtable_inherit[ 	]*vtable for Base0.*0
FAIL: g++.dg/pch/system-1.C -g assembly comparison
FAIL: g++.dg/pch/system-1.C -O2 -g assembly comparison
FAIL: g++.dg/pch/system-1.C -O2 assembly comparison
FAIL: g++.dg/pch/system-2.C -g assembly comparison
FAIL: g++.dg/pch/system-2.C -O2 -g assembly comparison
FAIL: g++.dg/pch/system-2.C -O2 assembly comparison

		=== g++ Summary for unix/-mabi=64 ===

# of expected passes		8160
# of unexpected failures	19
# of expected failures		78
# of untested testcases		23
# of unsupported tests		20

		=== g++ Summary ===

# of expected passes		16320
# of unexpected failures	38
# of expected failures		156
# of untested testcases		46
# of unsupported tests		40
/d5/billingd/obj/gcc/gcc/testsuite/../g++ version 3.4 20030428 (experimental)

		=== g77 tests ===


Running target unix
FAIL: g77.f-torture/execute/980520-1.f compilation,  -O0 

		=== g77 Summary for unix ===

# of expected passes		1690
# of unexpected failures	1
# of untested testcases		1
# of unsupported tests		8

Running target unix/-mabi=64
FAIL: g77.f-torture/execute/980520-1.f compilation,  -O0 

		=== g77 Summary for unix/-mabi=64 ===

# of expected passes		1690
# of unexpected failures	1
# of untested testcases		1
# of unsupported tests		8

		=== g77 Summary ===

# of expected passes		3380
# of unexpected failures	2
# of untested testcases		2
# of unsupported tests		16
/d5/billingd/obj/gcc/gcc/testsuite/../g77 version 3.4 20030428 (experimental)

		=== gcc tests ===


Running target unix
WARNING: program timed out.
FAIL: gcc.c-torture/compile/20001226-1.c,  -O2  
WARNING: program timed out.
FAIL: gcc.c-torture/compile/20001226-1.c,  -O3 -fomit-frame-pointer  
WARNING: program timed out.
FAIL: gcc.c-torture/compile/20001226-1.c,  -O3 -g  
WARNING: program timed out.
FAIL: gcc.c-torture/compile/20001226-1.c,  -Os  
FAIL: gcc.c-torture/execute/20020412-1.c execution,  -O0 
FAIL: gcc.c-torture/execute/20020412-1.c execution,  -O1 
FAIL: gcc.c-torture/execute/20020412-1.c execution,  -O2 
FAIL: gcc.c-torture/execute/20020412-1.c execution,  -O3 -fomit-frame-pointer 
FAIL: gcc.c-torture/execute/20020412-1.c execution,  -O3 -fomit-frame-pointer -funroll-loops 
FAIL: gcc.c-torture/execute/20020412-1.c execution,  -O3 -fomit-frame-pointer -funroll-all-loops -finline-functions 
FAIL: gcc.c-torture/execute/20020412-1.c execution,  -O3 -g 
FAIL: gcc.c-torture/execute/20020412-1.c execution,  -Os 
FAIL: gcc.dg/cpp/ucs.c (test for excess errors)
WARNING: gcc.dg/20021014-1.c compilation failed to produce executable
FAIL: gcc.dg/builtins-10.c (test for excess errors)
FAIL: gcc.dg/builtins-11.c (test for excess errors)
FAIL: gcc.dg/duff-2.c (test for excess errors)
WARNING: gcc.dg/nest.c compilation failed to produce executable
FAIL: gcc.dg/pch/static-1.c  -O0  assembly comparison
FAIL: gcc.dg/pch/static-1.c  -O1  assembly comparison
FAIL: gcc.dg/pch/static-1.c  -O2  assembly comparison
FAIL: gcc.dg/pch/static-1.c  -Os  assembly comparison
FAIL: gcc.dg/pch/static-2.c  -O0  assembly comparison
FAIL: gcc.dg/pch/static-2.c  -O1  assembly comparison
FAIL: gcc.dg/pch/static-2.c  -O2  assembly comparison
FAIL: gcc.dg/pch/static-2.c  -Os  assembly comparison
FAIL: gcc.dg/pch/static-3.c  -O0  assembly comparison
FAIL: gcc.dg/pch/static-3.c  -O1  assembly comparison
FAIL: gcc.dg/pch/static-3.c  -O2  assembly comparison
FAIL: gcc.dg/pch/static-3.c  -Os  assembly comparison

		=== gcc Summary for unix ===

# of expected passes		21372
# of unexpected failures	28
# of expected failures		106
# of unsupported tests		210

Running target unix/-mabi=64
WARNING: program timed out.
FAIL: gcc.c-torture/compile/20001226-1.c,  -O2  
WARNING: program timed out.
FAIL: gcc.c-torture/compile/20001226-1.c,  -O3 -fomit-frame-pointer  
WARNING: program timed out.
FAIL: gcc.c-torture/compile/20001226-1.c,  -O3 -g  
WARNING: program timed out.
FAIL: gcc.c-torture/compile/20001226-1.c,  -Os  
FAIL: gcc.c-torture/execute/20020412-1.c execution,  -O0 
FAIL: gcc.c-torture/execute/20020412-1.c execution,  -O1 
FAIL: gcc.c-torture/execute/20020412-1.c execution,  -O2 
FAIL: gcc.c-torture/execute/20020412-1.c execution,  -O3 -fomit-frame-pointer 
FAIL: gcc.c-torture/execute/20020412-1.c execution,  -O3 -fomit-frame-pointer -funroll-loops 
FAIL: gcc.c-torture/execute/20020412-1.c execution,  -O3 -fomit-frame-pointer -funroll-all-loops -finline-functions 
FAIL: gcc.c-torture/execute/20020412-1.c execution,  -O3 -g 
FAIL: gcc.c-torture/execute/20020412-1.c execution,  -Os 
WARNING: gcc.dg/20021014-1.c compilation failed to produce executable
FAIL: gcc.dg/builtins-10.c (test for excess errors)
FAIL: gcc.dg/builtins-11.c (test for excess errors)
FAIL: gcc.dg/duff-2.c (test for excess errors)
WARNING: gcc.dg/nest.c compilation failed to produce executable
FAIL: gcc.dg/pch/static-1.c  -O0  assembly comparison
FAIL: gcc.dg/pch/static-1.c  -O1  assembly comparison
FAIL: gcc.dg/pch/static-1.c  -O2  assembly comparison
FAIL: gcc.dg/pch/static-1.c  -Os  assembly comparison
FAIL: gcc.dg/pch/static-2.c  -O0  assembly comparison
FAIL: gcc.dg/pch/static-2.c  -O1  assembly comparison
FAIL: gcc.dg/pch/static-2.c  -O2  assembly comparison
FAIL: gcc.dg/pch/static-2.c  -Os  assembly comparison
FAIL: gcc.dg/pch/static-3.c  -O0  assembly comparison
FAIL: gcc.dg/pch/static-3.c  -O1  assembly comparison
FAIL: gcc.dg/pch/static-3.c  -O2  assembly comparison
FAIL: gcc.dg/pch/static-3.c  -Os  assembly comparison

		=== gcc Summary for unix/-mabi=64 ===

# of expected passes		21373
# of unexpected failures	27
# of expected failures		106
# of unsupported tests		210

		=== gcc Summary ===

# of expected passes		42745
# of unexpected failures	55
# of expected failures		212
# of unsupported tests		420
/d5/billingd/obj/gcc/gcc/xgcc version 3.4 20030428 (experimental)

		=== objc tests ===


Running target unix

		=== objc Summary for unix ===

# of expected passes		1156

Running target unix/-mabi=64

		=== objc Summary for unix/-mabi=64 ===

# of expected passes		1156

		=== objc Summary ===

# of expected passes		2312
/d5/billingd/obj/gcc/gcc/xgcc version 3.4 20030428 (experimental)

		=== libstdc++-v3 tests ===


Running target unix
FAIL: 22_locale/ctype/cons/char/1.cc execution test
FAIL: 22_locale/time_put/put/wchar_t/10.cc execution test
FAIL: 22_locale/time_put/put/wchar_t/9.cc execution test
FAIL: 27_io/basic_filebuf/showmanyc/char/9533-2.cc execution test
FAIL: 27_io/basic_istream/readsome/char/6746-2.cc execution test

		=== libstdc++-v3 Summary for unix ===

# of expected passes		1752
# of unexpected failures	5
# of expected failures		1
# of unsupported tests		6

Running target unix/-mabi=64
FAIL: 22_locale/ctype/cons/char/1.cc execution test
FAIL: 22_locale/time_put/put/wchar_t/10.cc execution test
FAIL: 22_locale/time_put/put/wchar_t/9.cc execution test
FAIL: 27_io/basic_filebuf/showmanyc/char/9533-2.cc execution test
FAIL: 27_io/basic_istream/readsome/char/6746-2.cc execution test

		=== libstdc++-v3 Summary for unix/-mabi=64 ===

# of expected passes		1752
# of unexpected failures	5
# of expected failures		1
# of unsupported tests		6

		=== libstdc++-v3 Summary ===

# of expected passes		3504
# of unexpected failures	10
# of expected failures		2
# of unsupported tests		12

Compiler version: 3.4 20030428 (experimental) 
Platform: mips-sgi-irix6.5
configure flags: --enable-shared --enable-haifa --enable-threads=single --disable-libjava --disable-nls --prefix=/d5/billingd/tmp/gcc
Counting all warnings,
there are 42 warnings in stage3 of this bootstrap.

Number of warnings per file:
  12 gcc/gthr-gnat.c
  11 gcc/config/mips/mips.md
   4 gcc/gthr-gnat.h
   3 gcc/crtstuff.c
   2 insn-conditions.c
   2 gcc/objc/lang-specs.h
   2 gcc/gcc.c
   2 gcc/f/sta.c
   2 /usr/local/share/bison/bison.simple
   1 gcc/unwind-dw2.c
   1 gcc/java/jvspec.c

Number of warning types:
  12 function declaration isn't a prototype
   7 string length \`???' is greater than the length \`???' ISO C89 compilers are required to support
   7 no previous prototype for \`???'
   6 operand 1 missing mode?
   5 operand 0 missing mode?
   2 label \`???' defined but not used
   2 dereferencing type-punned pointer will break strict-aliasing rules
   1 cast from pointer to integer of different size


Index Nav: [Date Index] [Subject Index] [Author Index] [Thread Index]
Message Nav: [Date Prev] [Date Next] [Thread Prev] [Thread Next]