This is the mail archive of the gcc-testresults@gcc.gnu.org mailing list for the GCC project.


Index Nav: [Date Index] [Subject Index] [Author Index] [Thread Index]
Message Nav: [Date Prev] [Date Next] [Thread Prev] [Thread Next]
Other format: [Raw text]

Results for 3.2.3 testsuite on powerpc-unknown-linux-gnu


\$ ../gcc-3.2.3/config.guess
powerpc-unknown-linux-gnu
\$ gcc/xgcc -v
Using built-in specs.
Configured with: ../gcc-3.2.3/configure
Thread model: posix
gcc version 3.2.3
\$ cat /etc/issue
Debian GNU/\\s 3.0 \\n \\l

\$ uname -a
Linux catalunya 2.4.18-newpmac #1 Thu Mar 14 22:44:49 EST 2002 ppc unknown
\$ dpkg -l libc6
Desired=Unknown/Install/Remove/Purge/Hold
| Status=Not/Installed/Config-files/Unpacked/Failed-config/Half-installed
|/ Err?=(none)/Hold/Reinst-required/X=both-problems (Status,Err: uppercase=bad)
||/ Name           Version        Description
+++-==============-==============-============================================
ii  libc6          2.2.5-11.2     GNU C Library: Shared libraries and Timezone

I used binutils 2.13.90.0.20.
LAST_UPDATED: 
Native configuration is powerpc-unknown-linux-gnu

		=== g++ tests ===


Running target unix

		=== g++ Summary ===

# of expected passes		7349
# of expected failures		89
# of untested testcases		23
# of unsupported tests		6
/home/kraai/dev/gcc/bld-3.2.3/gcc/testsuite/../g++ version 3.2.3

		=== g77 tests ===


Running target unix

		=== g77 Summary ===

# of expected passes		1458
# of unsupported tests		8
/home/kraai/dev/gcc/bld-3.2.3/gcc/testsuite/../g77 version 3.2.3

		=== gcc tests ===


Running target unix
FAIL: gcc.dg/20020103-1.c scan-assembler-not LC
FAIL: gcc.dg/20020118-1.c execution test

		=== gcc Summary ===

# of expected passes		18603
# of unexpected failures	2
# of expected failures		66
# of unsupported tests		119
/home/kraai/dev/gcc/bld-3.2.3/gcc/xgcc version 3.2.3

		=== objc tests ===


Running target unix

		=== objc Summary ===

# of expected passes		1035
# of expected failures		6
/home/kraai/dev/gcc/bld-3.2.3/gcc/xgcc version 3.2.3

		=== libjava tests ===


Running target unix

		=== libjava Summary ===

# of expected passes		2061
# of expected failures		18
# of untested testcases		14
		=== libstdc++-v3 tests ===


Running target unix
XPASS: 22_locale/collate_byname.cc execution test
XPASS: 22_locale/collate_members_char.cc execution test
XPASS: 22_locale/collate_members_wchar_t.cc execution test
XPASS: 22_locale/ctype_is_char.cc execution test
XPASS: 22_locale/ctype_is_wchar_t.cc execution test
XPASS: 22_locale/members.cc execution test
XPASS: 22_locale/messages_byname.cc execution test
XPASS: 22_locale/messages_members_char.cc execution test
XPASS: 22_locale/money_get_members_char.cc execution test
XPASS: 22_locale/money_get_members_wchar_t.cc execution test
XPASS: 22_locale/money_put_members_char.cc execution test
XPASS: 22_locale/money_put_members_wchar_t.cc execution test
XPASS: 22_locale/moneypunct_byname.cc execution test
XPASS: 22_locale/moneypunct_members_char.cc execution test
XPASS: 22_locale/moneypunct_members_wchar_t.cc execution test
XPASS: 22_locale/num_get_members_char.cc execution test
XPASS: 22_locale/num_get_members_wchar_t.cc execution test
XPASS: 22_locale/num_put_members_char.cc execution test
XPASS: 22_locale/num_put_members_wchar_t.cc execution test
XPASS: 22_locale/numpunct_byname.cc execution test
XPASS: 22_locale/numpunct_members_char.cc execution test
XPASS: 22_locale/numpunct_members_wchar_t.cc execution test
XPASS: 22_locale/time_get_members_char.cc execution test
XPASS: 22_locale/time_get_members_wchar_t.cc execution test
XPASS: 22_locale/time_put_members_char.cc execution test
XPASS: 22_locale/time_put_members_wchar_t.cc execution test
FAIL: 26_numerics/c99_classification_macros_c.cc (test for excess errors)

		=== libstdc++-v3 Summary ===

# of expected passes		432
# of unexpected failures	1
# of unexpected successes	26

Compiler version: 3.2.3 
Platform: powerpc-unknown-linux-gnu
configure flags: --host=powerpc-unknown-linux-gnu


Index Nav: [Date Index] [Subject Index] [Author Index] [Thread Index]
Message Nav: [Date Prev] [Date Next] [Thread Prev] [Thread Next]