This is the mail archive of the
gcc-testresults@gcc.gnu.org
mailing list for the GCC project.
Results for 3.4 20030428 (experimental) testsuite on s390-ibm-linux-gnu
- From: Ulrich Weigand <weigand at immd1 dot informatik dot uni-erlangen dot de>
- To: gcc-testresults at gcc dot gnu dot org
- Date: Mon, 28 Apr 2003 20:30:01 +0200 (MET DST)
- Subject: Results for 3.4 20030428 (experimental) testsuite on s390-ibm-linux-gnu
LAST_UPDATED:
Native configuration is s390-ibm-linux-gnu
=== g++ tests ===
Running target unix
FAIL: g++.dg/compat/break/bitfield7 y_tst.o compile
UNRESOLVED: g++.dg/compat/break/bitfield7 x_tst.o-y_tst.o link
UNRESOLVED: g++.dg/compat/break/bitfield7 x_tst.o-y_tst.o execute
XPASS: g++.other/init5.C Execution test
=== g++ Summary ===
# of expected passes 8467
# of unexpected failures 1
# of unexpected successes 1
# of expected failures 68
# of unresolved testcases 2
# of untested testcases 23
# of unsupported tests 19
/mnt/dasdb1/fsf/gcc-head-build/gcc/testsuite/../g++ version 3.4 20030428 (experimental)
=== g77 tests ===
Running target unix
FAIL: g77.f-torture/execute/980520-1.f compilation, -O0
=== g77 Summary ===
# of expected passes 1690
# of unexpected failures 1
# of untested testcases 1
# of unsupported tests 8
/mnt/dasdb1/fsf/gcc-head-build/gcc/testsuite/../g77 version 3.4 20030428 (experimental)
=== gcc tests ===
Running target unix
FAIL: gcc.dg/debug/debug-1.c scan-assembler xyzzy
FAIL: gcc.dg/debug/debug-1.c scan-assembler xyzzy
FAIL: gcc.dg/debug/debug-1.c scan-assembler xyzzy
FAIL: gcc.dg/debug/debug-1.c scan-assembler xyzzy
FAIL: gcc.dg/debug/debug-2.c scan-assembler xyzzy
FAIL: gcc.dg/debug/debug-2.c scan-assembler xyzzy
FAIL: gcc.dg/debug/debug-2.c scan-assembler xyzzy
FAIL: gcc.dg/debug/debug-2.c scan-assembler xyzzy
FAIL: gcc.dg/builtins-10.c (test for excess errors)
FAIL: gcc.dg/duff-2.c (test for excess errors)
FAIL: gcc.dg/format/ext-1.c printf %1\$m (test for warnings, line 94)
FAIL: gcc.dg/format/ext-1.c bad use of I flag (test for warnings, line 101)
FAIL: gcc.dg/format/ext-1.c bad use of I flag (test for warnings, line 102)
FAIL: gcc.dg/format/ext-1.c bad use of I flag (test for warnings, line 103)
FAIL: gcc.dg/format/ext-1.c bad use of I flag (test for warnings, line 104)
FAIL: gcc.dg/format/ext-1.c bad use of I flag (test for warnings, line 105)
FAIL: gcc.dg/format/ext-1.c bad use of I flag (test for warnings, line 106)
FAIL: gcc.dg/format/ext-1.c bad use of I flag (test for warnings, line 107)
FAIL: gcc.dg/format/ext-1.c bad use of I flag (test for warnings, line 108)
FAIL: gcc.dg/format/ext-1.c bad use of I flag (test for warnings, line 109)
FAIL: gcc.dg/format/ext-1.c bad use of I flag (test for warnings, line 110)
FAIL: gcc.dg/format/ext-1.c bad use of I flag (test for warnings, line 111)
FAIL: gcc.dg/format/ext-1.c bad use of I flag (test for warnings, line 112)
FAIL: gcc.dg/format/ext-1.c bad use of I flag (test for warnings, line 113)
FAIL: gcc.dg/format/ext-1.c bad use of I flag (test for warnings, line 114)
FAIL: gcc.dg/format/ext-1.c bad use of I flag (test for warnings, line 115)
FAIL: gcc.dg/format/ext-1.c bad use of I flag (test for warnings, line 116)
FAIL: gcc.dg/format/ext-1.c bad use of I flag (test for warnings, line 117)
FAIL: gcc.dg/format/ext-1.c bad use of I flag (test for warnings, line 118)
FAIL: gcc.dg/format/ext-1.c fprintf_unlocked (test for warnings, line 123)
FAIL: gcc.dg/format/ext-1.c printf_unlocked (test for warnings, line 125)
FAIL: gcc.dg/format/ext-1.c (test for excess errors)
FAIL: gcc.dg/format/ext-1.c printf %1\$m (test for warnings, line 94)
FAIL: gcc.dg/format/ext-1.c bad use of I flag (test for warnings, line 101)
FAIL: gcc.dg/format/ext-1.c bad use of I flag (test for warnings, line 102)
FAIL: gcc.dg/format/ext-1.c bad use of I flag (test for warnings, line 103)
FAIL: gcc.dg/format/ext-1.c bad use of I flag (test for warnings, line 104)
FAIL: gcc.dg/format/ext-1.c bad use of I flag (test for warnings, line 105)
FAIL: gcc.dg/format/ext-1.c bad use of I flag (test for warnings, line 106)
FAIL: gcc.dg/format/ext-1.c bad use of I flag (test for warnings, line 107)
FAIL: gcc.dg/format/ext-1.c bad use of I flag (test for warnings, line 108)
FAIL: gcc.dg/format/ext-1.c bad use of I flag (test for warnings, line 109)
FAIL: gcc.dg/format/ext-1.c bad use of I flag (test for warnings, line 110)
FAIL: gcc.dg/format/ext-1.c bad use of I flag (test for warnings, line 111)
FAIL: gcc.dg/format/ext-1.c bad use of I flag (test for warnings, line 112)
FAIL: gcc.dg/format/ext-1.c bad use of I flag (test for warnings, line 113)
FAIL: gcc.dg/format/ext-1.c bad use of I flag (test for warnings, line 114)
FAIL: gcc.dg/format/ext-1.c bad use of I flag (test for warnings, line 115)
FAIL: gcc.dg/format/ext-1.c bad use of I flag (test for warnings, line 116)
FAIL: gcc.dg/format/ext-1.c bad use of I flag (test for warnings, line 117)
FAIL: gcc.dg/format/ext-1.c bad use of I flag (test for warnings, line 118)
FAIL: gcc.dg/format/ext-1.c fprintf_unlocked (test for warnings, line 123)
FAIL: gcc.dg/format/ext-1.c printf_unlocked (test for warnings, line 125)
FAIL: gcc.dg/format/ext-1.c (test for excess errors)
FAIL: gcc.dg/format/no-exargs-2.c unused \$ operand (test for warnings, line 13)
FAIL: gcc.dg/format/no-exargs-2.c unused \$ operand (test for warnings, line 15)
FAIL: gcc.dg/format/no-exargs-2.c unused \$ scanf non-pointer operand (test for warnings, line 23)
FAIL: gcc.dg/format/no-exargs-2.c (test for excess errors)
FAIL: gcc.dg/format/no-exargs-2.c unused \$ operand (test for warnings, line 13)
FAIL: gcc.dg/format/no-exargs-2.c unused \$ operand (test for warnings, line 15)
FAIL: gcc.dg/format/no-exargs-2.c unused \$ scanf non-pointer operand (test for warnings, line 23)
FAIL: gcc.dg/format/no-exargs-2.c (test for excess errors)
FAIL: gcc.dg/format/xopen-1.c mixing \$ and non-\$ formats (test for warnings, line 96)
FAIL: gcc.dg/format/xopen-1.c mixing \$ and non-\$ formats (test for warnings, line 98)
FAIL: gcc.dg/format/xopen-1.c mixing \$ and non-\$ formats (test for warnings, line 99)
FAIL: gcc.dg/format/xopen-1.c mixing \$ and non-\$ formats (test for warnings, line 100)
FAIL: gcc.dg/format/xopen-1.c mixing \$ and non-\$ formats (test for warnings, line 101)
FAIL: gcc.dg/format/xopen-1.c \$ number too large (test for warnings, line 103)
FAIL: gcc.dg/format/xopen-1.c \$ number too small (test for warnings, line 104)
FAIL: gcc.dg/format/xopen-1.c unused \$ operand (test for warnings, line 105)
FAIL: gcc.dg/format/xopen-1.c unused \$ operand (test for warnings, line 106)
FAIL: gcc.dg/format/xopen-1.c unused \$ operand (test for warnings, line 107)
FAIL: gcc.dg/format/xopen-1.c unused \$ scanf pointer operand (test for warnings, line 112)
FAIL: gcc.dg/format/xopen-1.c unused \$ scanf pointer operand (test for warnings, line 115)
FAIL: gcc.dg/format/xopen-1.c unused \$ scanf non-pointer operand (test for warnings, line 117)
FAIL: gcc.dg/format/xopen-1.c unused \$ scanf pointer operand (test for warnings, line 120)
FAIL: gcc.dg/format/xopen-1.c operand number with suppression (test for warnings, line 122)
FAIL: gcc.dg/format/xopen-1.c multiple use of scanf argument (test for warnings, line 124)
FAIL: gcc.dg/format/xopen-1.c (test for excess errors)
FAIL: gcc.dg/format/xopen-1.c mixing \$ and non-\$ formats (test for warnings, line 96)
FAIL: gcc.dg/format/xopen-1.c mixing \$ and non-\$ formats (test for warnings, line 98)
FAIL: gcc.dg/format/xopen-1.c mixing \$ and non-\$ formats (test for warnings, line 99)
FAIL: gcc.dg/format/xopen-1.c mixing \$ and non-\$ formats (test for warnings, line 100)
FAIL: gcc.dg/format/xopen-1.c mixing \$ and non-\$ formats (test for warnings, line 101)
FAIL: gcc.dg/format/xopen-1.c \$ number too large (test for warnings, line 103)
FAIL: gcc.dg/format/xopen-1.c \$ number too small (test for warnings, line 104)
FAIL: gcc.dg/format/xopen-1.c unused \$ operand (test for warnings, line 105)
FAIL: gcc.dg/format/xopen-1.c unused \$ operand (test for warnings, line 106)
FAIL: gcc.dg/format/xopen-1.c unused \$ operand (test for warnings, line 107)
FAIL: gcc.dg/format/xopen-1.c unused \$ scanf pointer operand (test for warnings, line 112)
FAIL: gcc.dg/format/xopen-1.c unused \$ scanf pointer operand (test for warnings, line 115)
FAIL: gcc.dg/format/xopen-1.c unused \$ scanf non-pointer operand (test for warnings, line 117)
FAIL: gcc.dg/format/xopen-1.c unused \$ scanf pointer operand (test for warnings, line 120)
FAIL: gcc.dg/format/xopen-1.c operand number with suppression (test for warnings, line 122)
FAIL: gcc.dg/format/xopen-1.c multiple use of scanf argument (test for warnings, line 124)
FAIL: gcc.dg/format/xopen-1.c (test for excess errors)
FAIL: gcc.dg/format/xopen-2.c (test for excess errors)
FAIL: gcc.dg/format/xopen-2.c (test for excess errors)
FAIL: gcc.dg/pch/system-1.c -O0 -g assembly comparison
FAIL: gcc.dg/pch/system-1.c -O3 -g assembly comparison
=== gcc Summary ===
# of expected passes 21714
# of unexpected failures 100
# of expected failures 76
# of unsupported tests 203
/mnt/dasdb1/fsf/gcc-head-build/gcc/xgcc version 3.4 20030428 (experimental)
=== objc tests ===
Running target unix
=== objc Summary ===
# of expected passes 1156
/mnt/dasdb1/fsf/gcc-head-build/gcc/xgcc version 3.4 20030428 (experimental)
=== libjava tests ===
Running target unix
FAIL: 5.1.3-dtl-1
FAIL: 5.1.3-dtl-2
FAIL: 5.1.3-ftl-1
FAIL: 5.1.3-ftl-2
XPASS: 3.10.2-round-6
XPASS: 14.19.2-runtime-try-1
FAIL: /mnt/dasdb1/fsf/gcc-head-build/s390-ibm-linux/libjava/testsuite/TestEarlyGC.exe output - /mnt/dasdb1/fsf/gcc-head-build/s390-ibm-linux/libjava/testsuite/TestEarlyGC.exe
FAIL: /mnt/dasdb1/fsf/gcc-head-build/s390-ibm-linux/libjava/testsuite/TestLeak.exe execution - /mnt/dasdb1/fsf/gcc-head-build/s390-ibm-linux/libjava/testsuite/TestLeak.exe
FAIL: gnu.testlet.java.beans.DescriptorTest (number 5)
FAIL: gnu.testlet.java.beans.PropertyDescriptorTest: new PropertyDescriptor(prop1, getProp1, setProp1) (should succeed) (number 1)
FAIL: gnu.testlet.java.beans.PropertyDescriptorTest: new PropertyDescriptor(prop2, getProp2, setProp2) (should succeed) (number 1)
FAIL: gnu.testlet.java.beans.PropertyDescriptorTest: new PropertyDescriptor(prop3, isProp3, setProp3) (should succeed) (number 1)
FAIL: gnu.testlet.java.beans.PropertyDescriptorTest: new PropertyDescriptor(prop4, isProp4, setProp4) (should succeed) (number 1)
FAIL: gnu.testlet.java.io.File.jdk11: getCanonicalPath () (number 1)
FAIL: gnu.testlet.java.io.ObjectInputOutput.InputTest: gnu.testlet.java.io.ObjectInputOutput.Test\$NoCallDefault (number 1)
FAIL: gnu.testlet.java.io.ObjectInputOutput.InputTest: gnu.testlet.java.io.ObjectInputOutput.Test\$GetPutField (number 1)
FAIL: gnu.testlet.java.io.ObjectInputOutput.OutputTest: Serializable: gnu.testlet.java.io.ObjectInputOutput.Test\$CallDefault (x = 0, y = 0.0, s = null) (number 2)
FAIL: gnu.testlet.java.io.ObjectInputOutput.OutputTest: Serializable: gnu.testlet.java.io.ObjectInputOutput.Test\$Extern () (number 2)
FAIL: gnu.testlet.java.io.ObjectInputOutput.OutputTest: Serializable: gnu.testlet.java.io.ObjectInputOutput.Test\$NoCallDefault (x = 0, s = null, b = false) (number 2)
FAIL: gnu.testlet.java.io.ObjectInputOutput.OutputTest: Serializable: gnu.testlet.java.io.ObjectInputOutput.Test\$HairyGraph (A = A, B = B, C = C, D = D) (number 2)
FAIL: gnu.testlet.java.io.ObjectInputOutput.OutputTest: Serializable: test(str=null, x=0) (number 2)
FAIL: gnu.testlet.java.io.ObjectInputOutput.OutputTest: Unserializable: gnu.testlet.java.io.ObjectInputOutput.Test\$BadField (x = 0, y = 0, o = null) (number 1)
FAIL: gnu.testlet.java.io.ObjectInputOutput.SerTest (number 1)
FAIL: gnu.testlet.java.io.ObjectInputOutput.SerTest (number 2)
FAIL: gnu.testlet.java.io.ObjectStreamClass.ProxyTest: uncaught exception at number 1: java.lang.InternalError: Unexpected: java.lang.NoSuchMethodException: defineClass
FAIL: gnu.testlet.java.io.OutputStreamWriter.jdk11: OutputStreamWriter(writer, encoding) (number 1)
FAIL: gnu.testlet.java.io.OutputStreamWriter.jdk11: OutputStreamWriter(writer, encoding) // alias (number 1)
FAIL: gnu.testlet.java.lang.Class.reflect: getMethod (number 5)
FAIL: gnu.testlet.java.lang.Class.reflect: getMethod with superinterface (number 1)
FAIL: gnu.testlet.java.lang.Double.DoubleTest: uncaught exception at "Error: test_remainder failed 10" number 2: java.lang.NullPointerException
FAIL: gnu.testlet.java.lang.Float.FloatTest: Error: test_shortbyteValue failed - 5 (number 1)
FAIL: gnu.testlet.java.lang.Math.MathTest: Error : test_pow failed - 9 (number 1)
FAIL: gnu.testlet.java.lang.Math.max (number 2)
FAIL: gnu.testlet.java.lang.Math.max (number 18)
FAIL: gnu.testlet.java.lang.String.hash (number 2)
FAIL: gnu.testlet.java.lang.String.surrogate (number 1)
FAIL: gnu.testlet.java.lang.reflect.Method.equals: uncaught exception at number 1: java.lang.RuntimeException: Warning - no such method: class gnu.testlet.java.lang.reflect.Method.equals, q
FAIL: gnu.testlet.java.lang.reflect.Method.invoke: returns_void (number 1)
FAIL: gnu.testlet.java.lang.reflect.Method.invoke: returns_void (number 2)
FAIL: gnu.testlet.java.lang.reflect.Method.toString: uncaught exception at "method with multiple array dims in argument" number 1: java.lang.NullPointerException
FAIL: gnu.testlet.java.net.DatagramSocket.DatagramSocketTest2: Expected IOException (number 1)
FAIL: gnu.testlet.java.net.DatagramSocket.DatagramSocketTest2: uncaught exception at "invalid_send_data" number 4: java.lang.IllegalArgumentException: Invalid length: -1
FAIL: gnu.testlet.java.net.Socket.SocketTest: Error : test_params failed - 1 get port did not return proper values (number 1)
FAIL: gnu.testlet.java.net.Socket.jdk13: unexpected error: Success (number 1)
FAIL: gnu.testlet.java.net.URL.URLTest: I want my Apache server! (number 1)
FAIL: gnu.testlet.java.net.URL.URLTest: Content must be text/html (number 1)
FAIL: gnu.testlet.java.net.URL.URLTest: getContent() threw Exception (number 1)
FAIL: gnu.testlet.java.net.URL.URLTest: Error in test_openStream - 2 exception should not be thrown here (number 1)
FAIL: gnu.testlet.java.net.URLClassLoader.getResourceRemote: URL file path ends with /mauve/testarea/testresource (number 1)
FAIL: gnu.testlet.java.net.URLClassLoader.getResourceRemote: ./testresource (number 1)
FAIL: gnu.testlet.java.net.URLClassLoader.getResourceRemote: ./testresource (number 1)
FAIL: gnu.testlet.java.net.URLClassLoader.getResourceRemote: URL file path ends with /mauve/testarea/testdir/resourceindir (number 1)
FAIL: gnu.testlet.java.net.URLClassLoader.getResourceRemote: ./testdir/resourceindir (number 1)
FAIL: gnu.testlet.java.net.URLClassLoader.getResourceRemote: testdir/./resourceindir (number 1)
FAIL: gnu.testlet.java.net.URLClassLoader.getResourceRemote: testdir/../testdir/resourceindir (number 1)
FAIL: gnu.testlet.java.net.URLClassLoader.getResourceRemote: testdir///resourceindir (number 1)
FAIL: gnu.testlet.java.net.URLClassLoader.getResourceRemote: URL file path ends with /mauve/testarea/remotejar.jar!/remote-jresource (number 1)
FAIL: gnu.testlet.java.net.URLClassLoader.getResourceRemote: URL file path ends with /mauve/testarea/remotejar.jar!/path/in/remote-jar/resourcefile (number 1)
FAIL: gnu.testlet.java.net.URLConnection.URLConnectionTest: Error in test_getContentFunctions - 5 should not have raised exception here (number 1)
FAIL: gnu.testlet.java.net.URLConnection.URLConnectionTest: Error in test_getHeaderField - 0 0 header field wrong (number 1)
FAIL: gnu.testlet.java.net.URLConnection.URLConnectionTest: Error in test_getHeaderField - 10 should not have raised exception here (number 1)
FAIL: gnu.testlet.java.net.URLConnection.URLConnectionTest: Error in test_streams - 1 should not have raised exception here (number 1)
FAIL: gnu.testlet.java.security.AlgorithmParameterGenerator.getInstance14: getInstance("foo", provider) (number 1)
FAIL: gnu.testlet.java.security.AlgorithmParameterGenerator.getInstance14: uncaught exception at "getInstance("foo", provider)" number 2: java.lang.NoClassDefFoundError: loaded class gnu.testlet.java.security.AlgorithmParameterGenerator.MauveAlgorithm was in fact named gnu.testlet.java.security.AlgorithmParameterGenerator.MauveAlgorithm
FAIL: gnu.testlet.java.security.AlgorithmParameters.getInstance14: uncaught exception at "AlgorithmParameters" number 1: java.lang.NoClassDefFoundError: loaded class gnu.testlet.java.security.AlgorithmParameters.MauveAlgorithm was in fact named gnu.testlet.java.security.AlgorithmParameters.MauveAlgorithm
FAIL: gnu.testlet.java.security.KeyFactory.getInstance14: getInstance("foo", provider) (number 1)
FAIL: gnu.testlet.java.security.KeyFactory.getInstance14: getInstance("FOO", provider) (number 1)
FAIL: gnu.testlet.java.security.KeyFactory.getInstance14: getInstance("bar", provider) (number 1)
FAIL: gnu.testlet.java.security.KeyFactory.getInstance14: getInstance("BAR", provider) (number 1)
FAIL: gnu.testlet.java.security.KeyPairGenerator.getInstance14: uncaught exception at "KeyPairGenerator" number 1: java.lang.NoClassDefFoundError: loaded class gnu.testlet.java.security.KeyPairGenerator.MauveAlgorithm was in fact named gnu.testlet.java.security.KeyPairGenerator.MauveAlgorithm
FAIL: gnu.testlet.java.security.MessageDigest.Instance: MauveAlias caught java.security.NoSuchAlgorithmException: MauveAlias (number 1)
FAIL: gnu.testlet.java.security.MessageDigest.Instance: MAUVEALIAS caught java.security.NoSuchAlgorithmException: MAUVEALIAS (number 1)
FAIL: gnu.testlet.java.security.MessageDigest.Instance: MauveAlias Mauve-Test-Provider-Digest caught java.security.NoSuchAlgorithmException: MauveAlias (number 1)
FAIL: gnu.testlet.java.security.MessageDigest.Instance: MAUVEALIAS Mauve-Test-Provider-Digest caught java.security.NoSuchAlgorithmException: MAUVEALIAS (number 1)
FAIL: gnu.testlet.java.security.SecureRandom.Instance: uncaught exception at number 1: java.lang.InternalError: no SHA implementation found
FAIL: gnu.testlet.java.security.SecureRandom.SHA1PRNG: found implementation (number 1)
FAIL: gnu.testlet.java.security.SecureRandom.SHA1PRNG: no implementation found (number 1)
FAIL: gnu.testlet.java.security.Security.getAlgorithms: getAlgorithms("Tea") (number 1)
FAIL: gnu.testlet.java.security.Security.property: uncaught exception at number 1: java.lang.NullPointerException
FAIL: gnu.testlet.java.security.Signature.getInstance14: getInstance("foo", provider) (number 1)
FAIL: gnu.testlet.java.security.Signature.getInstance14: getInstance("FOO", provider) (number 1)
FAIL: gnu.testlet.java.security.Signature.getInstance14: getInstance("bar", provider) (number 1)
FAIL: gnu.testlet.java.security.Signature.getInstance14: getInstance("BAR", provider) (number 1)
FAIL: gnu.testlet.java.text.SimpleDateFormat.regress: uncaught exception at "parsing regression" number 2: java.lang.StringIndexOutOfBoundsException: String index out of range: 3
FAIL: gnu.testlet.java.util.ArrayList.serial (number 1)
FAIL: gnu.testlet.java.util.HashMap.AcuniaHashMapTest: test key and value pairs -- 2 (number 1)
FAIL: gnu.testlet.java.util.HashMap.AcuniaHashMapTest: test key and value pairs -- 3 (number 1)
FAIL: gnu.testlet.java.util.HashMap.AcuniaHashMapTest: checking get -- 3 (number 1)
FAIL: gnu.testlet.java.util.HashMap.AcuniaHashMapTest: checking get -- 4 (number 1)
FAIL: gnu.testlet.java.util.Properties.AcuniaPropertiesTest: uncaught exception at "nothing in there" number 2: java.lang.NullPointerException
FAIL: gnu.testlet.java.util.Properties.load (number 3)
=== libjava Summary ===
# of expected passes 15028
# of unexpected failures 89
# of unexpected successes 2
# of expected failures 907
# of untested testcases 13
=== libstdc++-v3 tests ===
Running target unix
FAIL: 22_locale/codecvt/unicode/char.cc execution test
FAIL: 22_locale/codecvt/unicode/wchar_t.cc execution test
FAIL: 22_locale/ctype/is/wchar_t/wrapped_env.cc execution test
XPASS: 26_numerics/c99_classification_macros_c.cc (test for excess errors)
=== libstdc++-v3 Summary ===
# of expected passes 1765
# of unexpected failures 3
# of unexpected successes 1
# of expected failures 1
Compiler version: 3.4 20030428 (experimental)
Platform: s390-ibm-linux-gnu
configure flags: --enable-__cxa_atexit --prefix=/home/weigand/fsf/gcc-head-install