This is the mail archive of the gcc-testresults@gcc.gnu.org mailing list for the GCC project.


Index Nav: [Date Index] [Subject Index] [Author Index] [Thread Index]
Message Nav: [Date Prev] [Date Next] [Thread Prev] [Thread Next]
Other format: [Raw text]

Results for 3.2.3 testsuite on ia64-unknown-linux-gnu


LAST_UPDATED: 
Native configuration is ia64-unknown-linux-gnu

		=== g++ tests ===


Running target unix
XPASS: g++.other/init5.C  Execution test
FAIL: g++.pt/repo3.C (test for excess errors)

		=== g++ Summary ===

# of expected passes		7186
# of unexpected failures	1
# of unexpected successes	1
# of expected failures		88
# of untested testcases		23
# of unsupported tests		6
/build/buildd/gcc-3.2-3.2.3ds9/build/gcc/testsuite/../g++ version 3.2.3

		=== g77 tests ===


Running target unix

		=== g77 Summary ===

# of expected passes		1458
# of unsupported tests		8
/build/buildd/gcc-3.2-3.2.3ds9/build/gcc/testsuite/../g77 version 3.2.3

		=== gcc tests ===


Running target unix
XPASS: gcc.dg/c99-intconst-1.c (test for excess errors)

		=== gcc Summary ===

# of expected passes		18500
# of unexpected successes	1
# of expected failures		83
# of unsupported tests		121
/build/buildd/gcc-3.2-3.2.3ds9/build/gcc/xgcc version 3.2.3

		=== objc tests ===


Running target unix

		=== objc Summary ===

# of expected passes		1035
# of expected failures		6
/build/buildd/gcc-3.2-3.2.3ds9/build/gcc/xgcc version 3.2.3

		=== libjava tests ===


Running target unix

		=== libjava Summary ===

# of expected passes		2061
# of expected failures		18
# of untested testcases		14
		=== libstdc++-v3 tests ===


Running target unix
XPASS: 22_locale/collate_byname.cc execution test
XPASS: 22_locale/collate_members_char.cc execution test
XPASS: 22_locale/collate_members_wchar_t.cc execution test
XPASS: 22_locale/ctype_is_char.cc execution test
XPASS: 22_locale/ctype_is_wchar_t.cc execution test
XPASS: 22_locale/members.cc execution test
XPASS: 22_locale/messages_byname.cc execution test
XPASS: 22_locale/messages_members_char.cc execution test
XPASS: 22_locale/moneypunct_byname.cc execution test
XPASS: 22_locale/moneypunct_members_char.cc execution test
XPASS: 22_locale/moneypunct_members_wchar_t.cc execution test
XPASS: 22_locale/numpunct_byname.cc execution test
XPASS: 22_locale/numpunct_members_char.cc execution test
XPASS: 22_locale/numpunct_members_wchar_t.cc execution test
FAIL: 26_numerics/c99_classification_macros_c.cc (test for excess errors)

		=== libstdc++-v3 Summary ===

# of expected passes		432
# of unexpected failures	1
# of unexpected successes	14
# of expected failures		12

Compiler version: 3.2.3 
Platform: ia64-unknown-linux-gnu
configure flags: --host=ia64-linux -v --enable-languages=c,c++,java,f77,objc,ada --prefix=/usr --mandir=/usr/share/man --infodir=/usr/share/info --with-gxx-include-dir=/usr/include/c++/3.2 --enable-shared --with-system-zlib --enable-nls --without-included-gettext --enable-__cxa_atexit --enable-clocale=gnu --enable-java-gc=boehm --enable-objc-gc
BOOT_CFLAGS=-O2 

Patches that Debian applied in this version:

gcc-names:
  versioned gcc names

gcc-version:
  Add "(Debian)" to the gcc version string

fastjar-doc:
  Add fastjar(1) and grepjar(1) documentation

libstdc++-incdir:
  Propagate gxx_include_dir to the libstdc++ subdirectory.

libstdc++-pic:
  Build and install libstdc++_pic.a library.

libstdc++-doclink:
  link local libstdc++ documentation to local source-level documentation 

gcc-line-numbers:
  Richard Henderson <rth at redhat dot com>
  * integrate.c (output_inline_function): Reset input_filename
  and lineno from the decl before rest_of_compilation.

gccbug:
  Use sensible-editor instead of vi as fallback editor

arm-update:
  2002-09-21  Richard Earnshaw  (rearnsha at arm dot com)
  
  	PR opt/7930
  	* cse.c (fold_rtx): Calculate old_cost before we fold each
  	operand.

hppa-fptr:
  Handle function pointer comparisions on hppa properly
  Backported from gcc-3.3 branch
  http://gcc.gnu.org/ml/gcc-cvs/2002-12/msg00157.html
  http://gcc.gnu.org/ml/gcc-cvs/2002-12/msg00195.html

gcj-debian-policy:
  add /usr/share/java/repository to the classpath.

gcj-names:
  versioned gcj info names

gcj-without-rpath:
  don't define runtime link path for java binaries and libraries

gcj-manpage:
  Fix typo in gcj documentation.

gij-classpath:
  Add -cp and -classpath options for gij(1).

backport-java-6865:
  2002-06-09  Tom Tromey  <tromey at redhat dot com>
  
  	* parse.y (method_header): Give error message in all cases.
  	Fixes PR java/6865.

libobjc:
  Find header file for Boehm garbage collector.

g77-names:
  versioned g77 names

ada-gcc-name:
  use gcc-3.2 instead of gcc and gnatXXX-3.15 instead of gnatXXX
  as the command names.

reporting:
  <compiler> --help gives hint to /usr/share/doc/debian/bug-reporting.txt

autoreconf:
  autoreconf several directories for proper mipsen libtool support

Counting all warnings,
there are 61 warnings in stage3 of this bootstrap.

Number of warnings per file:
     18	gcc/combine.c
     10	gcc/regclass.c
      4	./intdoc.texi
      3	gcc/reload1.c
      2	gcc/unwind.h
      2	gcc/reload.c
      2	gcc/gcc.c
      2	gcc/fold-const.c
      2	gcc/ada/a-except.adb
      1	gcc/varasm.c
      1	gcc/toplev.c
      1	gcc/sched-deps.c
      1	gcc/regmove.c
      1	gcc/profile.c
      1	gcc/objc/lang-specs.h
      1	gcc/java/jvspec.c
      1	gcc/ggc-page.c
      1	gcc/expr.c
      1	gcc/cppexp.c
      1	gcc/cp/lang-specs.h
      1	gcc/cp/init.c
      1	gcc/cp/class.c
      1	gcc/config/ia64/fde-glibc.c
      1	gcc/calls.c
      1	auto-host.h

Number of warning types:
     31	comparison between signed and unsigned
      5	string length `???' is greater than the length `???' ISO C89 compilers are required to support
      4	`???' might be used uninitialized in this function
      3	unused variable `???'
      3	unused parameter `???'
      3	signed and unsigned type in conditional expression
      2	unlikely character ) in @var.
      2	unlikely character ( in @var.
      1	this is the location of the previous definition
      1	pointer targets in passing arg ??? of `???' differ in signedness
      1	function declaration isn't a prototype
      1	comparison of unsigned expression < 0 is always false
      1	argument `???' might be clobbered by `longjmp' or `vfork'
      1	`long' switch expression not converted to `int' in ISO C
      1	`_GNU_SOURCE' redefined
      1	??? format, ??? arg (arg ???)


Index Nav: [Date Index] [Subject Index] [Author Index] [Thread Index]
Message Nav: [Date Prev] [Date Next] [Thread Prev] [Thread Next]