This is the mail archive of the gcc-testresults@gcc.gnu.org mailing list for the GCC project.


Index Nav: [Date Index] [Subject Index] [Author Index] [Thread Index]
Message Nav: [Date Prev] [Date Next] [Thread Prev] [Thread Next]
Other format: [Raw text]

Results for 3.2.3 testsuite on hppa-unknown-linux-gnu


LAST_UPDATED: 
Native configuration is hppa-unknown-linux-gnu

		=== g++ tests ===


Running target unix
XPASS: g++.mike/eh33.C (test for excess errors)
XPASS: g++.mike/eh33.C  Execution test
XPASS: g++.mike/eh50.C (test for excess errors)
XPASS: g++.mike/eh50.C  Execution test
XPASS: g++.other/init5.C  Execution test

		=== g++ Summary ===

# of expected passes		7345
# of unexpected successes	5
# of expected failures		88
# of untested testcases		23
# of unsupported tests		6
/home/packages/gcc/3.2/gcc-3.2-3.2.3ds9/build/gcc/testsuite/../g++ version 3.2.3

		=== g77 tests ===


Running target unix

		=== g77 Summary ===

# of expected passes		1458
# of unsupported tests		8
/home/packages/gcc/3.2/gcc-3.2-3.2.3ds9/build/gcc/testsuite/../g77 version 3.2.3

		=== gcc tests ===


Running target unix
FAIL: gcc.c-torture/execute/20020307-2.c compilation,  -O0 
UNRESOLVED: gcc.c-torture/execute/20020307-2.c execution,  -O0 
FAIL: gcc.c-torture/execute/20020307-2.c compilation,  -O1 
UNRESOLVED: gcc.c-torture/execute/20020307-2.c execution,  -O1 
FAIL: gcc.c-torture/execute/20020307-2.c compilation,  -O2 
UNRESOLVED: gcc.c-torture/execute/20020307-2.c execution,  -O2 
FAIL: gcc.c-torture/execute/20020307-2.c compilation,  -O3 -fomit-frame-pointer 
UNRESOLVED: gcc.c-torture/execute/20020307-2.c execution,  -O3 -fomit-frame-pointer 
FAIL: gcc.c-torture/execute/20020307-2.c compilation,  -O3 -fomit-frame-pointer -funroll-loops 
UNRESOLVED: gcc.c-torture/execute/20020307-2.c execution,  -O3 -fomit-frame-pointer -funroll-loops 
FAIL: gcc.c-torture/execute/20020307-2.c compilation,  -O3 -fomit-frame-pointer -funroll-all-loops -finline-functions 
UNRESOLVED: gcc.c-torture/execute/20020307-2.c execution,  -O3 -fomit-frame-pointer -funroll-all-loops -finline-functions 
FAIL: gcc.c-torture/execute/20020307-2.c compilation,  -O3 -g 
UNRESOLVED: gcc.c-torture/execute/20020307-2.c execution,  -O3 -g 
FAIL: gcc.c-torture/execute/20020307-2.c compilation,  -Os 
UNRESOLVED: gcc.c-torture/execute/20020307-2.c execution,  -Os 
FAIL: gcc.c-torture/execute/arith-rand.c execution,  -O0 
FAIL: gcc.c-torture/execute/arith-rand.c execution,  -O1 
FAIL: gcc.c-torture/execute/arith-rand.c execution,  -O2 
FAIL: gcc.c-torture/execute/arith-rand.c execution,  -O3 -fomit-frame-pointer 
FAIL: gcc.c-torture/execute/arith-rand.c execution,  -O3 -fomit-frame-pointer -funroll-loops 
FAIL: gcc.c-torture/execute/arith-rand.c execution,  -O3 -fomit-frame-pointer -funroll-all-loops -finline-functions 
FAIL: gcc.c-torture/execute/arith-rand.c execution,  -O3 -g 
FAIL: gcc.c-torture/execute/arith-rand.c execution,  -Os 
FAIL: gcc.c-torture/execute/va-arg-22.c execution,  -O0 
FAIL: gcc.c-torture/execute/va-arg-22.c execution,  -O1 
FAIL: gcc.c-torture/execute/va-arg-22.c execution,  -O2 
FAIL: gcc.c-torture/execute/va-arg-22.c execution,  -O3 -fomit-frame-pointer 
FAIL: gcc.c-torture/execute/va-arg-22.c execution,  -O3 -fomit-frame-pointer -funroll-loops 
FAIL: gcc.c-torture/execute/va-arg-22.c execution,  -O3 -fomit-frame-pointer -funroll-all-loops -finline-functions 
FAIL: gcc.c-torture/execute/va-arg-22.c execution,  -O3 -g 
FAIL: gcc.c-torture/execute/va-arg-22.c execution,  -Os 
FAIL: gcc.dg/20020312-2.c (test for excess errors)
WARNING: gcc.dg/20020312-2.c compilation failed to produce executable
FAIL: gcc.dg/asm-names.c (test for excess errors)

		=== gcc Summary ===

# of expected passes		18805
# of unexpected failures	26
# of expected failures		74
# of unresolved testcases	8
# of unsupported tests		128
/home/packages/gcc/3.2/gcc-3.2-3.2.3ds9/build/gcc/xgcc version 3.2.3

		=== objc tests ===


Running target unix

		=== objc Summary ===

# of expected passes		1035
# of expected failures		6
/home/packages/gcc/3.2/gcc-3.2-3.2.3ds9/build/gcc/xgcc version 3.2.3

		=== libstdc++-v3 tests ===


Running target unix
XPASS: 22_locale/collate_byname.cc execution test
XPASS: 22_locale/collate_members_char.cc execution test
XPASS: 22_locale/collate_members_wchar_t.cc execution test
XPASS: 22_locale/ctype_is_char.cc execution test
XPASS: 22_locale/members.cc execution test
XPASS: 22_locale/messages_byname.cc execution test
XPASS: 22_locale/messages_members_char.cc execution test
XPASS: 22_locale/moneypunct_byname.cc execution test
XPASS: 22_locale/moneypunct_members_char.cc execution test
XPASS: 22_locale/moneypunct_members_wchar_t.cc execution test
XPASS: 22_locale/numpunct_byname.cc execution test
XPASS: 22_locale/numpunct_members_char.cc execution test
XPASS: 22_locale/numpunct_members_wchar_t.cc execution test
FAIL: 26_numerics/c99_classification_macros_c.cc (test for excess errors)

		=== libstdc++-v3 Summary ===

# of expected passes		432
# of unexpected failures	1
# of unexpected successes	13
# of expected failures		13

Compiler version: 3.2.3 
Platform: hppa-unknown-linux-gnu
configure flags: --host=hppa-linux -v --enable-languages=c,c++,f77,objc,ada --prefix=/usr --mandir=/usr/share/man --infodir=/usr/share/info --with-gxx-include-dir=/usr/include/c++/3.2 --enable-shared --with-system-zlib --enable-nls --without-included-gettext --enable-__cxa_atexit --enable-clocale=gnu --enable-objc-gc
BOOT_CFLAGS=-O2 

Patches that Debian applied in this version:

gcc-names:
  versioned gcc names

gcc-version:
  Add "(Debian)" to the gcc version string

fastjar-doc:
  Add fastjar(1) and grepjar(1) documentation

libstdc++-incdir:
  Propagate gxx_include_dir to the libstdc++ subdirectory.

libstdc++-pic:
  Build and install libstdc++_pic.a library.

libstdc++-doclink:
  link local libstdc++ documentation to local source-level documentation 

gcc-line-numbers:
  Richard Henderson <rth at redhat dot com>
  * integrate.c (output_inline_function): Reset input_filename
  and lineno from the decl before rest_of_compilation.

gccbug:
  Use sensible-editor instead of vi as fallback editor

arm-update:
  2002-09-21  Richard Earnshaw  (rearnsha at arm dot com)
  
  	PR opt/7930
  	* cse.c (fold_rtx): Calculate old_cost before we fold each
  	operand.

hppa-fptr:
  Handle function pointer comparisions on hppa properly
  Backported from gcc-3.3 branch
  http://gcc.gnu.org/ml/gcc-cvs/2002-12/msg00157.html
  http://gcc.gnu.org/ml/gcc-cvs/2002-12/msg00195.html

libobjc:
  Find header file for Boehm garbage collector.

g77-names:
  versioned g77 names

ada-gcc-name:
  use gcc-3.2 instead of gcc and gnatXXX-3.15 instead of gnatXXX
  as the command names.

reporting:
  <compiler> --help gives hint to /usr/share/doc/debian/bug-reporting.txt

autoreconf:
  autoreconf several directories for proper mipsen libtool support

Counting all warnings,
there are 69 warnings in stage3 of this bootstrap.

Number of warnings per file:
     23	gcc/combine.c
     10	gcc/regclass.c
      4	gcc/gcc.c
      4	./intdoc.texi
      3	gcc/reload1.c
      3	gcc/function.c
      2	gcc/reload.c
      2	gcc/fold-const.c
      2	gcc/crtstuff.c
      2	gcc/ada/a-except.adb
      1	gcc/unwind-pe.h
      1	gcc/sched-deps.c
      1	gcc/regmove.c
      1	gcc/recog.c
      1	gcc/profile.c
      1	gcc/objc/lang-specs.h
      1	gcc/expr.c
      1	gcc/emit-rtl.c
      1	gcc/cp/lang-specs.h
      1	gcc/cp/init.c
      1	gcc/cp/class.c
      1	gcc/config/pa/pa.c
      1	gcc/calls.c
      1	fptr.c

Number of warning types:
     40	comparison between signed and unsigned
      7	signed and unsigned type in conditional expression
      4	string length `???' is greater than the length `???' ISO C89 compilers are required to support
      4	`???' might be used uninitialized in this function
      3	unused variable `???'
      3	`???' defined but not used
      2	unlikely character ) in @var.
      2	unlikely character ( in @var.
      1	unused parameter `???'
      1	pointer targets in passing arg ??? of `???' differ in signedness
      1	function declaration isn't a prototype
      1	`???' attribute directive ignored


Index Nav: [Date Index] [Subject Index] [Author Index] [Thread Index]
Message Nav: [Date Prev] [Date Next] [Thread Prev] [Thread Next]