This is the mail archive of the gcc-testresults@gcc.gnu.org mailing list for the GCC project.


Index Nav: [Date Index] [Subject Index] [Author Index] [Thread Index]
Message Nav: [Date Prev] [Date Next] [Thread Prev] [Thread Next]
Other format: [Raw text]

Results for 3.4 20030425 (experimental) testsuite on ia64-unknown-linux-gnu


LAST_UPDATED: Fri Apr 25 22:55:40 UTC 2003

Native configuration is ia64-unknown-linux-gnu

		=== g77 tests ===


Running target unix
FAIL: g77.f-torture/execute/980520-1.f compilation,  -O0 

		=== g77 Summary ===

# of expected passes		1690
# of unexpected failures	1
# of untested testcases		1
# of unsupported tests		8
/export/build/gnu/gcc/build-ia64-linux/gcc/testsuite/../g77 version 3.4 20030425 (experimental)

		=== gcc tests ===


Running target unix
XPASS: gcc.c-torture/compile/920625-1.c,  -O2  
XPASS: gcc.c-torture/compile/920625-1.c,  -O3 -fomit-frame-pointer  
XPASS: gcc.c-torture/compile/920625-1.c,  -O3 -fomit-frame-pointer -funroll-loops  
XPASS: gcc.c-torture/compile/920625-1.c,  -O3 -fomit-frame-pointer -funroll-all-loops -finline-functions  
XPASS: gcc.c-torture/compile/920625-1.c,  -O3 -g  
FAIL: gcc.c-torture/compile/930117-1.c,  -O1  
XPASS: gcc.c-torture/compile/981223-1.c,  -O2  
XPASS: gcc.c-torture/compile/981223-1.c,  -O3 -fomit-frame-pointer  
XPASS: gcc.c-torture/compile/981223-1.c,  -O3 -g  
XPASS: gcc.c-torture/compile/981223-1.c,  -Os  
XPASS: gcc.c-torture/execute/990208-1.c execution,  -O3 -fomit-frame-pointer 
XPASS: gcc.c-torture/execute/990208-1.c execution,  -O3 -g 
FAIL: gcc.dg/builtins-10.c (test for excess errors)
FAIL: gcc.dg/duff-2.c (test for excess errors)

		=== gcc Summary ===

# of expected passes		21460
# of unexpected failures	3
# of unexpected successes	11
# of expected failures		82
# of unsupported tests		194
/export/build/gnu/gcc/build-ia64-linux/gcc/xgcc version 3.4 20030425 (experimental)

		=== g++ tests ===


Running target unix
FAIL: g++.oliva/template1.C instantiated from here (test for errors, line 15)

		=== g++ Summary ===

# of expected passes		8218
# of unexpected failures	1
# of expected failures		68
# of untested testcases		23
# of unsupported tests		19
/export/build/gnu/gcc/build-ia64-linux/gcc/testsuite/../g++ version 3.4 20030425 (experimental)

		=== objc tests ===


Running target unix

		=== objc Summary ===

# of expected passes		1156
/export/build/gnu/gcc/build-ia64-linux/gcc/xgcc version 3.4 20030425 (experimental)

		=== libjava tests ===


Running target unix
FAIL: longfield run
FAIL: shortfield run
FAIL: calls run
FAIL: cxxtest run
FAIL: field run
FAIL: final_method run
FAIL: findclass run
FAIL: invoke run
FAIL: martin run
FAIL: noclass run
FAIL: overload run
FAIL: register run
FAIL: simple_int run
FAIL: throwit run
FAIL: virtual run
FAIL: ArrayStore execution - source compiled test
FAIL: ArrayStore execution - bytecode->native test
FAIL: ArrayStore -O execution - source compiled test
FAIL: ArrayStore -O execution - bytecode->native test
FAIL: ArrayStore2 execution - source compiled test
FAIL: ArrayStore2 execution - bytecode->native test
FAIL: ArrayStore2 -O execution - source compiled test
FAIL: ArrayStore2 -O execution - bytecode->native test
FAIL: Array_1 execution - source compiled test
FAIL: Array_1 execution - bytecode->native test
FAIL: Array_1 -O execution - source compiled test
FAIL: Array_1 -O execution - bytecode->native test
FAIL: Array_2 execution - source compiled test
FAIL: Array_2 execution - bytecode->native test
FAIL: Array_2 -O execution - source compiled test
FAIL: Array_2 -O execution - bytecode->native test
FAIL: Array_3 execution - source compiled test
FAIL: Array_3 execution - bytecode->native test
FAIL: Array_3 -O execution - source compiled test
FAIL: Array_3 -O execution - bytecode->native test
FAIL: Class_1 execution - source compiled test
FAIL: Class_1 execution - bytecode->native test
FAIL: Class_1 -O execution - source compiled test
FAIL: Class_1 -O execution - bytecode->native test
FAIL: CompareNaN execution - source compiled test
FAIL: CompareNaN execution - bytecode->native test
FAIL: CompareNaN -O execution - source compiled test
FAIL: CompareNaN -O execution - bytecode->native test
FAIL: Divide_1 execution - source compiled test
FAIL: Divide_1 execution - bytecode->native test
FAIL: Divide_1 -O execution - source compiled test
FAIL: Divide_1 -O execution - bytecode->native test
FAIL: EvaluationOrder execution - source compiled test
FAIL: EvaluationOrder execution - bytecode->native test
FAIL: EvaluationOrder -O execution - source compiled test
FAIL: EvaluationOrder -O execution - bytecode->native test
FAIL: FileHandleGcTest execution - source compiled test
FAIL: FileHandleGcTest execution - bytecode->native test
FAIL: FileHandleGcTest -O execution - source compiled test
FAIL: FileHandleGcTest -O execution - bytecode->native test
FAIL: Final execution - source compiled test
FAIL: Final execution - bytecode->native test
FAIL: Final -O execution - source compiled test
FAIL: Final -O execution - bytecode->native test
FAIL: Float_1 execution - source compiled test
FAIL: Float_1 execution - bytecode->native test
FAIL: Float_1 -O execution - source compiled test
FAIL: Float_1 -O execution - bytecode->native test
FAIL: G19990301_01 execution - source compiled test
FAIL: G19990301_01 execution - bytecode->native test
FAIL: G19990301_01 -O execution - source compiled test
FAIL: G19990301_01 -O execution - bytecode->native test
FAIL: G19990302_02 execution - source compiled test
FAIL: G19990302_02 execution - bytecode->native test
FAIL: G19990302_02 -O execution - source compiled test
FAIL: G19990302_02 -O execution - bytecode->native test
FAIL: G19990303_01 execution - source compiled test
FAIL: G19990303_01 execution - bytecode->native test
FAIL: G19990303_01 -O execution - source compiled test
FAIL: G19990303_01 -O execution - bytecode->native test
FAIL: G19990303_02 execution - source compiled test
FAIL: G19990303_02 execution - bytecode->native test
FAIL: G19990303_02 -O execution - source compiled test
FAIL: G19990303_02 -O execution - bytecode->native test
FAIL: G19990304_01 execution - source compiled test
FAIL: G19990304_01 execution - bytecode->native test
FAIL: G19990304_01 -O execution - source compiled test
FAIL: G19990304_01 -O execution - bytecode->native test
FAIL: G19990310_01 execution - source compiled test
FAIL: G19990310_01 execution - bytecode->native test
FAIL: G19990310_01 -O execution - source compiled test
FAIL: G19990310_01 -O execution - bytecode->native test
FAIL: II execution - source compiled test
FAIL: II execution - bytecode->native test
FAIL: II -O execution - source compiled test
FAIL: II -O execution - bytecode->native test
FAIL: InterfaceDispatch execution - source compiled test
FAIL: InterfaceDispatch execution - bytecode->native test
FAIL: InterfaceDispatch -O execution - source compiled test
FAIL: InterfaceDispatch -O execution - bytecode->native test
FAIL: InvokeReturn execution - source compiled test
FAIL: InvokeReturn execution - bytecode->native test
FAIL: InvokeReturn -O execution - source compiled test
FAIL: InvokeReturn -O execution - bytecode->native test
FAIL: Invoke_1 execution - source compiled test
FAIL: Invoke_1 execution - bytecode->native test
FAIL: Invoke_1 -O execution - source compiled test
FAIL: Invoke_1 -O execution - bytecode->native test
FAIL: Invoke_2 execution - source compiled test
FAIL: Invoke_2 execution - bytecode->native test
FAIL: Invoke_2 -O execution - source compiled test
FAIL: Invoke_2 -O execution - bytecode->native test
FAIL: KeepInline execution - source compiled test
FAIL: KeepInline execution - bytecode->native test
FAIL: KeepInline -O execution - source compiled test
FAIL: KeepInline -O execution - bytecode->native test
FAIL: Matrix4f execution - source compiled test
FAIL: Matrix4f execution - bytecode->native test
FAIL: Matrix4f -O execution - source compiled test
FAIL: Matrix4f -O execution - bytecode->native test
FAIL: N19990310_02 execution - source compiled test
FAIL: N19990310_02 execution - bytecode->native test
FAIL: N19990310_02 -O execution - source compiled test
FAIL: N19990310_02 -O execution - bytecode->native test
FAIL: N19990310_3 execution - source compiled test
FAIL: N19990310_3 execution - bytecode->native test
FAIL: N19990310_3 -O execution - source compiled test
FAIL: N19990310_3 -O execution - bytecode->native test
FAIL: N19990310_4 execution - source compiled test
FAIL: N19990310_4 execution - bytecode->native test
FAIL: N19990310_4 -O execution - source compiled test
FAIL: N19990310_4 -O execution - bytecode->native test
FAIL: N19990310_5 execution - source compiled test
FAIL: N19990310_5 execution - bytecode->native test
FAIL: N19990310_5 -O execution - source compiled test
FAIL: N19990310_5 -O execution - bytecode->native test
FAIL: PR141 execution - source compiled test
FAIL: PR141 execution - bytecode->native test
FAIL: PR141 -O execution - source compiled test
FAIL: PR141 -O execution - bytecode->native test
FAIL: PR160 execution - source compiled test
FAIL: PR160 execution - bytecode->native test
FAIL: PR160 -O execution - source compiled test
FAIL: PR160 -O execution - bytecode->native test
FAIL: PR162 execution - source compiled test
FAIL: PR162 execution - bytecode->native test
FAIL: PR162 -O execution - source compiled test
FAIL: PR162 -O execution - bytecode->native test
FAIL: PR218 execution - source compiled test
FAIL: PR218 execution - bytecode->native test
FAIL: PR218 -O execution - source compiled test
FAIL: PR218 -O execution - bytecode->native test
FAIL: PR242 execution - source compiled test
FAIL: PR242 execution - bytecode->native test
FAIL: PR242 -O execution - source compiled test
FAIL: PR242 -O execution - bytecode->native test
FAIL: PR260 execution - source compiled test
FAIL: PR260 execution - bytecode->native test
FAIL: PR260 -O execution - source compiled test
FAIL: PR260 -O execution - bytecode->native test
FAIL: PR3096 execution - source compiled test
FAIL: PR3096 execution - bytecode->native test
FAIL: PR3096 -O execution - source compiled test
FAIL: PR3096 -O execution - bytecode->native test
FAIL: PR3731 execution - source compiled test
FAIL: PR3731 execution - bytecode->native test
FAIL: PR3731 -O execution - source compiled test
FAIL: PR3731 -O execution - bytecode->native test
FAIL: PR5057 execution - source compiled test
FAIL: PR5057 execution - bytecode->native test
FAIL: PR5057 -O execution - source compiled test
FAIL: PR5057 -O execution - bytecode->native test
FAIL: PR5057_2 execution - source compiled test
FAIL: PR5057_2 execution - bytecode->native test
FAIL: PR5057_2 -O execution - source compiled test
FAIL: PR5057_2 -O execution - bytecode->native test
FAIL: PR55 execution - source compiled test
FAIL: PR55 execution - bytecode->native test
FAIL: PR55 -O execution - source compiled test
FAIL: PR55 -O execution - bytecode->native test
FAIL: PR56 execution - source compiled test
FAIL: PR56 execution - bytecode->native test
FAIL: PR56 -O execution - source compiled test
FAIL: PR56 -O execution - bytecode->native test
FAIL: PR6085 execution - source compiled test
FAIL: PR6085 execution - bytecode->native test
FAIL: PR6085 -O execution - source compiled test
FAIL: PR6085 -O execution - bytecode->native test
FAIL: PR6204 execution - source compiled test
FAIL: PR6204 execution - bytecode->native test
FAIL: PR6204 -O execution - source compiled test
FAIL: PR6204 -O execution - bytecode->native test
FAIL: PR6729 execution - source compiled test
FAIL: PR6729 execution - bytecode->native test
FAIL: PR6729 -O execution - source compiled test
FAIL: PR6729 -O execution - bytecode->native test
FAIL: PR6820 execution - source compiled test
FAIL: PR6820 execution - bytecode->native test
FAIL: PR6820 -O execution - source compiled test
FAIL: PR6820 -O execution - bytecode->native test
FAIL: Shazam execution - source compiled test
FAIL: Shazam execution - bytecode->native test
FAIL: Shazam -O execution - source compiled test
FAIL: Shazam -O execution - bytecode->native test
FAIL: StaticConstructor execution - source compiled test
FAIL: StaticConstructor execution - bytecode->native test
FAIL: StaticConstructor -O execution - source compiled test
FAIL: StaticConstructor -O execution - bytecode->native test
FAIL: StringBuffer_1 execution - source compiled test
FAIL: StringBuffer_1 execution - bytecode->native test
FAIL: StringBuffer_1 -O execution - source compiled test
FAIL: StringBuffer_1 -O execution - bytecode->native test
FAIL: SyncGlobal execution - source compiled test
FAIL: SyncGlobal execution - bytecode->native test
FAIL: SyncGlobal -O execution - source compiled test
FAIL: SyncGlobal -O execution - bytecode->native test
FAIL: SyncTest execution - source compiled test
WARNING: program timed out.
FAIL: SyncTest execution - gij test
FAIL: SyncTest execution - bytecode->native test
FAIL: SyncTest -O execution - source compiled test
WARNING: program timed out.
FAIL: SyncTest execution - gij test
FAIL: SyncTest -O execution - bytecode->native test
FAIL: Synch execution - source compiled test
FAIL: Synch execution - bytecode->native test
FAIL: Synch -O execution - source compiled test
FAIL: Synch -O execution - bytecode->native test
FAIL: TLtest execution - source compiled test
FAIL: TLtest execution - bytecode->native test
FAIL: TLtest -O execution - source compiled test
FAIL: TLtest -O execution - bytecode->native test
FAIL: TestProxy execution - source compiled test
FAIL: TestProxy execution - bytecode->native test
FAIL: TestProxy -O execution - source compiled test
FAIL: TestProxy -O execution - bytecode->native test
FAIL: Thread_Alive execution - source compiled test
FAIL: Thread_Alive execution - bytecode->native test
FAIL: Thread_Alive -O execution - source compiled test
FAIL: Thread_Alive -O execution - bytecode->native test
FAIL: Thread_Interrupt execution - source compiled test
FAIL: Thread_Interrupt execution - bytecode->native test
FAIL: Thread_Interrupt -O execution - source compiled test
FAIL: Thread_Interrupt -O execution - bytecode->native test
FAIL: Thread_Join execution - source compiled test
FAIL: Thread_Join execution - bytecode->native test
FAIL: Thread_Join -O execution - source compiled test
FAIL: Thread_Join execution - gij test
FAIL: Thread_Join -O execution - bytecode->native test
FAIL: Thread_Monitor execution - source compiled test
FAIL: Thread_Monitor execution - bytecode->native test
FAIL: Thread_Monitor -O execution - source compiled test
FAIL: Thread_Monitor -O execution - bytecode->native test
FAIL: Thread_Sleep execution - source compiled test
FAIL: Thread_Sleep execution - bytecode->native test
FAIL: Thread_Sleep -O execution - source compiled test
FAIL: Thread_Sleep -O execution - bytecode->native test
FAIL: Thread_Wait execution - source compiled test
FAIL: Thread_Wait execution - bytecode->native test
FAIL: Thread_Wait -O execution - source compiled test
FAIL: Thread_Wait -O execution - bytecode->native test
FAIL: Thread_Wait_2 execution - source compiled test
FAIL: Thread_Wait_2 execution - bytecode->native test
FAIL: Thread_Wait_2 -O execution - source compiled test
FAIL: Thread_Wait_2 -O execution - bytecode->native test
FAIL: Thread_Wait_Interrupt execution - source compiled test
FAIL: Thread_Wait_Interrupt execution - bytecode->native test
FAIL: Thread_Wait_Interrupt -O execution - source compiled test
FAIL: Thread_Wait_Interrupt -O execution - bytecode->native test
FAIL: Throw_1 execution - source compiled test
FAIL: Throw_1 execution - bytecode->native test
FAIL: Throw_1 -O execution - source compiled test
FAIL: Throw_1 -O execution - bytecode->native test
FAIL: Throw_2 execution - source compiled test
FAIL: Throw_2 execution - bytecode->native test
FAIL: Throw_2 -O execution - source compiled test
FAIL: Throw_2 -O execution - bytecode->native test
FAIL: anfi execution - source compiled test
FAIL: anfi execution - bytecode->native test
FAIL: anfi -O execution - source compiled test
FAIL: anfi -O execution - bytecode->native test
FAIL: anon execution - source compiled test
FAIL: anon execution - bytecode->native test
FAIL: anon -O execution - source compiled test
FAIL: anon -O execution - bytecode->native test
FAIL: anon2 execution - source compiled test
FAIL: anon2 execution - bytecode->native test
FAIL: anon2 -O execution - source compiled test
FAIL: anon2 -O execution - bytecode->native test
FAIL: anon3 execution - source compiled test
FAIL: anon3 execution - bytecode->native test
FAIL: anon3 -O execution - source compiled test
FAIL: anon3 -O execution - bytecode->native test
FAIL: anon4 execution - source compiled test
FAIL: anon4 execution - bytecode->native test
FAIL: anon4 -O execution - source compiled test
FAIL: anon4 -O execution - bytecode->native test
FAIL: anon_ctor_itf_arg execution - source compiled test
FAIL: anon_ctor_itf_arg execution - bytecode->native test
FAIL: anon_ctor_itf_arg -O execution - source compiled test
FAIL: anon_ctor_itf_arg -O execution - bytecode->native test
FAIL: anonarray execution - source compiled test
FAIL: anonarray execution - bytecode->native test
FAIL: anonarray -O execution - source compiled test
FAIL: anonarray -O execution - bytecode->native test
FAIL: anonarray2 execution - source compiled test
FAIL: anonarray2 execution - bytecode->native test
FAIL: anonarray2 -O execution - source compiled test
FAIL: anonarray2 -O execution - bytecode->native test
FAIL: anonarray3 execution - source compiled test
FAIL: anonarray3 execution - bytecode->native test
FAIL: anonarray3 -O execution - source compiled test
FAIL: anonarray3 -O execution - bytecode->native test
FAIL: direct_read execution - source compiled test
FAIL: direct_read execution - bytecode->native test
FAIL: direct_read -O execution - source compiled test
FAIL: direct_read -O execution - bytecode->native test
FAIL: direct_write execution - source compiled test
FAIL: direct_write execution - bytecode->native test
FAIL: direct_write -O execution - source compiled test
FAIL: direct_write -O execution - bytecode->native test
FAIL: emptystring execution - source compiled test
FAIL: emptystring execution - bytecode->native test
FAIL: emptystring -O execution - source compiled test
FAIL: emptystring -O execution - bytecode->native test
FAIL: err1 execution - source compiled test
FAIL: err1 execution - bytecode->native test
FAIL: err1 -O execution - source compiled test
FAIL: err1 -O execution - bytecode->native test
FAIL: err10 execution - source compiled test
FAIL: err10 execution - bytecode->native test
FAIL: err10 -O execution - source compiled test
FAIL: err10 -O execution - bytecode->native test
FAIL: err11 execution - source compiled test
FAIL: err11 execution - bytecode->native test
FAIL: err11 -O execution - source compiled test
FAIL: err11 -O execution - bytecode->native test
FAIL: err12 execution - source compiled test
FAIL: err12 execution - bytecode->native test
FAIL: err12 -O execution - source compiled test
FAIL: err12 -O execution - bytecode->native test
FAIL: err13 execution - source compiled test
FAIL: err13 execution - bytecode->native test
FAIL: err13 -O execution - source compiled test
FAIL: err13 -O execution - bytecode->native test
FAIL: err2 execution - source compiled test
FAIL: err2 execution - bytecode->native test
FAIL: err2 -O execution - source compiled test
FAIL: err2 -O execution - bytecode->native test
FAIL: err3 execution - source compiled test
FAIL: err3 execution - bytecode->native test
FAIL: err3 -O execution - source compiled test
FAIL: err3 -O execution - bytecode->native test
FAIL: err4 execution - source compiled test
FAIL: err4 execution - bytecode->native test
FAIL: err4 -O execution - source compiled test
FAIL: err4 -O execution - bytecode->native test
FAIL: err5 execution - source compiled test
FAIL: err5 execution - bytecode->native test
FAIL: err5 -O execution - source compiled test
FAIL: err5 -O execution - bytecode->native test
FAIL: err6 execution - source compiled test
FAIL: err6 execution - bytecode->native test
FAIL: err6 -O execution - source compiled test
FAIL: err6 -O execution - bytecode->native test
FAIL: err7 execution - source compiled test
FAIL: err7 execution - bytecode->native test
FAIL: err7 -O execution - source compiled test
FAIL: err7 -O execution - bytecode->native test
FAIL: err8 execution - source compiled test
FAIL: err8 execution - bytecode->native test
FAIL: err8 -O execution - source compiled test
FAIL: err8 -O execution - bytecode->native test
FAIL: err9 execution - source compiled test
FAIL: err9 execution - bytecode->native test
FAIL: err9 -O execution - source compiled test
FAIL: err9 -O execution - bytecode->native test
FAIL: final_inner execution - source compiled test
FAIL: final_inner execution - bytecode->native test
FAIL: final_inner -O execution - source compiled test
FAIL: final_inner -O execution - bytecode->native test
FAIL: final_int execution - source compiled test
FAIL: final_int execution - bytecode->native test
FAIL: final_int -O execution - source compiled test
FAIL: final_int -O execution - bytecode->native test
FAIL: final_static_and_friend execution - source compiled test
FAIL: final_static_and_friend execution - bytecode->native test
FAIL: final_static_and_friend -O execution - source compiled test
FAIL: final_static_and_friend -O execution - bytecode->native test
FAIL: indirect execution - source compiled test
FAIL: indirect execution - bytecode->native test
FAIL: indirect -O execution - source compiled test
FAIL: indirect -O execution - bytecode->native test
FAIL: indirect_read execution - source compiled test
FAIL: indirect_read execution - bytecode->native test
FAIL: indirect_read -O execution - source compiled test
FAIL: indirect_read -O execution - bytecode->native test
FAIL: indirect_write execution - source compiled test
FAIL: indirect_write execution - bytecode->native test
FAIL: indirect_write -O execution - source compiled test
FAIL: indirect_write -O execution - bytecode->native test
FAIL: initexc execution - source compiled test
FAIL: initexc execution - bytecode->native test
FAIL: initexc -O execution - source compiled test
FAIL: initexc -O execution - bytecode->native test
FAIL: initfield execution - source compiled test
FAIL: initfield execution - bytecode->native test
FAIL: initfield -O execution - source compiled test
FAIL: initfield -O execution - bytecode->native test
FAIL: inline execution - source compiled test
FAIL: inline execution - bytecode->native test
FAIL: inline -O execution - source compiled test
FAIL: inline -O execution - bytecode->native test
FAIL: inner1 execution - source compiled test
FAIL: inner1 execution - bytecode->native test
FAIL: inner1 -O execution - source compiled test
FAIL: inner1 -O execution - bytecode->native test
FAIL: inner2 execution - source compiled test
FAIL: inner2 execution - bytecode->native test
FAIL: inner2 -O execution - source compiled test
FAIL: inner2 -O execution - bytecode->native test
FAIL: inner3 execution - source compiled test
FAIL: inner3 execution - bytecode->native test
FAIL: inner3 -O execution - source compiled test
FAIL: inner3 -O execution - bytecode->native test
FAIL: inner4 execution - source compiled test
FAIL: inner4 execution - bytecode->native test
FAIL: inner4 -O execution - source compiled test
FAIL: inner4 -O execution - bytecode->native test
FAIL: inner_array execution - source compiled test
FAIL: inner_array execution - bytecode->native test
FAIL: inner_array -O execution - source compiled test
FAIL: inner_array -O execution - bytecode->native test
FAIL: inner_interface execution - source compiled test
FAIL: inner_interface execution - bytecode->native test
FAIL: inner_interface -O execution - source compiled test
FAIL: inner_interface -O execution - bytecode->native test
FAIL: instance execution - source compiled test
FAIL: instance execution - bytecode->native test
FAIL: instance -O execution - source compiled test
FAIL: instance -O execution - bytecode->native test
FAIL: instinit execution - source compiled test
FAIL: instinit execution - bytecode->native test
FAIL: instinit -O execution - source compiled test
FAIL: instinit -O execution - bytecode->native test
FAIL: instinit2 execution - source compiled test
FAIL: instinit2 execution - bytecode->native test
FAIL: instinit2 -O execution - source compiled test
FAIL: instinit2 -O execution - bytecode->native test
FAIL: invoke_from_inner execution - source compiled test
FAIL: invoke_from_inner execution - bytecode->native test
FAIL: invoke_from_inner -O execution - source compiled test
FAIL: invoke_from_inner -O execution - bytecode->native test
FAIL: invokethrow execution - source compiled test
FAIL: invokethrow execution - bytecode->native test
FAIL: invokethrow -O execution - source compiled test
FAIL: invokethrow -O execution - bytecode->native test
FAIL: klass execution - source compiled test
FAIL: klass execution - bytecode->native test
FAIL: klass -O execution - source compiled test
FAIL: klass -O execution - bytecode->native test
FAIL: multiple_finit execution - source compiled test
FAIL: multiple_finit execution - bytecode->native test
FAIL: multiple_finit -O execution - source compiled test
FAIL: multiple_finit -O execution - bytecode->native test
FAIL: negzero execution - source compiled test
FAIL: negzero execution - bytecode->native test
FAIL: negzero -O execution - source compiled test
FAIL: negzero -O execution - bytecode->native test
FAIL: nested_with_ctor execution - source compiled test
FAIL: nested_with_ctor execution - bytecode->native test
FAIL: nested_with_ctor -O execution - source compiled test
FAIL: nested_with_ctor -O execution - bytecode->native test
FAIL: override execution - source compiled test
FAIL: override execution - bytecode->native test
FAIL: override -O execution - source compiled test
FAIL: override -O execution - bytecode->native test
FAIL: pr109 execution - source compiled test
FAIL: pr109 execution - bytecode->native test
FAIL: pr109 -O execution - source compiled test
FAIL: pr109 -O execution - bytecode->native test
FAIL: pr133 execution - source compiled test
FAIL: pr133 execution - bytecode->native test
FAIL: pr133 -O execution - source compiled test
FAIL: pr133 -O execution - bytecode->native test
FAIL: pr179 execution - source compiled test
FAIL: pr179 execution - bytecode->native test
FAIL: pr179 -O execution - source compiled test
FAIL: pr179 -O execution - bytecode->native test
FAIL: pr184 execution - source compiled test
FAIL: pr184 execution - bytecode->native test
FAIL: pr184 -O execution - source compiled test
FAIL: pr184 -O execution - bytecode->native test
FAIL: pr6388 execution - source compiled test
FAIL: pr6388 execution - bytecode->native test
FAIL: pr6388 -O execution - source compiled test
FAIL: pr6388 -O execution - bytecode->native test
FAIL: pr83 execution - source compiled test
FAIL: pr83 execution - bytecode->native test
FAIL: pr83 -O execution - source compiled test
FAIL: pr83 -O execution - bytecode->native test
FAIL: pr8415 execution - source compiled test
FAIL: pr8415 execution - bytecode->native test
FAIL: pr8415 -O execution - source compiled test
FAIL: pr8415 -O execution - bytecode->native test
FAIL: pr8676 execution - source compiled test
FAIL: pr8676 execution - bytecode->native test
FAIL: pr8676 -O execution - source compiled test
FAIL: pr8676 -O execution - bytecode->native test
FAIL: pr8823 execution - source compiled test
FAIL: pr8823 -O execution - source compiled test
FAIL: pr8945 execution - source compiled test
FAIL: pr8945 execution - bytecode->native test
FAIL: pr8945 -O execution - source compiled test
FAIL: pr8945 -O execution - bytecode->native test
FAIL: private_direct_read execution - source compiled test
FAIL: private_direct_read execution - bytecode->native test
FAIL: private_direct_read -O execution - source compiled test
FAIL: private_direct_read -O execution - bytecode->native test
FAIL: search_outer execution - source compiled test
FAIL: search_outer execution - bytecode->native test
FAIL: search_outer -O execution - source compiled test
FAIL: search_outer -O execution - bytecode->native test
FAIL: stringconst execution - source compiled test
FAIL: stringconst execution - bytecode->native test
FAIL: stringconst -O execution - source compiled test
FAIL: stringconst -O execution - bytecode->native test
FAIL: stringconst2 execution - source compiled test
FAIL: stringconst2 execution - bytecode->native test
FAIL: stringconst2 -O execution - source compiled test
FAIL: stringconst2 -O execution - bytecode->native test
FAIL: stub execution - source compiled test
FAIL: stub execution - bytecode->native test
FAIL: stub -O execution - source compiled test
FAIL: stub -O execution - bytecode->native test
FAIL: test_long execution - source compiled test
FAIL: test_long execution - bytecode->native test
FAIL: test_long -O execution - source compiled test
FAIL: test_long -O execution - bytecode->native test
FAIL: tmi execution - source compiled test
FAIL: tmi execution - bytecode->native test
FAIL: tmi -O execution - source compiled test
FAIL: tmi -O execution - bytecode->native test
FAIL: tp execution - source compiled test
FAIL: tp execution - bytecode->native test
FAIL: tp -O execution - source compiled test
FAIL: tp -O execution - bytecode->native test
FAIL: update_outer execution - source compiled test
FAIL: update_outer execution - bytecode->native test
FAIL: update_outer -O execution - source compiled test
FAIL: update_outer -O execution - bytecode->native test
FAIL: utf8concat execution - source compiled test
FAIL: utf8concat execution - bytecode->native test
FAIL: utf8concat -O execution - source compiled test
FAIL: utf8concat -O execution - bytecode->native test
FAIL: utilTest execution - source compiled test
FAIL: utilTest execution - bytecode->native test
FAIL: utilTest -O execution - source compiled test
FAIL: utilTest -O execution - bytecode->native test
FAIL: /export/build/gnu/gcc/build-ia64-linux/ia64-unknown-linux-gnu/libjava/testsuite/TestEarlyGC.exe execution - /export/build/gnu/gcc/build-ia64-linux/ia64-unknown-linux-gnu/libjava/testsuite/TestEarlyGC.exe
FAIL: /export/build/gnu/gcc/build-ia64-linux/ia64-unknown-linux-gnu/libjava/testsuite/TestLeak.exe execution - /export/build/gnu/gcc/build-ia64-linux/ia64-unknown-linux-gnu/libjava/testsuite/TestLeak.exe
FAIL: /export/build/gnu/gcc/build-ia64-linux/ia64-unknown-linux-gnu/libjava/testsuite/TestMultiple.exe execution - /export/build/gnu/gcc/build-ia64-linux/ia64-unknown-linux-gnu/libjava/testsuite/TestMultiple.exe
FAIL: /export/build/gnu/gcc/build-ia64-linux/ia64-unknown-linux-gnu/libjava/testsuite/TestParent.exe execution - /export/build/gnu/gcc/build-ia64-linux/ia64-unknown-linux-gnu/libjava/testsuite/TestParent.exe

		=== libjava Summary ===

# of expected passes		1880
# of unexpected failures	556
# of expected failures		10
# of untested testcases		568
		=== libstdc++-v3 tests ===


Running target unix
FAIL: 22_locale/codecvt/encoding/wchar_t/wrapped_locale.cc execution test
FAIL: 22_locale/codecvt/max_length/wchar_t/wrapped_locale.cc execution test
FAIL: 22_locale/collate/transform/char/2.cc execution test
FAIL: 22_locale/collate/transform/char/3.cc execution test
FAIL: 22_locale/collate/transform/char/wrapped_env.cc execution test
FAIL: 22_locale/collate/transform/char/wrapped_locale.cc execution test
FAIL: 22_locale/collate/transform/wchar_t/2.cc execution test
FAIL: 22_locale/collate/transform/wchar_t/3.cc execution test
FAIL: 22_locale/collate/transform/wchar_t/wrapped_env.cc execution test
FAIL: 22_locale/collate/transform/wchar_t/wrapped_locale.cc execution test
FAIL: 22_locale/collate_byname/1.cc execution test
FAIL: 22_locale/ctype/widen/wchar_t/2.cc execution test
FAIL: 25_algorithms/min_max.cc (test for excess errors)
XPASS: 26_numerics/c99_classification_macros_c.cc (test for excess errors)

		=== libstdc++-v3 Summary ===

# of expected passes		1749
# of unexpected failures	13
# of unexpected successes	1
# of expected failures		1

Compiler version: 3.4 20030425 (experimental) 
Platform: ia64-unknown-linux-gnu
configure flags: --enable-clocale=gnu --with-system-zlib --enable-shared --enable-threads=posix --enable-haifa --disable-checking --prefix=/usr/gcc-3.4 --with-local-prefix=/usr/local


Index Nav: [Date Index] [Subject Index] [Author Index] [Thread Index]
Message Nav: [Date Prev] [Date Next] [Thread Prev] [Thread Next]