This is the mail archive of the gcc-testresults@gcc.gnu.org mailing list for the GCC project.


Index Nav: [Date Index] [Subject Index] [Author Index] [Thread Index]
Message Nav: [Date Prev] [Date Next] [Thread Prev] [Thread Next]
Other format: [Raw text]

Results for 3.2.3 testsuite on mips-sgi-irix6.5


Native configuration is mips-sgi-irix6.5

		=== g++ tests ===


Running target unix

		=== g++ Summary for unix ===

# of expected passes		7173
# of expected failures		97
# of untested testcases		23
# of unsupported tests		6

Running target unix/-mabi=64

		=== g++ Summary for unix/-mabi=64 ===

# of expected passes		7173
# of expected failures		97
# of untested testcases		23
# of unsupported tests		6

		=== g++ Summary ===

# of expected passes		14346
# of expected failures		194
# of untested testcases		46
# of unsupported tests		12
/d5/billingd/obj/gcc-3.2/gcc/testsuite/../g++ version 3.2.3

		=== g77 tests ===


Running target unix

		=== g77 Summary for unix ===

# of expected passes		1458
# of unsupported tests		8

Running target unix/-mabi=64

		=== g77 Summary for unix/-mabi=64 ===

# of expected passes		1458
# of unsupported tests		8

		=== g77 Summary ===

# of expected passes		2916
# of unsupported tests		16
/d5/billingd/obj/gcc-3.2/gcc/testsuite/../g77 version 3.2.3

		=== gcc tests ===


Running target unix
WARNING: program timed out.
FAIL: gcc.c-torture/compile/20001226-1.c,  -O3 -fomit-frame-pointer  
WARNING: program timed out.
FAIL: gcc.c-torture/compile/20001226-1.c,  -O3 -g  
WARNING: program timed out.
FAIL: gcc.c-torture/compile/20001226-1.c,  -Os  
FAIL: gcc.c-torture/execute/920730-1t.c compilation,  -O0 
UNRESOLVED: gcc.c-torture/execute/920730-1t.c execution,  -O0 
FAIL: gcc.c-torture/execute/920730-1t.c compilation,  -O1 
UNRESOLVED: gcc.c-torture/execute/920730-1t.c execution,  -O1 
FAIL: gcc.c-torture/execute/920730-1t.c compilation,  -O2 
UNRESOLVED: gcc.c-torture/execute/920730-1t.c execution,  -O2 
FAIL: gcc.c-torture/execute/920730-1t.c compilation,  -O3 -fomit-frame-pointer 
UNRESOLVED: gcc.c-torture/execute/920730-1t.c execution,  -O3 -fomit-frame-pointer 
FAIL: gcc.c-torture/execute/920730-1t.c compilation,  -O3 -g 
UNRESOLVED: gcc.c-torture/execute/920730-1t.c execution,  -O3 -g 
FAIL: gcc.c-torture/execute/920730-1t.c compilation,  -Os 
UNRESOLVED: gcc.c-torture/execute/920730-1t.c execution,  -Os 
WARNING: gcc.dg/20021014-1.c compilation failed to produce executable

		=== gcc Summary for unix ===

# of expected passes		18181
# of unexpected failures	9
# of expected failures		109
# of unresolved testcases	6
# of unsupported tests		136

Running target unix/-mabi=64
WARNING: program timed out.
FAIL: gcc.c-torture/compile/20001226-1.c,  -O3 -fomit-frame-pointer  
WARNING: program timed out.
FAIL: gcc.c-torture/compile/20001226-1.c,  -O3 -g  
WARNING: program timed out.
FAIL: gcc.c-torture/compile/20001226-1.c,  -Os  
FAIL: gcc.c-torture/execute/920730-1t.c compilation,  -O0 
UNRESOLVED: gcc.c-torture/execute/920730-1t.c execution,  -O0 
FAIL: gcc.c-torture/execute/920730-1t.c compilation,  -O1 
UNRESOLVED: gcc.c-torture/execute/920730-1t.c execution,  -O1 
FAIL: gcc.c-torture/execute/920730-1t.c compilation,  -O2 
UNRESOLVED: gcc.c-torture/execute/920730-1t.c execution,  -O2 
FAIL: gcc.c-torture/execute/920730-1t.c compilation,  -O3 -fomit-frame-pointer 
UNRESOLVED: gcc.c-torture/execute/920730-1t.c execution,  -O3 -fomit-frame-pointer 
FAIL: gcc.c-torture/execute/920730-1t.c compilation,  -O3 -g 
UNRESOLVED: gcc.c-torture/execute/920730-1t.c execution,  -O3 -g 
FAIL: gcc.c-torture/execute/920730-1t.c compilation,  -Os 
UNRESOLVED: gcc.c-torture/execute/920730-1t.c execution,  -Os 
WARNING: gcc.dg/20021014-1.c compilation failed to produce executable
XPASS: gcc.dg/c99-intconst-1.c (test for excess errors)

		=== gcc Summary for unix/-mabi=64 ===

# of expected passes		18181
# of unexpected failures	9
# of unexpected successes	1
# of expected failures		108
# of unresolved testcases	6
# of unsupported tests		136

		=== gcc Summary ===

# of expected passes		36362
# of unexpected failures	18
# of unexpected successes	1
# of expected failures		217
# of unresolved testcases	12
# of unsupported tests		272
/d5/billingd/obj/gcc-3.2/gcc/xgcc version 3.2.3

		=== objc tests ===


Running target unix

		=== objc Summary for unix ===

# of expected passes		1035
# of expected failures		6

Running target unix/-mabi=64

		=== objc Summary for unix/-mabi=64 ===

# of expected passes		1035
# of expected failures		6

		=== objc Summary ===

# of expected passes		2070
# of expected failures		12
/d5/billingd/obj/gcc-3.2/gcc/xgcc version 3.2.3

		=== libjava tests ===


Running target unix
FAIL: TLtest compilation from bytecode
FAIL: TLtest -O compilation from bytecode
FAIL: Throw_2 execution from source compiled test
FAIL: Throw_2 execution from bytecode->native test
FAIL: Throw_2 -O execution from source compiled test
FAIL: Throw_2 -O execution from bytecode->native test
FAIL: FileHandleGcTest execution from source compiled test
FAIL: FileHandleGcTest execution from bytecode->native test
FAIL: FileHandleGcTest -O execution from source compiled test
FAIL: FileHandleGcTest -O execution from bytecode->native test
FAIL: invokethrow execution from source compiled test
FAIL: invokethrow execution from bytecode->native test
FAIL: invokethrow -O execution from source compiled test
FAIL: invokethrow -O execution from bytecode->native test

		=== libjava Summary for unix ===

# of expected passes		1955
# of unexpected failures	14
# of expected failures		18
# of untested testcases		106

Running target unix/-mabi=64
FAIL: calls output
FAIL: martin output
FAIL: throwit output
FAIL: TLtest compilation from bytecode
FAIL: TLtest -O compilation from bytecode
FAIL: InvokeReturn output from source compiled test
FAIL: InvokeReturn output from bytecode->native test
FAIL: InvokeReturn -O output from source compiled test
FAIL: InvokeReturn -O output from bytecode->native test
FAIL: Throw_2 execution from source compiled test
FAIL: Throw_2 execution from bytecode->native test
FAIL: Throw_2 -O execution from source compiled test
FAIL: Throw_2 -O execution from bytecode->native test
FAIL: FileHandleGcTest execution from source compiled test
FAIL: FileHandleGcTest execution from bytecode->native test
FAIL: FileHandleGcTest -O execution from source compiled test
FAIL: FileHandleGcTest -O execution from bytecode->native test
FAIL: invokethrow output from source compiled test
FAIL: invokethrow output from bytecode->native test
FAIL: invokethrow -O output from source compiled test
FAIL: invokethrow -O output from bytecode->native test

		=== libjava Summary for unix/-mabi=64 ===

# of expected passes		1952
# of unexpected failures	21
# of expected failures		18
# of untested testcases		102

		=== libjava Summary ===

# of expected passes		3907
# of unexpected failures	35
# of expected failures		36
# of untested testcases		208
		=== libstdc++-v3 tests ===


Running target unix
XPASS: 22_locale/ctype_is_wchar_t.cc execution test
FAIL: 27_io/ostream_inserter_arith.cc execution test

		=== libstdc++-v3 Summary for unix ===

# of expected passes		420
# of unexpected failures	1
# of unexpected successes	1
# of expected failures		25
# of unsupported tests		6

Running target unix/-mabi=64
XPASS: 22_locale/ctype_is_wchar_t.cc execution test
FAIL: 27_io/ostream_inserter_arith.cc execution test

		=== libstdc++-v3 Summary for unix/-mabi=64 ===

# of expected passes		420
# of unexpected failures	1
# of unexpected successes	1
# of expected failures		25
# of unsupported tests		6

		=== libstdc++-v3 Summary ===

# of expected passes		840
# of unexpected failures	2
# of unexpected successes	2
# of expected failures		50
# of unsupported tests		12

Compiler version: 3.2.3 
Platform: mips-sgi-irix6.5
configure flags: --host=mips-sgi-irix6.5 --enable-shared --enable-haifa --enable-libgcj --enable-threads=single --disable-nls --prefix=/d5/billingd/tmp/gcc-3.2
Counting all warnings,
there are 58 warnings in stage3 of this bootstrap.

Number of warnings per file:
  18 gcc/combine.c
  11 gcc/config/mips/mips.md
   6 gcc/loop.c
   6 gcc/gcc.c
   4 gcc/reload.c
   3 gcc/regclass.c
   2 gcc/fold-const.c
   1 gcc/sched-deps.c
   1 gcc/objc/lang-specs.h
   1 gcc/java/jvspec.c
   1 gcc/expr.c
   1 gcc/cp/lang-specs.h
   1 gcc/cp/init.c
   1 gcc/cp/class.c
   1 gcc/calls.c

Number of warning types:
  30 comparison between signed and unsigned
   9 string length \`???' is greater than the length \`???' ISO C89 compilers are required to support
   6 operand 1 missing mode?
   5 operand 0 missing mode?
   3 unused variable \`???'
   2 signed and unsigned type in conditional expression
   1 unused parameter \`???'
   1 pointer targets in passing arg ??? of \`???' differ in signedness
   1 function declaration isn't a prototype


Index Nav: [Date Index] [Subject Index] [Author Index] [Thread Index]
Message Nav: [Date Prev] [Date Next] [Thread Prev] [Thread Next]