This is the mail archive of the gcc-testresults@gcc.gnu.org mailing list for the GCC project.


Index Nav: [Date Index] [Subject Index] [Author Index] [Thread Index]
Message Nav: [Date Prev] [Date Next] [Thread Prev] [Thread Next]
Other format: [Raw text]

Results for 3.2.3 testsuite on i686-pc-cygwin


-- Native configuration is i686-pc-cygwin

                === g++ tests ===


Running target unix
FAIL: g++.dg/abi/rtti1.C scan-assembler-dem-not \\ntypeinfo for A[: \\t\\n]
FAIL: g++.dg/ext/instantiate3.C scan-assembler-not
FAIL: g++.dg/special/initp1.C execution test
FAIL: g++.eh/badalloc1.C  Execution test
XPASS: g++.ext/attrib5.C  Execution test
XPASS: g++.jason/template18.C (test for excess errors)
XPASS: g++.jason/template18.C  Execution test

                === g++ Summary ===

# of expected passes            7364
# of unexpected failures        4
# of unexpected successes       3
# of expected failures          88
# of untested testcases         15
# of unsupported tests          3
/cygdrive/c/gnu/gcc-3.2.3/w2k/gcc/testsuite/../g++ version 3.2.3

                === g77 tests ===


Running target unix

                === g77 Summary ===

# of expected passes            1474
/cygdrive/c/gnu/gcc-3.2.3/w2k/gcc/testsuite/../g77 version 3.2.3

                === gcc tests ===


Running target unix
XPASS: gcc.c-torture/execute/loop-2e.c execution,  -Os
FAIL: gcc.dg/20021014-1.c (test for excess errors)
WARNING: gcc.dg/20021014-1.c compilation failed to produce executable
FAIL: gcc.dg/typeof-2.c (test for excess errors)
FAIL: gcc.dg/weak-9.c (test for excess errors)

                === gcc Summary ===

# of expected passes            18958
# of unexpected failures        3
# of unexpected successes       1
# of expected failures          74
# of unsupported tests          55
/cygdrive/c/gnu/gcc-3.2.3/w2k/gcc/xgcc version 3.2.3

                === objc tests ===


Running target unix

                === objc Summary ===

# of expected passes            1035
# of expected failures          6
/cygdrive/c/gnu/gcc-3.2.3/w2k/gcc/xgcc version 3.2.3

                === libstdc++-v3 tests ===


Running target unix
XPASS: 22_locale/collate_members_wchar_t.cc execution test
XPASS: 22_locale/ctype_is_wchar_t.cc execution test
XPASS: 22_locale/money_get_members_wchar_t.cc execution test
XPASS: 22_locale/money_put_members_wchar_t.cc execution test
XPASS: 22_locale/moneypunct_members_wchar_t.cc execution test
XPASS: 22_locale/num_get_members_wchar_t.cc execution test
XPASS: 22_locale/num_put_members_wchar_t.cc execution test
XPASS: 22_locale/numpunct_members_wchar_t.cc execution test
XPASS: 22_locale/time_get_members_wchar_t.cc execution test
XPASS: 22_locale/time_put_members_wchar_t.cc execution test
FAIL: 26_numerics/c99_classification_macros_c.cc (test for excess errors)
FAIL: 27_io/filebuf_members.cc execution test
FAIL: 27_io/istream_extractor_arith/12.cc execution test

                === libstdc++-v3 Summary ===

# of expected passes            430
# of unexpected failures        3
# of unexpected successes       10
# of expected failures          16

Compiler version: 3.2.3
Platform: i686-pc-cygwin
configure flags: --host=i686-pc-cygwin --enable-threads=posix 
--disable-shared --enable-sjlj-exceptions
BOOT_CFLAGS=-O2 -march=pentium3 -mfpmath=sse

Tim Prince


Index Nav: [Date Index] [Subject Index] [Author Index] [Thread Index]
Message Nav: [Date Prev] [Date Next] [Thread Prev] [Thread Next]