This is the mail archive of the
gcc-testresults@gcc.gnu.org
mailing list for the GCC project.
Results for 3.2.3 testsuite on i686-pc-cygwin
- From: Christian Joensson <c dot christian dot joensson at telia dot com>
- To: gcc-testresults at gcc dot gnu dot org
- Date: Fri, 25 Apr 2003 23:27:46 +0200
- Subject: Results for 3.2.3 testsuite on i686-pc-cygwin
Windows XP/Pro SP1 cygwin P4 system with these packages:
binutils 2.13.90 20030308
bison 1.875-1
cygwin 1.3.22-1
dejagnu 1.4.2.x (cygwin ver. 20021217-2)
gcc 3.2 20020927 (prerelease)
w32api 2.3-1
LAST_UPDATED:
Native configuration is i686-pc-cygwin
=== g++ tests ===
Running target unix
FAIL: g++.dg/abi/rtti1.C scan-assembler-dem-not \\ntypeinfo for A[: \\t\\n]
FAIL: g++.dg/ext/instantiate3.C scan-assembler-not
FAIL: g++.dg/special/initp1.C execution test
FAIL: g++.eh/badalloc1.C Execution test
XPASS: g++.ext/attrib5.C Execution test
XPASS: g++.jason/template18.C (test for excess errors)
XPASS: g++.jason/template18.C Execution test
FAIL: g++.law/profile1.C (test for excess errors)
=== g++ Summary ===
# of expected passes 7362
# of unexpected failures 5
# of unexpected successes 3
# of expected failures 89
# of untested testcases 15
# of unsupported tests 3
/usr/local/src/gcc-binutils/branch/objdir/gcc/testsuite/../g++ version 3.2.3
=== g77 tests ===
Running target unix
=== g77 Summary ===
# of expected passes 1474
/usr/local/src/gcc-binutils/branch/objdir/gcc/testsuite/../g77 version 3.2.3
=== gcc tests ===
Running target unix
XPASS: gcc.c-torture/execute/loop-2e.c execution, -Os
FAIL: gcc.dg/20021014-1.c (test for excess errors)
WARNING: gcc.dg/20021014-1.c compilation failed to produce executable
FAIL: gcc.dg/typeof-2.c (test for excess errors)
FAIL: gcc.dg/weak-9.c (test for excess errors)
=== gcc Summary ===
# of expected passes 18958
# of unexpected failures 3
# of unexpected successes 1
# of expected failures 74
# of unsupported tests 55
/usr/local/src/gcc-binutils/branch/objdir/gcc/xgcc version 3.2.3
=== objc tests ===
Running target unix
=== objc Summary ===
# of expected passes 1035
# of expected failures 6
/usr/local/src/gcc-binutils/branch/objdir/gcc/xgcc version 3.2.3
=== libstdc++-v3 tests ===
Running target unix
XPASS: 22_locale/collate_members_wchar_t.cc execution test
XPASS: 22_locale/ctype_is_wchar_t.cc execution test
XPASS: 22_locale/money_get_members_wchar_t.cc execution test
XPASS: 22_locale/money_put_members_wchar_t.cc execution test
XPASS: 22_locale/moneypunct_members_wchar_t.cc execution test
XPASS: 22_locale/num_get_members_wchar_t.cc execution test
XPASS: 22_locale/num_put_members_wchar_t.cc execution test
XPASS: 22_locale/numpunct_members_wchar_t.cc execution test
XPASS: 22_locale/time_get_members_wchar_t.cc execution test
XPASS: 22_locale/time_put_members_wchar_t.cc execution test
FAIL: 26_numerics/c99_classification_macros_c.cc (test for excess errors)
FAIL: 27_io/filebuf_members.cc execution test
FAIL: 27_io/istream_extractor_arith/12.cc execution test
=== libstdc++-v3 Summary ===
# of expected passes 430
# of unexpected failures 3
# of unexpected successes 10
# of expected failures 16
Compiler version: 3.2.3
Platform: i686-pc-cygwin
configure flags: --host=i686-pc-cygwin --prefix=/usr/local/gcc-binutils --enable-shared --enable-threads=posix
Counting all warnings,
there are 292 warnings in stage0 of this bootstrap.
Number of warnings per file:
96 libiberty/md5.c
74 libiberty/regex.c
59 cc1plus
27 include/i686-pc-cygwin/bits/gthr-default.h
6 include/i686-pc-cygwin/bits/c++locale.h
6 fastjar/jartool.c
6 cc1
4 libiberty/getopt.c
3 gcc/unwind-pe.h
2 libtool
2 libiberty/strsignal.c
2 include/xregex2.h
1 libsupc++/eh_terminate.cc
1 libf2c/libI77/open.c
1 include/i686-pc-cygwin/bits/messages_members.h
1 cxa_demangle.c
1 config.h
Number of warning types:
64 traditional C rejects string concatenation
61 -ffunction-sections may affect debugging on some targets
32 function-like macro \`FI' must be used with arguments in traditional C
32 function-like macro \`FH' must be used with arguments in traditional C
32 function-like macro \`FG' must be used with arguments in traditional C
27 ignoring
8 signed and unsigned type in conditional expression
7 unused
6 unused parameter \`???'
4 pointer targets in passing arg ??? of \`???' differ in signedness
2 undefined symbols not allowed in i686-pc-cygwin shared libraries
2 string length \`???' is greater than the length \`???' ISO C89 compilers are required to support
2 ignoring command line option '-fno-implicit-templates'
2 control
2 comparison between signed and unsigned
2 ISO C89 does not support \`static' or type qualifiers in parameter array declarators
2 (it is valid for C++ but not the selected language)
1 this is the location of the previous definition
1 \`noreturn'
1 \`_XOPEN_SOURCE' redefined
1 \`???' defined but not used
1 \`
Counting all warnings,
there are 63 warnings in stage3 of this bootstrap.
Number of warnings per file:
23 gcc/combine.c
10 gcc/regclass.c
10 gcc/gcc.c
3 gcc/cp/lang-specs.h
2 gcc/fold-const.c
2 gcc/emit-rtl.c
1 gcc/varasm.c
1 gcc/unwind-pe.h
1 gcc/sdbout.c
1 gcc/sched-deps.c
1 gcc/reload.c
1 gcc/objc/lang-specs.h
1 gcc/java/jvspec.c
1 gcc/function.c
1 gcc/expr.c
1 gcc/cp/init.c
1 gcc/cp/class.c
1 gcc/config/i386/i386.c
1 gcc/calls.c
Number of warning types:
36 comparison between signed and unsigned
9 string length \`???' is greater than the length \`???' ISO C89 compilers are required to support
4 unused variable \`???'
4 traditional C rejects string concatenation
3 signed and unsigned type in conditional expression
2 assignment of read-only location
1 unused parameter \`???'
1 pointer targets in passing arg ??? of \`???' differ in signedness
1 function declaration isn't a prototype
1 assignment discards qualifiers from pointer target type
1 \`???' defined but not used