This is the mail archive of the gcc-testresults@gcc.gnu.org mailing list for the GCC project.


Index Nav: [Date Index] [Subject Index] [Author Index] [Thread Index]
Message Nav: [Date Prev] [Date Next] [Thread Prev] [Thread Next]
Other format: [Raw text]

Results for 3.2.3 testsuite on mips-sgi-irix6.5


LAST_UPDATED: 
Native configuration is mips-sgi-irix6.5

		=== g++ tests ===


Running target unix/-mabi=64

		=== g++ Summary for unix/-mabi=64 ===

# of expected passes		7173
# of expected failures		97
# of untested testcases		23
# of unsupported tests		6

Running target unix/-mips4

		=== g++ Summary for unix/-mips4 ===

# of expected passes		7173
# of expected failures		97
# of untested testcases		23
# of unsupported tests		6

Running target unix

		=== g++ Summary for unix ===

# of expected passes		7173
# of expected failures		97
# of untested testcases		23
# of unsupported tests		6

		=== g++ Summary ===

# of expected passes		21519
# of expected failures		291
# of untested testcases		69
# of unsupported tests		18
/caip/u58/ghazi/gcc-testing/323/build/gcc/testsuite/../g++ version 3.2.3

		=== g77 tests ===


Running target unix/-mabi=64
FAIL: g77.f-torture/execute/970625-2.f execution,  -O0 
FAIL: g77.f-torture/execute/970625-2.f execution,  -O1 
FAIL: g77.f-torture/execute/970625-2.f execution,  -O2 
FAIL: g77.f-torture/execute/970625-2.f execution,  -O3 -fomit-frame-pointer 
FAIL: g77.f-torture/execute/970625-2.f execution,  -O3 -fomit-frame-pointer -funroll-loops 
FAIL: g77.f-torture/execute/970625-2.f execution,  -O3 -fomit-frame-pointer -funroll-all-loops -finline-functions 
FAIL: g77.f-torture/execute/970625-2.f execution,  -O3 -g 
FAIL: g77.f-torture/execute/970625-2.f execution,  -Os 
FAIL: g77.f-torture/execute/auto0.f execution,  -O0 
FAIL: g77.f-torture/execute/auto0.f execution,  -O1 
FAIL: g77.f-torture/execute/auto0.f execution,  -Os 
FAIL: g77.f-torture/execute/auto1.f execution,  -O0 
FAIL: g77.f-torture/execute/auto1.f execution,  -O1 
FAIL: g77.f-torture/execute/auto1.f execution,  -Os 

		=== g77 Summary for unix/-mabi=64 ===

# of expected passes		1444
# of unexpected failures	14
# of unsupported tests		8

Running target unix/-mips4

		=== g77 Summary for unix/-mips4 ===

# of expected passes		1458
# of unsupported tests		8

Running target unix

		=== g77 Summary for unix ===

# of expected passes		1458
# of unsupported tests		8

		=== g77 Summary ===

# of expected passes		4360
# of unexpected failures	14
# of unsupported tests		24
/caip/u58/ghazi/gcc-testing/323/build/gcc/testsuite/../g77 version 3.2.3

		=== gcc tests ===


Running target unix/-mabi=64
WARNING: gcc.dg/20021014-1.c compilation failed to produce executable
XPASS: gcc.dg/c99-intconst-1.c (test for excess errors)

		=== gcc Summary for unix/-mabi=64 ===

# of expected passes		18196
# of unexpected successes	1
# of expected failures		108
# of unsupported tests		136

Running target unix/-mips4
WARNING: gcc.dg/20021014-1.c compilation failed to produce executable

		=== gcc Summary for unix/-mips4 ===

# of expected passes		18196
# of expected failures		109
# of unsupported tests		136

Running target unix
WARNING: gcc.dg/20021014-1.c compilation failed to produce executable

		=== gcc Summary for unix ===

# of expected passes		18196
# of expected failures		109
# of unsupported tests		136

		=== gcc Summary ===

# of expected passes		54588
# of unexpected successes	1
# of expected failures		326
# of unsupported tests		408
/caip/u58/ghazi/gcc-testing/323/build/gcc/xgcc version 3.2.3

		=== objc tests ===


Running target unix/-mabi=64

		=== objc Summary for unix/-mabi=64 ===

# of expected passes		1035
# of expected failures		6

Running target unix/-mips4

		=== objc Summary for unix/-mips4 ===

# of expected passes		1035
# of expected failures		6

Running target unix

		=== objc Summary for unix ===

# of expected passes		1035
# of expected failures		6

		=== objc Summary ===

# of expected passes		3105
# of expected failures		18
/caip/u58/ghazi/gcc-testing/323/build/gcc/xgcc version 3.2.3

		=== libstdc++-v3 tests ===


Running target unix/-mabi=64
XPASS: 22_locale/collate_members_wchar_t.cc execution test
XPASS: 22_locale/ctype_is_wchar_t.cc execution test
XPASS: 22_locale/money_get_members_wchar_t.cc execution test
XPASS: 22_locale/money_put_members_wchar_t.cc execution test
XPASS: 22_locale/moneypunct_members_wchar_t.cc execution test
XPASS: 22_locale/num_get_members_wchar_t.cc execution test
XPASS: 22_locale/num_put_members_wchar_t.cc execution test
XPASS: 22_locale/numpunct_members_wchar_t.cc execution test
XPASS: 22_locale/time_get_members_wchar_t.cc execution test
XPASS: 22_locale/time_put_members_wchar_t.cc execution test
FAIL: 27_io/ostream_inserter_arith.cc execution test

		=== libstdc++-v3 Summary for unix/-mabi=64 ===

# of expected passes		420
# of unexpected failures	1
# of unexpected successes	10
# of expected failures		16
# of unsupported tests		6

Running target unix/-mips4
XPASS: 22_locale/collate_members_wchar_t.cc execution test
XPASS: 22_locale/ctype_is_wchar_t.cc execution test
XPASS: 22_locale/money_get_members_wchar_t.cc execution test
XPASS: 22_locale/money_put_members_wchar_t.cc execution test
XPASS: 22_locale/moneypunct_members_wchar_t.cc execution test
XPASS: 22_locale/num_get_members_wchar_t.cc execution test
XPASS: 22_locale/num_put_members_wchar_t.cc execution test
XPASS: 22_locale/numpunct_members_wchar_t.cc execution test
XPASS: 22_locale/time_get_members_wchar_t.cc execution test
XPASS: 22_locale/time_put_members_wchar_t.cc execution test
FAIL: 27_io/ostream_inserter_arith.cc execution test

		=== libstdc++-v3 Summary for unix/-mips4 ===

# of expected passes		420
# of unexpected failures	1
# of unexpected successes	10
# of expected failures		16
# of unsupported tests		6

Running target unix
XPASS: 22_locale/collate_members_wchar_t.cc execution test
XPASS: 22_locale/ctype_is_wchar_t.cc execution test
XPASS: 22_locale/money_get_members_wchar_t.cc execution test
XPASS: 22_locale/money_put_members_wchar_t.cc execution test
XPASS: 22_locale/moneypunct_members_wchar_t.cc execution test
XPASS: 22_locale/num_get_members_wchar_t.cc execution test
XPASS: 22_locale/num_put_members_wchar_t.cc execution test
XPASS: 22_locale/numpunct_members_wchar_t.cc execution test
XPASS: 22_locale/time_get_members_wchar_t.cc execution test
XPASS: 22_locale/time_put_members_wchar_t.cc execution test
FAIL: 27_io/ostream_inserter_arith.cc execution test

		=== libstdc++-v3 Summary for unix ===

# of expected passes		420
# of unexpected failures	1
# of unexpected successes	10
# of expected failures		16
# of unsupported tests		6

		=== libstdc++-v3 Summary ===

# of expected passes		1260
# of unexpected failures	3
# of unexpected successes	30
# of expected failures		48
# of unsupported tests		18

Compiler version: 3.2.3 
Platform: mips-sgi-irix6.5
configure flags: --host=mips-sgi-irix6.5 --verbose --enable-languages=c,objc,c++,f77,java


Index Nav: [Date Index] [Subject Index] [Author Index] [Thread Index]
Message Nav: [Date Prev] [Date Next] [Thread Prev] [Thread Next]