This is the mail archive of the gcc-testresults@gcc.gnu.org mailing list for the GCC project.


Index Nav: [Date Index] [Subject Index] [Author Index] [Thread Index]
Message Nav: [Date Prev] [Date Next] [Thread Prev] [Thread Next]
Other format: [Raw text]

Results for 3.2.3 testsuite on sparc-sun-solaris2.8


System: 8-way 336 MHz SUNW,UltraSPARC-II
GNU as and GNU ld used (2.13.1)
gcc 2.95.2 used for bootstrapping


LAST_UPDATED: 
Native configuration is sparc-sun-solaris2.8

		=== g++ tests ===


Running target unix
XPASS: g++.dg/special/conpr-2.C execution test
XPASS: g++.dg/special/initp1.C execution test

		=== g++ Summary ===

# of expected passes		7353
# of unexpected successes	2
# of expected failures		89
# of untested testcases		21
# of unsupported tests		4
/var/tmp/jbuck/3.2.3/gcc/testsuite/../g++ version 3.2.3

		=== g77 tests ===


Running target unix

		=== g77 Summary ===

# of expected passes		1458
# of unsupported tests		8
/var/tmp/jbuck/3.2.3/gcc/testsuite/../g77 version 3.2.3

		=== gcc tests ===


Running target unix
WARNING: gcc.dg/20021014-1.c compilation failed to produce executable

		=== gcc Summary ===

# of expected passes		18603
# of expected failures		66
# of unsupported tests		119
/var/tmp/jbuck/3.2.3/gcc/xgcc version 3.2.3

		=== objc tests ===


Running target unix

		=== objc Summary ===

# of expected passes		1035
# of expected failures		6
/var/tmp/jbuck/3.2.3/gcc/xgcc version 3.2.3

		=== libjava tests ===


Running target unix
FAIL: FileHandleGcTest execution from source compiled test
FAIL: FileHandleGcTest execution from bytecode->native test
FAIL: FileHandleGcTest -O execution from source compiled test
FAIL: FileHandleGcTest -O execution from bytecode->native test
FAIL: Throw_2 execution from source compiled test
FAIL: Throw_2 execution from bytecode->native test
FAIL: Throw_2 -O execution from source compiled test
FAIL: Throw_2 -O execution from bytecode->native test

		=== libjava Summary ===

# of expected passes		2045
# of unexpected failures	8
# of expected failures		18
# of untested testcases		22
		=== libstdc++-v3 tests ===


Running target unix
XPASS: 22_locale/collate_members_wchar_t.cc execution test
XPASS: 22_locale/ctype_is_wchar_t.cc execution test
XPASS: 22_locale/money_get_members_wchar_t.cc execution test
XPASS: 22_locale/money_put_members_wchar_t.cc execution test
XPASS: 22_locale/moneypunct_members_wchar_t.cc execution test
XPASS: 22_locale/num_get_members_wchar_t.cc execution test
XPASS: 22_locale/num_put_members_wchar_t.cc execution test
XPASS: 22_locale/numpunct_members_wchar_t.cc execution test
XPASS: 22_locale/time_get_members_wchar_t.cc execution test
XPASS: 22_locale/time_put_members_wchar_t.cc execution test

		=== libstdc++-v3 Summary ===

# of expected passes		432
# of unexpected successes	10
# of expected failures		17

Compiler version: 3.2.3 
Platform: sparc-sun-solaris2.8
configure flags: --host=sparc-sun-solaris2.8 --prefix=/remote/dtg103/jbuck/gcc-3.2.3.sol2 --with-gnu-as --with-gnu-ld --with-as=/u/jbuck/gnu.sol2/bin/as --with-ld=/u/jbuck/gnu.sol2/bin/ld


Index Nav: [Date Index] [Subject Index] [Author Index] [Thread Index]
Message Nav: [Date Prev] [Date Next] [Thread Prev] [Thread Next]